{"id":4230,"date":"2023-12-14T12:50:31","date_gmt":"2023-12-14T11:50:31","guid":{"rendered":"https:\/\/agora.xtec.cat\/escolacampclar\/?page_id=4230"},"modified":"2024-04-25T13:40:39","modified_gmt":"2024-04-25T11:40:39","slug":"pla-dacollida-digital","status":"publish","type":"page","link":"https:\/\/agora.xtec.cat\/escolacampclar\/pla-dacollida-digital\/","title":{"rendered":"PLA D&#8217;ACOLLIDA DIGITAL"},"content":{"rendered":"<ul>\n<li>El <a href=\"https:\/\/agora.xtec.cat\/escolacampclar\/pla-dacollida-digital-docent\/\" target=\"_blank\" rel=\"noopener\">Pla d&#8217;Acollida Digital Docent<\/a> \u00e9s un document de car\u00e0cter intern i nom\u00e9s disponible per al nostre claustre.<\/li>\n<li><a href=\"https:\/\/agora.xtec.cat\/escolacampclar\/wp-content\/uploads\/usu687\/2024\/03\/PLA-DACOLLIDA-DE-LES-FAMILIES-CC.pdf\" target=\"_blank\" rel=\"noopener\">PLA D\u2019ACOLLIDA DIGITAL FAM\u00cdLIES<\/a><\/li>\n<li><a href=\"https:\/\/agora.xtec.cat\/escolacampclar\/wp-content\/uploads\/usu687\/2024\/03\/PLA-DACOLLIDA-DIGITAL-ALUMNAT.pdf\">PLA D\u2019ACOLLIDA DIGITAL ALUMNAT<\/a><\/li>\n<\/ul>\n<p>&nbsp;<\/p>\n","protected":false},"excerpt":{"rendered":"<ul>\n<li>El <a href=\"https:\/\/agora.xtec.cat\/escolacampclar\/pla-dacollida-digital-docent\/\" target=\"_blank\" rel=\"noopener\">Pla d&#8217;Acollida Digital Docent<\/a> \u00e9s un document de car\u00e0cter intern i nom\u00e9s disponible per al nostre claustre.<\/li>\n<li><a href=\"https:\/\/agora.xtec.cat\/escolacampclar\/wp-content\/uploads\/usu687\/2024\/03\/PLA-DACOLLIDA-DE-LES-FAMILIES-CC.pdf\" target=\"_blank\" rel=\"noopener\">PLA D\u2019ACOLLIDA DIGITAL FAM\u00cdLIES<\/a><\/li>\n<li><a href=\"https:\/\/agora.xtec.cat\/escolacampclar\/wp-content\/uploads\/usu687\/2024\/03\/PLA-DACOLLIDA-DIGITAL-ALUMNAT.pdf\">PLA D\u2019ACOLLIDA DIGITAL ALUMNAT<\/a><\/li>\n<\/ul>\n<p>&nbsp;<\/p>\n","protected":false},"author":30,"featured_media":0,"parent":0,"menu_order":0,"comment_status":"closed","ping_status":"closed","template":"","meta":{"_bbp_topic_count":0,"_bbp_reply_count":0,"_bbp_total_topic_count":0,"_bbp_total_reply_count":0,"_bbp_voice_count":0,"_bbp_anonymous_reply_count":0,"_bbp_topic_count_hidden":0,"_bbp_reply_count_hidden":0,"_bbp_forum_subforum_count":0,"footnotes":""},"class_list":["post-4230","page","type-page","status-publish","hentry"],"post_mailing_queue_ids":[],"_links":{"self":[{"href":"https:\/\/agora.xtec.cat\/escolacampclar\/wp-json\/wp\/v2\/pages\/4230","targetHints":{"allow":["GET"]}}],"collection":[{"href":"https:\/\/agora.xtec.cat\/escolacampclar\/wp-json\/wp\/v2\/pages"}],"about":[{"href":"https:\/\/agora.xtec.cat\/escolacampclar\/wp-json\/wp\/v2\/types\/page"}],"author":[{"embeddable":true,"href":"https:\/\/agora.xtec.cat\/escolacampclar\/wp-json\/wp\/v2\/users\/30"}],"replies":[{"embeddable":true,"href":"https:\/\/agora.xtec.cat\/escolacampclar\/wp-json\/wp\/v2\/comments?post=4230"}],"version-history":[{"count":5,"href":"https:\/\/agora.xtec.cat\/escolacampclar\/wp-json\/wp\/v2\/pages\/4230\/revisions"}],"predecessor-version":[{"id":4437,"href":"https:\/\/agora.xtec.cat\/escolacampclar\/wp-json\/wp\/v2\/pages\/4230\/revisions\/4437"}],"wp:attachment":[{"href":"https:\/\/agora.xtec.cat\/escolacampclar\/wp-json\/wp\/v2\/media?parent=4230"}],"curies":[{"name":"wp","href":"https:\/\/api.w.org\/{rel}","templated":true}]}}

<ul>
<li>El <a href="https://agora.xtec.cat/escolacampclar/pla-dacollida-digital-docent/" target="_blank" rel="noopener">Pla d&#8217;Acollida Digital Docent</a> és un document de caràcter intern i només disponible per al nostre claustre.</li>
<li><a href="https://agora.xtec.cat/escolacampclar/wp-content/uploads/usu687/2024/03/PLA-DACOLLIDA-DE-LES-FAMILIES-CC.pdf" target="_blank" rel="noopener">PLA D’ACOLLIDA DIGITAL FAMÍLIES</a></li>
<li><a href="https://agora.xtec.cat/escolacampclar/wp-content/uploads/usu687/2024/03/PLA-DACOLLIDA-DIGITAL-ALUMNAT.pdf">PLA D’ACOLLIDA DIGITAL ALUMNAT</a></li>
</ul>
<p>&nbsp;</p>
