{"id":3530,"date":"2022-06-14T11:55:12","date_gmt":"2022-06-14T09:55:12","guid":{"rendered":"https:\/\/agora.xtec.cat\/escolacampclar\/?page_id=3530"},"modified":"2024-02-21T12:37:26","modified_gmt":"2024-02-21T11:37:26","slug":"secreteria","status":"publish","type":"page","link":"https:\/\/agora.xtec.cat\/escolacampclar\/secreteria\/","title":{"rendered":"Direcci\u00f3\/secretaria"},"content":{"rendered":"<p>EQUIP DIRECTIU:<\/p>\n<p>Directora: Herminia Robles G\u00f3mez. Ocupa el c\u00e0rrec des del 2016<\/p>\n<p>Cap d&#8217;estudis: Neus Vaqu\u00e9 Pellej\u00e0. Ocupa el c\u00e0rrec des de 2021<\/p>\n<p>Secretari: Enric Roman Sancho. Ocupa el c\u00e0rrec des de 2019<\/p>\n<p><a href=\"https:\/\/agora.xtec.cat\/escolacampclar\/wp-content\/uploads\/usu687\/2024\/02\/HORARIS-DATENCIO-A-LES-FAMILIES-29.7-\u00d7-42-cm-29.7-\u00d7-42-cm-42-\u00d7-29.7-cm.png\"><img loading=\"lazy\" decoding=\"async\" class=\"aligncenter size-full wp-image-4343\" src=\"https:\/\/agora.xtec.cat\/escolacampclar\/wp-content\/uploads\/usu687\/2024\/02\/HORARIS-DATENCIO-A-LES-FAMILIES-29.7-\u00d7-42-cm-29.7-\u00d7-42-cm-42-\u00d7-29.7-cm.png\" alt=\"\" width=\"3500\" height=\"2475\" srcset=\"https:\/\/agora.xtec.cat\/escolacampclar\/wp-content\/uploads\/usu687\/2024\/02\/HORARIS-DATENCIO-A-LES-FAMILIES-29.7-\u00d7-42-cm-29.7-\u00d7-42-cm-42-\u00d7-29.7-cm.png 3500w, https:\/\/agora.xtec.cat\/escolacampclar\/wp-content\/uploads\/usu687\/2024\/02\/HORARIS-DATENCIO-A-LES-FAMILIES-29.7-\u00d7-42-cm-29.7-\u00d7-42-cm-42-\u00d7-29.7-cm-300x212.png 300w, https:\/\/agora.xtec.cat\/escolacampclar\/wp-content\/uploads\/usu687\/2024\/02\/HORARIS-DATENCIO-A-LES-FAMILIES-29.7-\u00d7-42-cm-29.7-\u00d7-42-cm-42-\u00d7-29.7-cm-1024x724.png 1024w, https:\/\/agora.xtec.cat\/escolacampclar\/wp-content\/uploads\/usu687\/2024\/02\/HORARIS-DATENCIO-A-LES-FAMILIES-29.7-\u00d7-42-cm-29.7-\u00d7-42-cm-42-\u00d7-29.7-cm-768x543.png 768w, https:\/\/agora.xtec.cat\/escolacampclar\/wp-content\/uploads\/usu687\/2024\/02\/HORARIS-DATENCIO-A-LES-FAMILIES-29.7-\u00d7-42-cm-29.7-\u00d7-42-cm-42-\u00d7-29.7-cm-1536x1086.png 1536w, https:\/\/agora.xtec.cat\/escolacampclar\/wp-content\/uploads\/usu687\/2024\/02\/HORARIS-DATENCIO-A-LES-FAMILIES-29.7-\u00d7-42-cm-29.7-\u00d7-42-cm-42-\u00d7-29.7-cm-2048x1448.png 2048w\" sizes=\"auto, (max-width: 3500px) 100vw, 3500px\" \/><\/a><\/p>\n<p>&nbsp;<\/p>\n","protected":false},"excerpt":{"rendered":"<p>EQUIP DIRECTIU:<br \/>\nDirectora: Herminia Robles G\u00f3mez. Ocupa el c\u00e0rrec des del 2016<br \/>\nCap d&#8217;estudis: Neus Vaqu\u00e9 Pellej\u00e0. Ocupa el c\u00e0rrec des de 2021<br \/>\nSecretari: Enric Roman Sancho. Ocupa el c\u00e0rrec des de 2019<br \/>\n<a href=\"https:\/\/agora.xtec.cat\/escolacampclar\/wp-content\/uploads\/usu687\/2024\/02\/HORARIS-DATENCIO-A-LES-FAMILIES-29.7-\u00d7-42-cm-29.7-\u00d7-42-cm-42-\u00d7-29.7-cm.png\"><\/a><br \/>\n&nbsp;<\/p>\n","protected":false},"author":14,"featured_media":0,"parent":0,"menu_order":0,"comment_status":"closed","ping_status":"closed","template":"","meta":{"_bbp_topic_count":0,"_bbp_reply_count":0,"_bbp_total_topic_count":0,"_bbp_total_reply_count":0,"_bbp_voice_count":0,"_bbp_anonymous_reply_count":0,"_bbp_topic_count_hidden":0,"_bbp_reply_count_hidden":0,"_bbp_forum_subforum_count":0,"footnotes":""},"class_list":["post-3530","page","type-page","status-publish","hentry"],"post_mailing_queue_ids":[],"_links":{"self":[{"href":"https:\/\/agora.xtec.cat\/escolacampclar\/wp-json\/wp\/v2\/pages\/3530","targetHints":{"allow":["GET"]}}],"collection":[{"href":"https:\/\/agora.xtec.cat\/escolacampclar\/wp-json\/wp\/v2\/pages"}],"about":[{"href":"https:\/\/agora.xtec.cat\/escolacampclar\/wp-json\/wp\/v2\/types\/page"}],"author":[{"embeddable":true,"href":"https:\/\/agora.xtec.cat\/escolacampclar\/wp-json\/wp\/v2\/users\/14"}],"replies":[{"embeddable":true,"href":"https:\/\/agora.xtec.cat\/escolacampclar\/wp-json\/wp\/v2\/comments?post=3530"}],"version-history":[{"count":4,"href":"https:\/\/agora.xtec.cat\/escolacampclar\/wp-json\/wp\/v2\/pages\/3530\/revisions"}],"predecessor-version":[{"id":4344,"href":"https:\/\/agora.xtec.cat\/escolacampclar\/wp-json\/wp\/v2\/pages\/3530\/revisions\/4344"}],"wp:attachment":[{"href":"https:\/\/agora.xtec.cat\/escolacampclar\/wp-json\/wp\/v2\/media?parent=3530"}],"curies":[{"name":"wp","href":"https:\/\/api.w.org\/{rel}","templated":true}]}}

Direcció/secretaria

<p>EQUIP DIRECTIU:</p>
<p>Directora: Herminia Robles Gómez. Ocupa el càrrec des del 2016</p>
<p>Cap d&#8217;estudis: Neus Vaqué Pellejà. Ocupa el càrrec des de 2021</p>
<p>Secretari: Enric Roman Sancho. Ocupa el càrrec des de 2019</p>
<p><a href="https://agora.xtec.cat/escolacampclar/wp-content/uploads/usu687/2024/02/HORARIS-DATENCIO-A-LES-FAMILIES-29.7-×-42-cm-29.7-×-42-cm-42-×-29.7-cm.png"><img loading="lazy" decoding="async" class="aligncenter size-full wp-image-4343" src="https://agora.xtec.cat/escolacampclar/wp-content/uploads/usu687/2024/02/HORARIS-DATENCIO-A-LES-FAMILIES-29.7-×-42-cm-29.7-×-42-cm-42-×-29.7-cm.png" alt="" width="3500" height="2475" srcset="https://agora.xtec.cat/escolacampclar/wp-content/uploads/usu687/2024/02/HORARIS-DATENCIO-A-LES-FAMILIES-29.7-×-42-cm-29.7-×-42-cm-42-×-29.7-cm.png 3500w, https://agora.xtec.cat/escolacampclar/wp-content/uploads/usu687/2024/02/HORARIS-DATENCIO-A-LES-FAMILIES-29.7-×-42-cm-29.7-×-42-cm-42-×-29.7-cm-300x212.png 300w, https://agora.xtec.cat/escolacampclar/wp-content/uploads/usu687/2024/02/HORARIS-DATENCIO-A-LES-FAMILIES-29.7-×-42-cm-29.7-×-42-cm-42-×-29.7-cm-1024x724.png 1024w, https://agora.xtec.cat/escolacampclar/wp-content/uploads/usu687/2024/02/HORARIS-DATENCIO-A-LES-FAMILIES-29.7-×-42-cm-29.7-×-42-cm-42-×-29.7-cm-768x543.png 768w, https://agora.xtec.cat/escolacampclar/wp-content/uploads/usu687/2024/02/HORARIS-DATENCIO-A-LES-FAMILIES-29.7-×-42-cm-29.7-×-42-cm-42-×-29.7-cm-1536x1086.png 1536w, https://agora.xtec.cat/escolacampclar/wp-content/uploads/usu687/2024/02/HORARIS-DATENCIO-A-LES-FAMILIES-29.7-×-42-cm-29.7-×-42-cm-42-×-29.7-cm-2048x1448.png 2048w" sizes="auto, (max-width: 3500px) 100vw, 3500px" /></a></p>
<p>&nbsp;</p>

<p>EQUIP DIRECTIU:<br />
Directora: Herminia Robles Gómez. Ocupa el càrrec des del 2016<br />
Cap d&#8217;estudis: Neus Vaqué Pellejà. Ocupa el càrrec des de 2021<br />
Secretari: Enric Roman Sancho. Ocupa el càrrec des de 2019<br />
<a href="https://agora.xtec.cat/escolacampclar/wp-content/uploads/usu687/2024/02/HORARIS-DATENCIO-A-LES-FAMILIES-29.7-×-42-cm-29.7-×-42-cm-42-×-29.7-cm.png"></a><br />
&nbsp;</p>
