{"id":2497,"date":"2019-12-17T20:09:23","date_gmt":"2019-12-17T19:09:23","guid":{"rendered":"http:\/\/agora.xtec.cat\/escolacampclar\/?page_id=2497"},"modified":"2022-03-06T22:40:32","modified_gmt":"2022-03-06T21:40:32","slug":"nofc","status":"publish","type":"page","link":"https:\/\/agora.xtec.cat\/escolacampclar\/nofc\/","title":{"rendered":"NOFC"},"content":{"rendered":"<p>En el seg\u00fcent enlla\u00e7 podreu accedir a les <em>Normes d&#8217;organitzaci\u00f3 i funcionament del centre. <\/em>Les NOFC\u00a0defineixen, entre d&#8217;altres coses, l&#8217;estructura organitzativa de govern i coordinaci\u00f3, l&#8217;organitzaci\u00f3 pedag\u00f2gica, les normes de conviv\u00e8ncia, la col\u00b7laboraci\u00f3 i participaci\u00f3 de la comunitat educativa, i el funcionament general del centre.<\/p>\n<p><a href=\"https:\/\/drive.google.com\/file\/d\/1xRTVuDHTZzKw9f5_XKEcySliIRvs0MJk\/view?usp=sharing\">NOFC de l&#8217;Escola Campclar.<\/a><\/p>\n","protected":false},"excerpt":{"rendered":"<p>En el seg\u00fcent enlla\u00e7 podreu accedir a les Normes d&#8217;organitzaci\u00f3 i funcionament del centre. Les NOFC\u00a0defineixen, entre d&#8217;altres coses, l&#8217;estructura organitzativa de govern i coordinaci\u00f3, l&#8217;organitzaci\u00f3 pedag\u00f2gica, les normes de conviv\u00e8ncia, la col\u00b7laboraci\u00f3 i participaci\u00f3 de la comunitat educativa, i el funcionament general del centre.<br \/>\n<a&hellip;  <a href=\"https:\/\/agora.xtec.cat\/escolacampclar\/nofc\/\" title=\"Read NOFC\">Llegeix m\u00e9s\u00bb<\/a><\/p>\n","protected":false},"author":14,"featured_media":0,"parent":0,"menu_order":0,"comment_status":"closed","ping_status":"closed","template":"","meta":{"_bbp_topic_count":0,"_bbp_reply_count":0,"_bbp_total_topic_count":0,"_bbp_total_reply_count":0,"_bbp_voice_count":0,"_bbp_anonymous_reply_count":0,"_bbp_topic_count_hidden":0,"_bbp_reply_count_hidden":0,"_bbp_forum_subforum_count":0,"footnotes":""},"class_list":["post-2497","page","type-page","status-publish","hentry"],"post_mailing_queue_ids":[],"_links":{"self":[{"href":"https:\/\/agora.xtec.cat\/escolacampclar\/wp-json\/wp\/v2\/pages\/2497","targetHints":{"allow":["GET"]}}],"collection":[{"href":"https:\/\/agora.xtec.cat\/escolacampclar\/wp-json\/wp\/v2\/pages"}],"about":[{"href":"https:\/\/agora.xtec.cat\/escolacampclar\/wp-json\/wp\/v2\/types\/page"}],"author":[{"embeddable":true,"href":"https:\/\/agora.xtec.cat\/escolacampclar\/wp-json\/wp\/v2\/users\/14"}],"replies":[{"embeddable":true,"href":"https:\/\/agora.xtec.cat\/escolacampclar\/wp-json\/wp\/v2\/comments?post=2497"}],"version-history":[{"count":3,"href":"https:\/\/agora.xtec.cat\/escolacampclar\/wp-json\/wp\/v2\/pages\/2497\/revisions"}],"predecessor-version":[{"id":3370,"href":"https:\/\/agora.xtec.cat\/escolacampclar\/wp-json\/wp\/v2\/pages\/2497\/revisions\/3370"}],"wp:attachment":[{"href":"https:\/\/agora.xtec.cat\/escolacampclar\/wp-json\/wp\/v2\/media?parent=2497"}],"curies":[{"name":"wp","href":"https:\/\/api.w.org\/{rel}","templated":true}]}}

<p>En el següent enllaç podreu accedir a les <em>Normes d&#8217;organització i funcionament del centre. </em>Les NOFC defineixen, entre d&#8217;altres coses, l&#8217;estructura organitzativa de govern i coordinació, l&#8217;organització pedagògica, les normes de convivència, la col·laboració i participació de la comunitat educativa, i el funcionament general del centre.</p>
<p><a href="https://drive.google.com/file/d/1xRTVuDHTZzKw9f5_XKEcySliIRvs0MJk/view?usp=sharing">NOFC de l&#8217;Escola Campclar.</a></p>

<p>En el següent enllaç podreu accedir a les Normes d&#8217;organització i funcionament del centre. Les NOFC defineixen, entre d&#8217;altres coses, l&#8217;estructura organitzativa de govern i coordinació, l&#8217;organització pedagògica, les normes de convivència, la col·laboració i participació de la comunitat educativa, i el funcionament general del centre.<br />
<a&hellip;  <a href="https://agora.xtec.cat/escolacampclar/nofc/" title="Read NOFC">Llegeix més»</a></p>
