{"id":810,"date":"2016-11-25T13:06:45","date_gmt":"2016-11-25T12:06:45","guid":{"rendered":"http:\/\/agora.xtec.cat\/escolacamins\/?page_id=810"},"modified":"2025-07-09T10:03:09","modified_gmt":"2025-07-09T08:03:09","slug":"projectes","status":"publish","type":"page","link":"https:\/\/agora.xtec.cat\/escolacamins\/projectes\/","title":{"rendered":"Projectes"},"content":{"rendered":"<p><span style=\"font-weight: 400;\">El treball per PROJECTES s\u2019inicia al cicle inicial. Ara b\u00e9, cal tenir present que pr\u00e8viament els ambients afavoreixen un context on es creen situacions que faciliten que sorgeixin projectes de grup mitjan\u00e7ant les propostes obertes, els est\u00edmuls rics dels materials&#8230;<\/span><\/p>\n<p><span style=\"font-weight: 400;\">A l\u2019hora de realitzar el treball per projectes cal tenir en compte els seg\u00fcents aspectes:\u00a0<\/span><\/p>\n<p><b>QUIN TIPUS DE PROJECTES?<\/b><\/p>\n<p><span style=\"font-weight: 400;\">Els projectes que es treballen a l\u2019escola s\u00f3n de MEDI NATURAL i tenen en compte els els diferents <\/span><span style=\"font-weight: 400;\">SISTEMES<\/span><span style=\"font-weight: 400;\">:<\/span><\/p>\n<ul>\n<li style=\"font-weight: 400;\" aria-level=\"1\"><span style=\"font-weight: 400;\">Sistema \u00c9SSER VIU<\/span><\/li>\n<li style=\"font-weight: 400;\" aria-level=\"1\"><span style=\"font-weight: 400;\">Sistema F\u00cdSIC<\/span><\/li>\n<li style=\"font-weight: 400;\" aria-level=\"1\"><span style=\"font-weight: 400;\">Sistema GEOL\u00d2GIC\/TERRA<\/span><\/li>\n<li style=\"font-weight: 400;\" aria-level=\"1\"><span style=\"font-weight: 400;\">Sistema MAT\u00c8RIA<\/span><\/li>\n<li style=\"font-weight: 400;\" aria-level=\"1\"><span style=\"font-weight: 400;\">Sistema UNIVERS<\/span><\/li>\n<\/ul>\n<p>Els projectes sorgeixen dels interessos dels infants, de les seves inquietuds, de la curiositat per descobrir, per saber m\u00e9s coses d&#8217;aquells temes que els apassionen o els atrauen. Aquesta metodologia per projectes fomenta el treball en equip, el fet de posar-nos d&#8217;acord i decidir entre tots els infants del grup el cam\u00ed a rec\u00f3rrer. Aquesta manera de treballar permet adquirir aprenentatges sobre temes que motiven els infants i, amb la guia del mestre, adquireixen coneixements transversals. Aquesta manera de treballar obliga l&#8217;alumne a plantejar-se problemes o dubtes, planificar el treball, ordenar idees, fer i comprovar de manera individual o en grup.<\/p>\n<p><a href=\"https:\/\/agora.xtec.cat\/escolacamins\/wp-content\/uploads\/usu1441\/2025\/07\/Captura-de-pantalla-2025-07-08-174813.png\"><img loading=\"lazy\" decoding=\"async\" class=\"wp-image-5431 alignnone\" src=\"https:\/\/agora.xtec.cat\/escolacamins\/wp-content\/uploads\/usu1441\/2025\/07\/Captura-de-pantalla-2025-07-08-174813.png\" alt=\"\" width=\"251\" height=\"353\" srcset=\"https:\/\/agora.xtec.cat\/escolacamins\/wp-content\/uploads\/usu1441\/2025\/07\/Captura-de-pantalla-2025-07-08-174813.png 346w, https:\/\/agora.xtec.cat\/escolacamins\/wp-content\/uploads\/usu1441\/2025\/07\/Captura-de-pantalla-2025-07-08-174813-214x300.png 214w\" sizes=\"auto, (max-width: 251px) 100vw, 251px\" \/><\/a><a href=\"https:\/\/agora.xtec.cat\/escolacamins\/wp-content\/uploads\/usu1441\/2025\/07\/Captura-de-pantalla-2025-07-08-174648.png\"><img loading=\"lazy\" decoding=\"async\" class=\"wp-image-5433 alignleft\" src=\"https:\/\/agora.xtec.cat\/escolacamins\/wp-content\/uploads\/usu1441\/2025\/07\/Captura-de-pantalla-2025-07-08-174648.png\" alt=\"\" width=\"252\" height=\"223\" srcset=\"https:\/\/agora.xtec.cat\/escolacamins\/wp-content\/uploads\/usu1441\/2025\/07\/Captura-de-pantalla-2025-07-08-174648.png 520w, https:\/\/agora.xtec.cat\/escolacamins\/wp-content\/uploads\/usu1441\/2025\/07\/Captura-de-pantalla-2025-07-08-174648-300x265.png 300w\" sizes=\"auto, (max-width: 252px) 100vw, 252px\" \/><\/a><a href=\"https:\/\/agora.xtec.cat\/escolacamins\/wp-content\/uploads\/usu1441\/2025\/07\/Captura-de-pantalla-2025-07-08-174547.png\"><img loading=\"lazy\" decoding=\"async\" class=\"wp-image-5435 alignleft\" src=\"https:\/\/agora.xtec.cat\/escolacamins\/wp-content\/uploads\/usu1441\/2025\/07\/Captura-de-pantalla-2025-07-08-174547.png\" alt=\"\" width=\"279\" height=\"170\" srcset=\"https:\/\/agora.xtec.cat\/escolacamins\/wp-content\/uploads\/usu1441\/2025\/07\/Captura-de-pantalla-2025-07-08-174547.png 718w, https:\/\/agora.xtec.cat\/escolacamins\/wp-content\/uploads\/usu1441\/2025\/07\/Captura-de-pantalla-2025-07-08-174547-300x183.png 300w\" sizes=\"auto, (max-width: 279px) 100vw, 279px\" \/><\/a><a href=\"https:\/\/agora.xtec.cat\/escolacamins\/wp-content\/uploads\/usu1441\/2025\/07\/Captura-de-pantalla-2025-07-08-174734.png\"><img loading=\"lazy\" decoding=\"async\" class=\"wp-image-5432 alignleft\" src=\"https:\/\/agora.xtec.cat\/escolacamins\/wp-content\/uploads\/usu1441\/2025\/07\/Captura-de-pantalla-2025-07-08-174734.png\" alt=\"\" width=\"291\" height=\"246\" srcset=\"https:\/\/agora.xtec.cat\/escolacamins\/wp-content\/uploads\/usu1441\/2025\/07\/Captura-de-pantalla-2025-07-08-174734.png 508w, https:\/\/agora.xtec.cat\/escolacamins\/wp-content\/uploads\/usu1441\/2025\/07\/Captura-de-pantalla-2025-07-08-174734-300x253.png 300w\" sizes=\"auto, (max-width: 291px) 100vw, 291px\" \/><\/a><\/p>\n","protected":false},"excerpt":{"rendered":"<p>El treball per PROJECTES s\u2019inicia al cicle inicial. Ara b\u00e9, cal tenir present que pr\u00e8viament els ambients afavoreixen un context on es creen situacions que faciliten que sorgeixin projectes de grup mitjan\u00e7ant les propostes obertes, els est\u00edmuls rics dels materials&#8230; A l\u2019hora de realitzar el treball per projectes cal tenir en compte els seg\u00fcents aspectes:\u00a0 [&hellip;]<\/p>\n","protected":false},"author":1,"featured_media":0,"parent":0,"menu_order":0,"comment_status":"closed","ping_status":"closed","template":"","meta":{"_bbp_topic_count":0,"_bbp_reply_count":0,"_bbp_total_topic_count":0,"_bbp_total_reply_count":0,"_bbp_voice_count":0,"_bbp_anonymous_reply_count":0,"_bbp_topic_count_hidden":0,"_bbp_reply_count_hidden":0,"_bbp_forum_subforum_count":0,"site-sidebar-layout":"default","site-content-layout":"","ast-site-content-layout":"default","site-content-style":"default","site-sidebar-style":"default","ast-global-header-display":"","ast-banner-title-visibility":"","ast-main-header-display":"","ast-hfb-above-header-display":"","ast-hfb-below-header-display":"","ast-hfb-mobile-header-display":"","site-post-title":"","ast-breadcrumbs-content":"","ast-featured-img":"","footer-sml-layout":"","theme-transparent-header-meta":"default","adv-header-id-meta":"","stick-header-meta":"","header-above-stick-meta":"","header-main-stick-meta":"","header-below-stick-meta":"","astra-migrate-meta-layouts":"set","ast-page-background-enabled":"default","ast-page-background-meta":{"desktop":{"background-color":"var(--ast-global-color-4)","background-image":"","background-repeat":"repeat","background-position":"center center","background-size":"auto","background-attachment":"scroll","background-type":"","background-media":"","overlay-type":"","overlay-color":"","overlay-opacity":"","overlay-gradient":""},"tablet":{"background-color":"","background-image":"","background-repeat":"repeat","background-position":"center center","background-size":"auto","background-attachment":"scroll","background-type":"","background-media":"","overlay-type":"","overlay-color":"","overlay-opacity":"","overlay-gradient":""},"mobile":{"background-color":"","background-image":"","background-repeat":"repeat","background-position":"center center","background-size":"auto","background-attachment":"scroll","background-type":"","background-media":"","overlay-type":"","overlay-color":"","overlay-opacity":"","overlay-gradient":""}},"ast-content-background-meta":{"desktop":{"background-color":"var(--ast-global-color-5)","background-image":"","background-repeat":"repeat","background-position":"center center","background-size":"auto","background-attachment":"scroll","background-type":"","background-media":"","overlay-type":"","overlay-color":"","overlay-opacity":"","overlay-gradient":""},"tablet":{"background-color":"var(--ast-global-color-5)","background-image":"","background-repeat":"repeat","background-position":"center center","background-size":"auto","background-attachment":"scroll","background-type":"","background-media":"","overlay-type":"","overlay-color":"","overlay-opacity":"","overlay-gradient":""},"mobile":{"background-color":"var(--ast-global-color-5)","background-image":"","background-repeat":"repeat","background-position":"center center","background-size":"auto","background-attachment":"scroll","background-type":"","background-media":"","overlay-type":"","overlay-color":"","overlay-opacity":"","overlay-gradient":""}},"footnotes":""},"class_list":["post-810","page","type-page","status-publish","hentry"],"post_mailing_queue_ids":[],"_links":{"self":[{"href":"https:\/\/agora.xtec.cat\/escolacamins\/wp-json\/wp\/v2\/pages\/810","targetHints":{"allow":["GET"]}}],"collection":[{"href":"https:\/\/agora.xtec.cat\/escolacamins\/wp-json\/wp\/v2\/pages"}],"about":[{"href":"https:\/\/agora.xtec.cat\/escolacamins\/wp-json\/wp\/v2\/types\/page"}],"author":[{"embeddable":true,"href":"https:\/\/agora.xtec.cat\/escolacamins\/wp-json\/wp\/v2\/users\/1"}],"replies":[{"embeddable":true,"href":"https:\/\/agora.xtec.cat\/escolacamins\/wp-json\/wp\/v2\/comments?post=810"}],"version-history":[{"count":6,"href":"https:\/\/agora.xtec.cat\/escolacamins\/wp-json\/wp\/v2\/pages\/810\/revisions"}],"predecessor-version":[{"id":5467,"href":"https:\/\/agora.xtec.cat\/escolacamins\/wp-json\/wp\/v2\/pages\/810\/revisions\/5467"}],"wp:attachment":[{"href":"https:\/\/agora.xtec.cat\/escolacamins\/wp-json\/wp\/v2\/media?parent=810"}],"curies":[{"name":"wp","href":"https:\/\/api.w.org\/{rel}","templated":true}]}}