{"id":572,"date":"2016-11-18T13:42:37","date_gmt":"2016-11-18T12:42:37","guid":{"rendered":"http:\/\/agora.xtec.cat\/escolacamins\/?page_id=572"},"modified":"2023-01-31T12:24:06","modified_gmt":"2023-01-31T11:24:06","slug":"families","status":"publish","type":"page","link":"https:\/\/agora.xtec.cat\/escolacamins\/families\/","title":{"rendered":"Fam\u00edlies"},"content":{"rendered":"<div style=\"text-align: left;\">\n<p style=\"text-align: center;\"><span style=\"color: #45818e;\"><i>Cap mestre, cap pedagog ni cap mare ni pare no podr\u00e0 tenir, tot sol, m\u00e9s idees ni idees millors de les que un grup de persones que dialoga pot arribar a produir.&#8221;<\/i><\/span><\/p>\n<p style=\"text-align: center;\"><span style=\"color: #45818e;\">Paola Cagliari (<span style=\"font-size: small;\">pedagoga italiana &#8211; Pistoia<\/span>)<\/span><\/p>\n<p><strong>Podeu accedir a la seva p\u00e0gina web\u00a0<a href=\"https:\/\/www.afaescolacamins.cat\/ca\/\">AQU\u00cd.<\/a><\/strong><\/p>\n<p>La implicaci\u00f3 de les fam\u00edlies \u00e9s un dels grans eixos de la nostra escola. El nostre objectiu \u00e9s com\u00fa: el benestar i desenvolupament dels infants, que compartirem al llarg dels seus primers anys de vida. Per aix\u00f2, creiem que \u00e9s indispensable con\u00e8ixer-nos i acompanyar-los en aquest proc\u00e9s: trobar-nos, expressar-nos, consensuar, construir i gaudir plegats.<\/p>\n<p><strong>AFA &#8211; <\/strong><span style=\"color: #4e4e4e; font-family: 'Trebuchet MS'; font-size: medium;\">Associaci\u00f3 de Fam\u00edlies d&#8217;Alumnes.<\/span><\/p>\n<p>Les Associacions de fam\u00edlies tamb\u00e9 poden ser conegudes com a <em>APA, AMPA o AMIPA.<\/em> Des de l&#8217;escola CAMINS, s&#8217;ha optat per aquesta abreviaci\u00f3 <strong><em>AFA<\/em> <\/strong>on s&#8217;hi troben representades totes possibles realitats de l&#8217;alumnat i les seves fam\u00edlies, acollint la diversitat d&#8217;estructures i realitats familiars.<\/p>\n<p>Es tracta d&#8217;una Associaci\u00f3 sense \u00e0nim de lucre, formada per diferents fam\u00edlies de l&#8217;escola que, de forma volunt\u00e0ria, s&#8217;organitzen com a grup en diferents comissions de treball per realitzar tasques com ara:<\/p>\n<div id=\"breadcrumbs\" class=\"padded-inner clearfix s-hidden\"><\/div>\n<div class=\"grid-12\">\n<div class=\"widget-list flex-row flex-align-center \">\n<div id=\"w358239\" class=\"widget-item widget-type-text flex-small-12 flex-medium-6 padded-inner\">\n<div class=\"text text-columns-1\">\n<ul>\n<li>Organitzar i\/o donar suport els serveis de suport a les fam\u00edlies (servei d\u2019acollida \u2018Bon dia\u2019, Menjador, tardes de setembre, Pati obert,&#8230;)<\/li>\n<li>Organitzar les activitats que els alumnes poden realitzar fora de l\u2019horari escolar (Extraescolars).<\/li>\n<li>Emprendre projectes social en col\u00b7laboraci\u00f3 amb l\u2019escola.<\/li>\n<li>Col\u00b7laborar amb les festes de l\u2019escola (Sant Martiri\u00e0, Castanyada, Nadal, Carnestoltes, Sant Jordi, Festa de final de curs,\u2026)<\/li>\n<li>Recollir les opinions sobre el funcionament quotidi\u00e0 de l\u2019escola i fem d\u2019enlla\u00e7 entre fam\u00edlies-escola.<\/li>\n<li>Participar en la presa de decisions de l\u2019escola mitjan\u00e7ant un representant al Consell Escolar del centre, juntament amb la resta de la comunitat educativa.<\/li>\n<li>Participar en les diverses activitats de Banyoles (Sant Martiri\u00e0, Rua de Carnestoltes,&#8230;).<\/li>\n<li>Organitzar les trobades de fam\u00edlies, on es troben totes per compartir una estona plegades.<\/li>\n<li>Col\u00b7laborar amb l\u2019escola en l\u2019adquisici\u00f3 de material pedag\u00f2gic i en el manteniment i la renovaci\u00f3 dels diferents espais escolars.<\/li>\n<\/ul>\n<\/div>\n<\/div>\n<\/div>\n<\/div>\n<\/div>\n<div style=\"text-align: center;\"><a href=\"https:\/\/agora.xtec.cat\/escolacamins\/wp-content\/uploads\/usu1441\/2020\/11\/afa.png\"><img loading=\"lazy\" decoding=\"async\" class=\"alignnone size-full wp-image-3545\" src=\"https:\/\/agora.xtec.cat\/escolacamins\/wp-content\/uploads\/usu1441\/2020\/11\/afa.png\" alt=\"\" width=\"372\" height=\"140\" srcset=\"https:\/\/agora.xtec.cat\/escolacamins\/wp-content\/uploads\/usu1441\/2020\/11\/afa.png 372w, https:\/\/agora.xtec.cat\/escolacamins\/wp-content\/uploads\/usu1441\/2020\/11\/afa-300x113.png 300w\" sizes=\"auto, (max-width: 372px) 100vw, 372px\" \/><\/a><\/div>\n<div style=\"text-align: center;\"><a href=\"https:\/\/agora.xtec.cat\/escolacamins\/wp-content\/uploads\/usu1441\/2023\/01\/afa-pagina-web.jpg\"><img loading=\"lazy\" decoding=\"async\" class=\"alignnone  wp-image-4694\" src=\"https:\/\/agora.xtec.cat\/escolacamins\/wp-content\/uploads\/usu1441\/2023\/01\/afa-pagina-web.jpg\" alt=\"\" width=\"687\" height=\"613\" srcset=\"https:\/\/agora.xtec.cat\/escolacamins\/wp-content\/uploads\/usu1441\/2023\/01\/afa-pagina-web.jpg 868w, https:\/\/agora.xtec.cat\/escolacamins\/wp-content\/uploads\/usu1441\/2023\/01\/afa-pagina-web-300x268.jpg 300w, https:\/\/agora.xtec.cat\/escolacamins\/wp-content\/uploads\/usu1441\/2023\/01\/afa-pagina-web-768x685.jpg 768w\" sizes=\"auto, (max-width: 687px) 100vw, 687px\" \/><\/a><\/div>\n<div><\/div>\n<div>\u00a0<a href=\"http:\/\/agora.xtec.cat\/escolacamins\/wp-content\/uploads\/usu1441\/2016\/11\/IMG_6260.jpg\"><img loading=\"lazy\" decoding=\"async\" class=\"alignnone wp-image-617\" src=\"http:\/\/agora.xtec.cat\/escolacamins\/wp-content\/uploads\/usu1441\/2016\/11\/IMG_6260.jpg\" alt=\"img_6260\" width=\"332\" height=\"249\" srcset=\"https:\/\/agora.xtec.cat\/escolacamins\/wp-content\/uploads\/usu1441\/2016\/11\/IMG_6260.jpg 400w, https:\/\/agora.xtec.cat\/escolacamins\/wp-content\/uploads\/usu1441\/2016\/11\/IMG_6260-300x225.jpg 300w, https:\/\/agora.xtec.cat\/escolacamins\/wp-content\/uploads\/usu1441\/2016\/11\/IMG_6260-200x150.jpg 200w\" sizes=\"auto, (max-width: 332px) 100vw, 332px\" \/><\/a> <a href=\"http:\/\/agora.xtec.cat\/escolacamins\/wp-content\/uploads\/usu1441\/2016\/11\/IMG_6296.jpg\"><img loading=\"lazy\" decoding=\"async\" class=\"alignnone wp-image-619\" src=\"http:\/\/agora.xtec.cat\/escolacamins\/wp-content\/uploads\/usu1441\/2016\/11\/IMG_6296.jpg\" alt=\"img_6296\" width=\"332\" height=\"249\" srcset=\"https:\/\/agora.xtec.cat\/escolacamins\/wp-content\/uploads\/usu1441\/2016\/11\/IMG_6296.jpg 400w, https:\/\/agora.xtec.cat\/escolacamins\/wp-content\/uploads\/usu1441\/2016\/11\/IMG_6296-300x225.jpg 300w, https:\/\/agora.xtec.cat\/escolacamins\/wp-content\/uploads\/usu1441\/2016\/11\/IMG_6296-200x150.jpg 200w\" sizes=\"auto, (max-width: 332px) 100vw, 332px\" \/><\/a> <a href=\"http:\/\/agora.xtec.cat\/escolacamins\/wp-content\/uploads\/usu1441\/2016\/11\/IMG_6293.jpg\"><img loading=\"lazy\" decoding=\"async\" class=\"alignnone wp-image-618\" src=\"http:\/\/agora.xtec.cat\/escolacamins\/wp-content\/uploads\/usu1441\/2016\/11\/IMG_6293.jpg\" alt=\"img_6293\" width=\"332\" height=\"249\" srcset=\"https:\/\/agora.xtec.cat\/escolacamins\/wp-content\/uploads\/usu1441\/2016\/11\/IMG_6293.jpg 400w, https:\/\/agora.xtec.cat\/escolacamins\/wp-content\/uploads\/usu1441\/2016\/11\/IMG_6293-300x225.jpg 300w, https:\/\/agora.xtec.cat\/escolacamins\/wp-content\/uploads\/usu1441\/2016\/11\/IMG_6293-200x150.jpg 200w\" sizes=\"auto, (max-width: 332px) 100vw, 332px\" \/><\/a><\/div>\n","protected":false},"excerpt":{"rendered":"<p>Cap mestre, cap pedagog ni cap mare ni pare no podr\u00e0 tenir, tot sol, m\u00e9s idees ni idees millors de les que un grup de persones que dialoga pot arribar a produir.&#8221; Paola Cagliari (pedagoga italiana &#8211; Pistoia) Podeu accedir a la seva p\u00e0gina web\u00a0AQU\u00cd. La implicaci\u00f3 de les fam\u00edlies \u00e9s un dels grans eixos [&hellip;]<\/p>\n","protected":false},"author":1,"featured_media":0,"parent":0,"menu_order":0,"comment_status":"closed","ping_status":"closed","template":"","meta":{"_bbp_topic_count":0,"_bbp_reply_count":0,"_bbp_total_topic_count":0,"_bbp_total_reply_count":0,"_bbp_voice_count":0,"_bbp_anonymous_reply_count":0,"_bbp_topic_count_hidden":0,"_bbp_reply_count_hidden":0,"_bbp_forum_subforum_count":0,"site-sidebar-layout":"default","site-content-layout":"","ast-site-content-layout":"","site-content-style":"default","site-sidebar-style":"default","ast-global-header-display":"","ast-banner-title-visibility":"","ast-main-header-display":"","ast-hfb-above-header-display":"","ast-hfb-below-header-display":"","ast-hfb-mobile-header-display":"","site-post-title":"","ast-breadcrumbs-content":"","ast-featured-img":"","footer-sml-layout":"","theme-transparent-header-meta":"","adv-header-id-meta":"","stick-header-meta":"","header-above-stick-meta":"","header-main-stick-meta":"","header-below-stick-meta":"","astra-migrate-meta-layouts":"default","ast-page-background-enabled":"default","ast-page-background-meta":{"desktop":{"background-color":"var(--ast-global-color-4)","background-image":"","background-repeat":"repeat","background-position":"center center","background-size":"auto","background-attachment":"scroll","background-type":"","background-media":"","overlay-type":"","overlay-color":"","overlay-opacity":"","overlay-gradient":""},"tablet":{"background-color":"","background-image":"","background-repeat":"repeat","background-position":"center center","background-size":"auto","background-attachment":"scroll","background-type":"","background-media":"","overlay-type":"","overlay-color":"","overlay-opacity":"","overlay-gradient":""},"mobile":{"background-color":"","background-image":"","background-repeat":"repeat","background-position":"center center","background-size":"auto","background-attachment":"scroll","background-type":"","background-media":"","overlay-type":"","overlay-color":"","overlay-opacity":"","overlay-gradient":""}},"ast-content-background-meta":{"desktop":{"background-color":"var(--ast-global-color-5)","background-image":"","background-repeat":"repeat","background-position":"center center","background-size":"auto","background-attachment":"scroll","background-type":"","background-media":"","overlay-type":"","overlay-color":"","overlay-opacity":"","overlay-gradient":""},"tablet":{"background-color":"var(--ast-global-color-5)","background-image":"","background-repeat":"repeat","background-position":"center center","background-size":"auto","background-attachment":"scroll","background-type":"","background-media":"","overlay-type":"","overlay-color":"","overlay-opacity":"","overlay-gradient":""},"mobile":{"background-color":"var(--ast-global-color-5)","background-image":"","background-repeat":"repeat","background-position":"center center","background-size":"auto","background-attachment":"scroll","background-type":"","background-media":"","overlay-type":"","overlay-color":"","overlay-opacity":"","overlay-gradient":""}},"footnotes":""},"class_list":["post-572","page","type-page","status-publish","hentry"],"post_mailing_queue_ids":[],"_links":{"self":[{"href":"https:\/\/agora.xtec.cat\/escolacamins\/wp-json\/wp\/v2\/pages\/572","targetHints":{"allow":["GET"]}}],"collection":[{"href":"https:\/\/agora.xtec.cat\/escolacamins\/wp-json\/wp\/v2\/pages"}],"about":[{"href":"https:\/\/agora.xtec.cat\/escolacamins\/wp-json\/wp\/v2\/types\/page"}],"author":[{"embeddable":true,"href":"https:\/\/agora.xtec.cat\/escolacamins\/wp-json\/wp\/v2\/users\/1"}],"replies":[{"embeddable":true,"href":"https:\/\/agora.xtec.cat\/escolacamins\/wp-json\/wp\/v2\/comments?post=572"}],"version-history":[{"count":4,"href":"https:\/\/agora.xtec.cat\/escolacamins\/wp-json\/wp\/v2\/pages\/572\/revisions"}],"predecessor-version":[{"id":4696,"href":"https:\/\/agora.xtec.cat\/escolacamins\/wp-json\/wp\/v2\/pages\/572\/revisions\/4696"}],"wp:attachment":[{"href":"https:\/\/agora.xtec.cat\/escolacamins\/wp-json\/wp\/v2\/media?parent=572"}],"curies":[{"name":"wp","href":"https:\/\/api.w.org\/{rel}","templated":true}]}}