{"id":8709,"date":"2026-02-13T09:00:00","date_gmt":"2026-02-13T08:00:00","guid":{"rendered":"https:\/\/agora.xtec.cat\/escolacambrils\/?page_id=8709"},"modified":"2026-04-29T13:57:27","modified_gmt":"2026-04-29T11:57:27","slug":"preinscripcio-i-matricula-2026-2027","status":"publish","type":"page","link":"https:\/\/agora.xtec.cat\/escolacambrils\/preinscripcio-i-matricula-2026-2027\/","title":{"rendered":"PREINSCRIPCI\u00d3 i MATRICULA 2026-2027"},"content":{"rendered":"<div style=\"text-align: center;\">\u21d2 N\u00daMERO DE DESEMPAT: <span style=\"text-decoration: underline; color: #ff0000;\"><strong>42.129<\/strong><\/span><\/div>\n<div style=\"text-align: center;\"><a href=\"https:\/\/agora.xtec.cat\/escolacambrils\/wp-content\/uploads\/usu2662\/2026\/04\/INFORME_BAREM_DEFINITIU_BAREM.pdf\"> <strong>\u21d2<\/strong> Publicaci\u00f3 de la llista de sol\u00b7licituds que han demanat el centre i l&#8217;ensenyament en primera petici\u00f3 ordenada a 29\/04\/2026<\/a><\/div>\n<div><\/div>\n<div style=\"text-align: center;\"><a href=\"https:\/\/agora.xtec.cat\/escolacambrils\/wp-content\/uploads\/usu2662\/2026\/03\/INFORME_OFERTA_OME_INFORME_OFERTA.pdf\"><strong>\u21d2 <\/strong>Publicaci\u00f3 de l&#8217;oferta inicial de places_03\/03\/2026<\/a><\/div>\n<div>.<\/div>\n<div><\/div>\n<div>.<\/div>\n<div><\/div>\n<div class=\"entry-meta\"><span style=\"font-family: inherit; font-size: 1em;\">La preinscripci\u00f3 nom\u00e9s l\u2019han de fer els <\/span><strong style=\"font-family: inherit; font-size: 1em;\">nens i nenes que faran 3 anys durant l\u2019any 2026<\/strong><span style=\"font-family: inherit; font-size: 1em;\">\u00a0i tots aquells que vulguin canviar de centre.<\/span><\/div>\n<div><\/div>\n<div class=\"entry-content\">\n<p><strong>La resta d\u2019alumnes ja matriculats a l\u2019escola no cal que facin cap tr\u00e0mit.<\/strong><\/p>\n<p class=\"has-text-align-justify\">De manera excepcional, per als casos en els que els sol\u00b7licitants no puguin fer la presentaci\u00f3 online podran presentar la documentaci\u00f3 de forma presencial.\u00a0<strong>Caldr\u00e0 demanar cita pr\u00e8via.<\/strong><\/p>\n<p><a href=\"https:\/\/preinscripcio.gencat.cat\/ca\/estudis\/infantil-3-6\/preinscriute\/sollicitud\/\"><strong>COM FER LA PREINSCRIPCI\u00d3:<\/strong><\/a><\/p>\n<ul>\n<li><strong>Preinscripci\u00f3 online<\/strong>: del 4 al 18 de mar\u00e7, ambd\u00f3s inclosos<\/li>\n<li><strong>Preinscripci\u00f3 presencial<\/strong>, amb cita pr\u00e8via (nom\u00e9s casos excepcionals):\n<ul>\n<li>Enviar email\u00a0<a href=\"mailto:secretaria@joanardevol.org\">e3008547@xtec.cat<\/a><\/li>\n<li>Trucar a secretaria al\u00a0<strong>977368348<\/strong>, de 9 a 13:30 i de 15 a 16:30h.<\/li>\n<\/ul>\n<\/li>\n<\/ul>\n<p><a href=\"https:\/\/preinscripcio.gencat.cat\/ca\/estudis\/infantil-3-6\/informat\/criteris-assignacio\/\"><strong>CRITERIS D\u2019ASSIGNACI\u00d3 DE PLACES<\/strong><\/a><\/p>\n<p><span style=\"text-decoration: underline;\"><strong>1.Criteris prioritaris<\/strong><\/span><\/p>\n<p><strong>1.1 Germans\/es matriculats al centre sol\u00b7licitat.<\/strong> <strong>50 punts<\/strong><\/p>\n<p><strong>1.2 Proximitat :<\/strong> <em>(<\/em><a href=\"https:\/\/www.cambrils.cat\/ca\/serveis\/educacio\/serveis\/ome\/preinscripcio-curs-2025-2026\/arees-d-influencia\"><em>nom\u00e9s una opci\u00f3<\/em>.\u00a0<\/a><em>Llistat de carrers per zones<\/em>)<\/p>\n<p class=\"has-text-align-justify\">-Domicili dins l\u2019\u00e0rea educativa del centre (AREA 2): DNI\/NIE de la persona sol\u00b7licitant o volant de conviv\u00e8ncia familiar. <strong>30 punts<\/strong><\/p>\n<p>-Proximitat del lloc de treball: contracte laboral o certificat em\u00e8s per l\u2019empresa.\u00a0<strong>20 punts<\/strong><\/p>\n<p class=\"has-text-align-justify\">-Residir a Cambrils, per\u00f2 fora de la zona educativa del centre: mateixa documentaci\u00f3 que la requerida al punt 2.1. <strong>10 punts<\/strong><\/p>\n<p><strong>1.3 Si la fam\u00edlia rep la renda garantida de ciutadania o l&#8217;ingr\u00e9s m\u00ednim vital:<\/strong> documentaci\u00f3 acreditativa de ser beneficiari\/\u00e0ria de RGC. <strong>15 punts<\/strong><\/p>\n<p><span style=\"text-decoration: underline;\"><strong>2.Criteris complementaris que nom\u00e9s serveixen per desempatar:<\/strong><\/span><\/p>\n<p>2.1 Pare, mare, tutor o tutora legal que treballin en el centre educatiu sol\u00b7licitat. <strong>10 punts<\/strong><\/p>\n<p>2.2 Fam\u00edlia nombrosa\/monoparental: carnet de fam\u00edlia nombrosa\/monoparental vigent. <strong>10 punts<\/strong><\/p>\n<p>2.3 Quan l\u2019alumne\/a hagi nascut en un part m\u00faltiple: llibre de fam\u00edlia. <strong>10 punts<\/strong><\/p>\n<p>2.4 Quan l\u2019alumne\/a es trobi en situaci\u00f3 d\u2019acolliment familiar. <strong>10 punts<\/strong><\/p>\n<p>2.5 Discapacitat en l\u2019alumne\/a o en el seu pare, mare o germans\/es: targeta acreditativa o certificat oficial de discapacitat igual o superior a 33%. <strong>15 punts<\/strong><\/p>\n<p>2.6 Condici\u00f3 de v\u00edctima de viol\u00e8ncia de g\u00e8nere o de terrorisme: acreditada d\u2019acord amb el r\u00e8gim regulador. <strong>10 punts<\/strong><\/p>\n<p><a href=\"https:\/\/preinscripcio.gencat.cat\/ca\/estudis\/infantil-3-6\/informat\/prepara-documentacio\/\"><strong>DOCUMENTACI\u00d3 NECESS\u00c0RIA:<\/strong><\/a><\/p>\n<ul>\n<li>Llibre de fam\u00edlia o altres documents relatius a la filiaci\u00f3.<\/li>\n<li>DNI, NIE o passaport del sol\u00b7licitant (pare, mare o tutor legal).<\/li>\n<\/ul>\n<p>&nbsp;<\/p>\n<p><a href=\"https:\/\/preinscripcio.gencat.cat\/ca\/estudis\/infantil-3-6\/informat\/calendari\/\"><strong>CALENDARI DEL PROC\u00c9S DE PREINSCIRPCI\u00d3 i MATR\u00cdCULA<\/strong><\/a><\/p>\n<\/div>\n<table class=\"ms-rteTable-7\" style=\"width: 100%; height: 733px;\" width=\"100%\" cellspacing=\"0\">\n<tbody>\n<tr class=\"ms-rteTableHeaderRow-7\" style=\"height: 31px;\">\n<th class=\"ms-rteTableHeaderFirstCol-7\" style=\"width: 51.3005%; height: 31px;\"><strong class=\"ms-rteThemeForeColor-1-0\">Fases de la preinscripci\u00f3\u200b\u200b<\/strong><\/th>\n<th class=\"ms-rteTableHeaderEvenCol-7\" style=\"width: 25.4336%; height: 31px;\"><strong class=\"ms-rteThemeForeColor-1-0\">Dates<\/strong><\/th>\n<\/tr>\n<tr class=\"ms-rteTableOddRow-7\" style=\"height: 32px;\">\n<th class=\"ms-rteTableFirstCol-7\" style=\"width: 51.3005%; text-align: left; height: 32px;\"><del>Gesti\u00f3<strong> de l&#8217;oferta (reserva per a alumnes del centre)\u200b<\/strong><\/del><\/th>\n<td class=\"ms-rteTableEvenCol-7\" style=\"width: 25.4336%; height: 32px;\">Del 19 al 24 de febrer\u200b<\/td>\n<\/tr>\n<tr class=\"ms-rteTableEvenRow-7\" style=\"height: 32px;\">\n<th class=\"ms-rteTableFirstCol-7\" style=\"width: 51.3005%; text-align: left; height: 32px;\"><del><strong>Publicaci\u00f3 de l&#8217;oferta inicial<\/strong><\/del><\/th>\n<td class=\"ms-rteTableEvenCol-7\" style=\"width: 25.4336%; height: 32px;\">3 de mar\u00e7<\/td>\n<\/tr>\n<tr class=\"ms-rteTableOddRow-7\" style=\"height: 45px;\">\n<th class=\"ms-rteTableFirstCol-7\" style=\"width: 51.3005%; text-align: left; height: 45px;\"><del><span style=\"color: #008000;\"><strong>Presentaci\u00f3 i\/o modificaci\u00f3 de sol\u00b7licituds 2n cicle d&#8217;educaci\u00f3 infantil i prim\u00e0ria<\/strong><\/span><\/del><\/th>\n<td class=\"ms-rteTableEvenCol-7\" style=\"width: 25.4336%; height: 45px;\"><span style=\"color: #008000;\"><strong>Del 4 al 18 de mar\u00e7<\/strong><\/span><\/td>\n<\/tr>\n<tr class=\"ms-rteTableEvenRow-7\" style=\"height: 32px;\">\n<th class=\"ms-rteTableFirstCol-7\" style=\"width: 51.3005%; text-align: left; height: 32px;\"><del>Presentaci\u00f3 de documentaci\u00f3<\/del><\/th>\n<td class=\"ms-rteTableEvenCol-7\" style=\"width: 25.4336%; height: 32px;\">Fins el 19 de mar\u00e7\u200b<\/td>\n<\/tr>\n<tr class=\"ms-rteTableOddRow-7\" style=\"height: 45px;\">\n<th class=\"ms-rteTableFirstCol-7\" style=\"width: 51.3005%; text-align: left; height: 45px;\"><del>Gesti\u00f3 de sol\u00b7licituds (per sortir a les llistes amb la puntuaci\u00f3 provisional)<\/del><\/th>\n<td class=\"ms-rteTableEvenCol-7\" style=\"width: 25.4336%; height: 45px;\">Del 20 de mar\u00e7 al 13 d&#8217;abril<\/td>\n<\/tr>\n<tr class=\"ms-rteTableEvenRow-7\" style=\"height: 32px;\">\n<th class=\"ms-rteTableFirstCol-7\" style=\"width: 51.3005%; text-align: left; height: 32px;\"><del><span style=\"color: #008000;\"><strong>Publicaci\u00f3 de la llista de sol\u00b7licituds amb la puntuaci\u00f3 provisional<\/strong><\/span><\/del><\/th>\n<td class=\"ms-rteTableEvenCol-7\" style=\"width: 25.4336%; height: 32px;\"><span style=\"color: #008000;\"><strong>15 d&#8217;abril<\/strong><\/span><\/td>\n<\/tr>\n<tr class=\"ms-rteTableOddRow-7\" style=\"height: 45px;\">\n<th class=\"ms-rteTableFirstCol-7\" style=\"width: 51.3005%; text-align: left; height: 45px;\"><del>Presentaci\u00f3 de reclamacions per\u00a0a la llista amb la puntuaci\u00f3 provisional<\/del><\/th>\n<td class=\"ms-rteTableEvenCol-7\" style=\"width: 25.4336%; height: 45px;\">Del 15 al 20 d&#8217;abril<\/td>\n<\/tr>\n<tr class=\"ms-rteTableEvenRow-7\" style=\"height: 32px;\">\n<th class=\"ms-rteTableFirstCol-7\" style=\"width: 51.3005%; text-align: left; height: 32px;\"><del>Gesti\u00f3 de reclamacions<\/del><\/th>\n<td class=\"ms-rteTableEvenCol-7\" style=\"width: 25.4336%; height: 32px;\">Del 15 al 21 d&#8217;abril<\/td>\n<\/tr>\n<tr class=\"ms-rteTableOddRow-7\" style=\"height: 45px;\">\n<th class=\"ms-rteTableFirstCol-7\" style=\"width: 51.3005%; text-align: left; height: 45px;\"><del><span style=\"color: #008000;\"><strong>Publicaci\u00f3 de la llista amb la puntuaci\u00f3, un cop\u00a0resoltes les reclamacions<\/strong><\/span><\/del><\/th>\n<td class=\"ms-rteTableEvenCol-7\" style=\"width: 25.4336%; height: 45px;\"><span style=\"color: #008000;\"><strong>23 d&#8217;abril<\/strong><\/span><\/td>\n<\/tr>\n<tr class=\"ms-rteTableEvenRow-7\" style=\"height: 32px;\">\n<th class=\"ms-rteTableFirstCol-7\" style=\"width: 51.3005%; text-align: left; height: 32px;\"><del><strong>Sorteig<\/strong><\/del><\/th>\n<td class=\"ms-rteTableEvenCol-7\" style=\"width: 25.4336%; height: 32px;\"><strong>28 d&#8217;abril<\/strong><\/td>\n<\/tr>\n<tr class=\"ms-rteTableOddRow-7\" style=\"height: 32px;\">\n<th class=\"ms-rteTableFirstCol-7\" style=\"width: 51.3005%; text-align: left; height: 32px;\"><del><span style=\"color: #008000;\">Publicaci\u00f3 de la llista ordenada<\/span><\/del><\/th>\n<td class=\"ms-rteTableEvenCol-7\" style=\"width: 25.4336%; height: 32px;\"><strong><span style=\"color: #008000;\">29 d&#8217;abril<\/span><\/strong><\/td>\n<\/tr>\n<tr class=\"ms-rteTableEvenRow-7\" style=\"height: 45px;\">\n<th class=\"ms-rteTableFirstCol-7\" style=\"width: 51.3005%; text-align: left; height: 45px;\">\u00daltim dia per revisar la reserva de places a l&#8217;aplicaci\u00f3 (per part de la Inspecci\u00f3, a petici\u00f3 del centre)<\/th>\n<td class=\"ms-rteTableEvenCol-7\" style=\"width: 25.4336%; height: 45px;\">30 d&#8217;abril<\/td>\n<\/tr>\n<tr class=\"ms-rteTableOddRow-7\" style=\"height: 45px;\">\n<th class=\"ms-rteTableFirstCol-7\" style=\"width: 51.3005%; text-align: left; height: 45px;\">Ampliaci\u00f3 de peticions \u2013per a\u00a0aquells que necessiten assignaci\u00f3 d&#8217;ofici i no s&#8217;han assignat per petici\u00f3 original- (fam\u00edlies)<\/th>\n<td class=\"ms-rteTableEvenCol-7\" style=\"width: 25.4336%; height: 45px;\">De l&#8217;1 al 3 de juny<\/td>\n<\/tr>\n<tr class=\"ms-rteTableEvenRow-7\" style=\"height: 32px;\">\n<th class=\"ms-rteTableFirstCol-7\" style=\"width: 51.3005%; text-align: left; height: 32px;\">Publicaci\u00f3 de l&#8217;oferta final<\/th>\n<td class=\"ms-rteTableEvenCol-7\" style=\"width: 25.4336%; height: 32px;\">10 de juny<\/td>\n<\/tr>\n<tr class=\"ms-rteTableOddRow-7\" style=\"height: 32px;\">\n<th class=\"ms-rteTableFirstCol-7\" style=\"width: 51.3005%; text-align: left; height: 32px;\"><span style=\"color: #008000;\"><strong>Publicaci\u00f3 de la llista d&#8217;admesos i la llista d&#8217;espera<\/strong><\/span><\/th>\n<td class=\"ms-rteTableEvenCol-7\" style=\"width: 25.4336%; height: 32px;\"><span style=\"color: #008000;\"><strong>10 de juny<\/strong><\/span><\/td>\n<\/tr>\n<tr class=\"ms-rteTableEvenRow-7\" style=\"height: 32px;\">\n<td class=\"ms-rteTableFirstCol-7\" style=\"width: 51.3005%; text-align: left; height: 32px;\"><span style=\"color: #008000;\">\u200b\u200b<strong>Per\u00edode de matriculaci\u00f3\u00a0<\/strong><\/span><\/td>\n<td class=\"ms-rteTableEvenCol-7\" style=\"width: 25.4336%; height: 32px;\"><span style=\"color: #008000;\"><strong>Del 22 al 30 de juny<\/strong><\/span><\/td>\n<\/tr>\n<tr class=\"ms-rteTableOddRow-7\" style=\"height: 32px;\">\n<td class=\"ms-rteTableFirstCol-7\" style=\"width: 51.3005%; text-align: left; height: 32px;\">Finalitzaci\u00f3 de la matr\u00edcula<\/td>\n<td class=\"ms-rteTableEvenCol-7\" style=\"width: 25.4336%; height: 32px;\">De l&#8217;1 al 10 de juliol<\/td>\n<\/tr>\n<tr class=\"ms-rteTableEvenRow-7\" style=\"height: 32px;\">\n<td class=\"ms-rteTableFirstCol-7\" style=\"width: 51.3005%; text-align: left; height: 32px;\">Gesti\u00f3 de la llista d&#8217;espera\u00a0\u200b<\/td>\n<td class=\"ms-rteTableEvenCol-7\" style=\"width: 25.4336%; height: 32px;\">De l&#8217;1 de juliol al 2 de setembre<\/td>\n<\/tr>\n<tr class=\"ms-rteTableOddRow-7\" style=\"height: 48px;\">\n<td class=\"ms-rteTableFirstCol-7\" style=\"width: 51.3005%; text-align: left; height: 48px;\">Llistes d&#8217;alumnes matriculats procedents de preinscripci\u00f3 i nova admissi\u00f3<\/td>\n<td class=\"ms-rteTableEvenCol-7\" style=\"width: 25.4336%; height: 48px;\">30 de setembre<\/td>\n<\/tr>\n<\/tbody>\n<\/table>\n<p>Del 19 de mar\u00e7 al 20 d&#8217;abril, les fam\u00edlies podran presentar sol\u00b7licituds fora de termini, la qual cosa es marcar\u00e0 autom\u00e0ticament als efectes de l&#8217;aplicaci\u00f3 de la prioritat en l&#8217;assignaci\u00f3.\u200b<\/p>\n<p><a href=\"https:\/\/dogc.gencat.cat\/ca\/document-del-dogc\/?documentId=1038079\"><span style=\"color: #ff0000;\"><strong>Normativa definitiva preinscripci\u00f3 i matr\u00edcula curs 2026-2027<\/strong><\/span><\/a><\/p>\n","protected":false},"excerpt":{"rendered":"<p>\u21d2 N\u00daMERO DE DESEMPAT: 42.129<br \/>\n<a href=\"https:\/\/agora.xtec.cat\/escolacambrils\/wp-content\/uploads\/usu2662\/2026\/04\/INFORME_BAREM_DEFINITIU_BAREM.pdf\"> \u21d2 Publicaci\u00f3 de la llista de sol\u00b7licituds que han demanat el centre i l&#8217;ensenyament en primera petici\u00f3 ordenada a 29\/04\/2026<\/a><\/p>\n<p><a href=\"https:\/\/agora.xtec.cat\/escolacambrils\/wp-content\/uploads\/usu2662\/2026\/03\/INFORME_OFERTA_OME_INFORME_OFERTA.pdf\">\u21d2 Publicaci\u00f3 de l&#8217;oferta inicial de places_03\/03\/2026<\/a><br \/>\n.<\/p>\n<p>.<\/p>\n<p>La preinscripci\u00f3 nom\u00e9s l\u2019han de fer els nens i nenes que faran 3&hellip;  <a href=\"https:\/\/agora.xtec.cat\/escolacambrils\/preinscripcio-i-matricula-2026-2027\/\" title=\"Read PREINSCRIPCI\u00d3 i MATRICULA 2026-2027\">Llegeix m\u00e9s\u00bb<\/a><\/p>\n","protected":false},"author":1,"featured_media":0,"parent":0,"menu_order":0,"comment_status":"closed","ping_status":"closed","template":"","meta":{"_bbp_topic_count":0,"_bbp_reply_count":0,"_bbp_total_topic_count":0,"_bbp_total_reply_count":0,"_bbp_voice_count":0,"_bbp_anonymous_reply_count":0,"_bbp_topic_count_hidden":0,"_bbp_reply_count_hidden":0,"_bbp_forum_subforum_count":0,"footnotes":""},"class_list":["post-8709","page","type-page","status-publish","hentry"],"post_mailing_queue_ids":[],"_links":{"self":[{"href":"https:\/\/agora.xtec.cat\/escolacambrils\/wp-json\/wp\/v2\/pages\/8709","targetHints":{"allow":["GET"]}}],"collection":[{"href":"https:\/\/agora.xtec.cat\/escolacambrils\/wp-json\/wp\/v2\/pages"}],"about":[{"href":"https:\/\/agora.xtec.cat\/escolacambrils\/wp-json\/wp\/v2\/types\/page"}],"author":[{"embeddable":true,"href":"https:\/\/agora.xtec.cat\/escolacambrils\/wp-json\/wp\/v2\/users\/1"}],"replies":[{"embeddable":true,"href":"https:\/\/agora.xtec.cat\/escolacambrils\/wp-json\/wp\/v2\/comments?post=8709"}],"version-history":[{"count":8,"href":"https:\/\/agora.xtec.cat\/escolacambrils\/wp-json\/wp\/v2\/pages\/8709\/revisions"}],"predecessor-version":[{"id":14591,"href":"https:\/\/agora.xtec.cat\/escolacambrils\/wp-json\/wp\/v2\/pages\/8709\/revisions\/14591"}],"wp:attachment":[{"href":"https:\/\/agora.xtec.cat\/escolacambrils\/wp-json\/wp\/v2\/media?parent=8709"}],"curies":[{"name":"wp","href":"https:\/\/api.w.org\/{rel}","templated":true}]}}