{"id":7162,"date":"2025-07-01T08:00:18","date_gmt":"2025-07-01T06:00:18","guid":{"rendered":"https:\/\/agora.xtec.cat\/escolacambrils\/?page_id=7162"},"modified":"2025-06-26T10:23:28","modified_gmt":"2025-06-26T08:23:28","slug":"llibres-i-material-2025-2026","status":"publish","type":"page","link":"https:\/\/agora.xtec.cat\/escolacambrils\/llibres-i-material-2025-2026\/","title":{"rendered":"Llibres i material 2025-2026"},"content":{"rendered":"<h4><strong><span style=\"text-decoration: underline;\">EDUCACI\u00d3 INFANTIL<\/span><\/strong><\/h4>\n<p class=\"entry-title\" style=\"text-align: justify;\"><strong style=\"font-family: inherit; font-size: 1em;\"><span style=\"text-decoration: underline;\"><span style=\"color: #800080; text-decoration: underline;\">ALUMNAT i3<\/span><\/span>: lliurar\u00e0 el resguard de pagament (si no ho han fet ja) i el material d\u2019higiene personal el primer dia que tinguin assignat del seu per\u00edode inicial d\u2019adaptaci\u00f3.<\/strong><\/p>\n<div class=\"entry-content\">\n<p style=\"text-align: justify;\"><strong><span style=\"color: #ff6600;\"><span style=\"text-decoration: underline;\">ALUMNAT i4 + i5<\/span>:<\/span> <span style=\"color: #ff0000;\">el dimarts 9 de setembre del 2025<\/span>, primer dia de curs, es lliurar\u00e0 el resguard de pagament i el material d\u2019higiene personal.<\/strong><\/p>\n<h2 style=\"text-align: center;\">i3<\/h2>\n<p><a href=\"https:\/\/agora.xtec.cat\/escolacambrils\/wp-content\/uploads\/usu2662\/2025\/06\/I3.pdf\"><img loading=\"lazy\" decoding=\"async\" class=\"aligncenter size-thumbnail wp-image-10585\" src=\"https:\/\/agora.xtec.cat\/escolacambrils\/wp-content\/uploads\/usu2662\/2024\/01\/png-clipart-book-book-150x150.png\" alt=\"\" width=\"150\" height=\"150\" \/><\/a><\/p>\n<h2 style=\"text-align: center;\">i4<\/h2>\n<h2 style=\"text-align: center;\"><a href=\"https:\/\/agora.xtec.cat\/escolacambrils\/wp-content\/uploads\/usu2662\/2025\/06\/I4.pdf\"><img loading=\"lazy\" decoding=\"async\" class=\"aligncenter size-thumbnail wp-image-10585\" src=\"https:\/\/agora.xtec.cat\/escolacambrils\/wp-content\/uploads\/usu2662\/2024\/01\/png-clipart-book-book-150x150.png\" alt=\"\" width=\"150\" height=\"150\" \/><\/a><\/h2>\n<h2 style=\"text-align: center;\">i5<\/h2>\n<p style=\"text-align: center;\"><a href=\"https:\/\/agora.xtec.cat\/escolacambrils\/wp-content\/uploads\/usu2662\/2025\/06\/I5.pdf\"><img loading=\"lazy\" decoding=\"async\" class=\"aligncenter size-thumbnail wp-image-10585\" src=\"https:\/\/agora.xtec.cat\/escolacambrils\/wp-content\/uploads\/usu2662\/2024\/01\/png-clipart-book-book-150x150.png\" alt=\"\" width=\"150\" height=\"150\" \/><\/a><\/p>\n<\/div>\n<div class=\"entry-content\">\n<h2 style=\"text-align: center;\"><\/h2>\n<\/div>\n<div class=\"entry-content\">\n<h4 style=\"text-align: left;\"><span style=\"text-decoration: underline;\"><strong>EDUCACI\u00d3 PRIM\u00c0RIA<\/strong><\/span><\/h4>\n<p><strong>Recordeu que a partir de 3r curs hi han dos llistats: un pels que participeu al\u00a0<em>\u201cPrograma de reutilitzaci\u00f3 de llibres\u201d<\/em>\u00a0i un altre pels que no.<\/strong><\/p>\n<p style=\"text-align: center;\"><strong>C. INICIAL 1r\u00a0<\/strong><\/p>\n<p><a href=\"https:\/\/agora.xtec.cat\/escolacambrils\/wp-content\/uploads\/usu2662\/2025\/06\/1r.pdf\"><img loading=\"lazy\" decoding=\"async\" class=\"aligncenter size-thumbnail wp-image-10585\" src=\"https:\/\/agora.xtec.cat\/escolacambrils\/wp-content\/uploads\/usu2662\/2024\/01\/png-clipart-book-book-150x150.png\" alt=\"\" width=\"150\" height=\"150\" \/><\/a><\/p>\n<p style=\"text-align: center;\"><strong>\u00a0 \u00a0 \u00a0 \u00a0C. INICIAL 2n<\/strong><\/p>\n<p style=\"text-align: center;\"><a href=\"https:\/\/agora.xtec.cat\/escolacambrils\/wp-content\/uploads\/usu2662\/2025\/06\/2n.pdf\"><img loading=\"lazy\" decoding=\"async\" class=\"aligncenter size-thumbnail wp-image-10585\" src=\"https:\/\/agora.xtec.cat\/escolacambrils\/wp-content\/uploads\/usu2662\/2024\/01\/png-clipart-book-book-150x150.png\" alt=\"\" width=\"150\" height=\"150\" \/><\/a><\/p>\n<p style=\"text-align: center;\"><strong>C. MITJ\u00c0 3r<\/strong><\/p>\n<p style=\"text-align: center;\"><a href=\"https:\/\/agora.xtec.cat\/escolacambrils\/wp-content\/uploads\/usu2662\/2025\/06\/3r-llibres-i-material.pdf\"><img loading=\"lazy\" decoding=\"async\" class=\"aligncenter size-thumbnail wp-image-10585\" src=\"https:\/\/agora.xtec.cat\/escolacambrils\/wp-content\/uploads\/usu2662\/2024\/01\/png-clipart-book-book-150x150.png\" alt=\"\" width=\"150\" height=\"150\" \/><\/a><\/p>\n<p style=\"text-align: center;\">\u00a0 \u00a0<strong>C. MITJ\u00c0 4t<\/strong>\u00a0 \u00a0 <a href=\"https:\/\/agora.xtec.cat\/escolacambrils\/wp-content\/uploads\/usu2662\/2025\/06\/4t-llibres-i-material.pdf\"><img loading=\"lazy\" decoding=\"async\" class=\"aligncenter size-thumbnail wp-image-10585\" src=\"https:\/\/agora.xtec.cat\/escolacambrils\/wp-content\/uploads\/usu2662\/2024\/01\/png-clipart-book-book-150x150.png\" alt=\"\" width=\"150\" height=\"150\" \/><\/a><\/p>\n<p style=\"text-align: center;\"><strong style=\"text-align: center;\">C. SUPERIOR 5\u00e8<\/strong><a href=\"https:\/\/agora.xtec.cat\/escolacambrils\/wp-content\/uploads\/usu2662\/2025\/06\/5e-llibres-i-material.pdf\"><img loading=\"lazy\" decoding=\"async\" class=\"aligncenter size-thumbnail wp-image-10585\" src=\"https:\/\/agora.xtec.cat\/escolacambrils\/wp-content\/uploads\/usu2662\/2024\/01\/png-clipart-book-book-150x150.png\" alt=\"\" width=\"150\" height=\"150\" \/><\/a><\/p>\n<p style=\"text-align: center;\">\u00a0\u00a0<strong>C. SUPERIOR 6\u00e8<\/strong><\/p>\n<p><a href=\"https:\/\/agora.xtec.cat\/escolacambrils\/wp-content\/uploads\/usu2662\/2025\/06\/6e-llibres-i-material.pdf\"><img loading=\"lazy\" decoding=\"async\" class=\"aligncenter size-thumbnail wp-image-10585\" src=\"https:\/\/agora.xtec.cat\/escolacambrils\/wp-content\/uploads\/usu2662\/2024\/01\/png-clipart-book-book-150x150.png\" alt=\"\" width=\"150\" height=\"150\" \/><\/a><\/p>\n<p style=\"text-align: justify;\"><strong>Tot l&#8217;alumnat de Prim\u00e0ria caldr\u00e0 que el <span style=\"color: #ff0000;\">dia 4 de setembre d&#8217;11:30 a 13:30h<\/span> porti tot el material personal marcat (bata i xandall encara no), els llibres tamb\u00e9 amb els folres i el nom posat, <\/strong><strong>i lliurament del resguard del pagament del material sociabilitzat.<\/strong><\/p>\n<p class=\"has-text-align-justify has-text-color has-medium-font-size\"><span style=\"text-decoration: underline;\"><strong>PROGRAMA DE SOCIALITZACI\u00d3 DE MATERIAL i REUTILITZACI\u00d3 DE LLIBRES<\/strong><\/span><\/p>\n<p>Aquest programa t\u00e9 com a objectius:<a href=\"https:\/\/agora.xtec.cat\/escolacambrils\/wp-content\/uploads\/usu2662\/2024\/01\/to-read-on-a-pile-of-books-26350-1.jpg\"><img loading=\"lazy\" decoding=\"async\" class=\"alignright wp-image-10588 size-medium\" src=\"https:\/\/agora.xtec.cat\/escolacambrils\/wp-content\/uploads\/usu2662\/2024\/01\/to-read-on-a-pile-of-books-26350-1-213x300.jpg\" alt=\"\" width=\"213\" height=\"300\" srcset=\"https:\/\/agora.xtec.cat\/escolacambrils\/wp-content\/uploads\/usu2662\/2024\/01\/to-read-on-a-pile-of-books-26350-1-213x300.jpg 213w, https:\/\/agora.xtec.cat\/escolacambrils\/wp-content\/uploads\/usu2662\/2024\/01\/to-read-on-a-pile-of-books-26350-1.jpg 620w\" sizes=\"auto, (max-width: 213px) 100vw, 213px\" \/><\/a><\/p>\n<ul>\n<li><strong>Fomentar valors:<\/strong>\n<ul>\n<li>Fomentar la responsabilitat mitjan\u00e7ant la socialitzaci\u00f3.<\/li>\n<li>Saber compartir.<\/li>\n<li>Ser respectu\u00f3s amb els b\u00e9ns de tots.<\/li>\n<li>Ser sostenibles amb el medi ambient.<\/li>\n<li>Valorar i ser racionals amb els recursos.<\/li>\n<\/ul>\n<\/li>\n<li><strong>Reduir la despesa en llibres de text i material did\u00e0ctic complementari que tenen les fam\u00edlies a comen\u00e7ament de curs.<\/strong><\/li>\n<\/ul>\n<p class=\"has-text-align-justify\">Amb aquesta iniciativa, els llibres poden \u00e9sser aprofitats al llarg d\u2019un per\u00edode de, com a m\u00ednim, quatre anys, termini imposat per la llei a les editorials per mantenir-los. El projecte rep una subvenci\u00f3 de l\u2019<strong>Ajuntament de Cambrils<\/strong> que varia cada any.<\/p>\n<p><a href=\"https:\/\/agora.xtec.cat\/escolacambrils\/wp-content\/uploads\/usu2662\/2024\/12\/LOGO-AJUNTAMENT-CAMBRILS.jpg\"><img loading=\"lazy\" decoding=\"async\" class=\"size-full wp-image-12645 aligncenter\" src=\"https:\/\/agora.xtec.cat\/escolacambrils\/wp-content\/uploads\/usu2662\/2024\/12\/LOGO-AJUNTAMENT-CAMBRILS.jpg\" alt=\"\" width=\"277\" height=\"101\" \/><\/a><\/p>\n<div class=\"wp-block-image\">\n<p><strong style=\"font-family: inherit; font-size: 1em;\">APORTACIONS DE LES FAMILIES PER LA SOCIALITZACI\u00d3 DE MATERIAL, PROGRAMES DID\u00c0CTICS i REUTILITZACI\u00d3 DE LLIBRES 2025-2026<\/strong><\/p>\n<\/div>\n<h5><span style=\"color: #339966;\">(quantitats incloses al pressupost del 2025 aprovat pel Consell Escolar)<\/span><\/h5>\n<ul>\n<li style=\"text-align: justify;\"><span style=\"text-decoration: underline;\">Ed. Infantil i3<\/span>: socialitzaci\u00f3 material escolar i programes did\u00e0ctics, agenda escolar, fotografia de grup de Nadal, Dinantia i 5\u20ac teatre en angl\u00e8s =<span style=\"color: #339966;\"><strong><span class=\"has-inline-color\">Total 95\u20ac*<\/span><\/strong><\/span><\/li>\n<li style=\"text-align: justify;\"><span style=\"text-decoration: underline;\">Ed. Infantil i4 i i5<\/span>: socialitzaci\u00f3 material escolar i programes did\u00e0ctics, agenda escolar, fotografia de grup de Nadal, Dinantia i 5\u20ac teatre en angl\u00e8s =<span style=\"color: #339966;\"><strong><span class=\"has-inline-color\">Total 95\u20ac*<\/span><\/strong><\/span><\/li>\n<li style=\"text-align: justify;\"><span style=\"text-decoration: underline;\">Cicle Inicial 1r i 2n<\/span>: socialitzaci\u00f3 material escolar i programes did\u00e0ctics, agenda escolar, fotografia de grup de Nadal, Dinantia i 5\u20ac teatre en angl\u00e8s =<span style=\"color: #339966;\"><strong><span class=\"has-inline-color\">Total 62\u20ac*<\/span><\/strong><\/span><\/li>\n<li style=\"text-align: justify;\"><span style=\"text-decoration: underline;\">Cicle Mitj\u00e0 3r<\/span>: material escolar i programes did\u00e0ctics, agenda escolar, fotografia de grup de Nadal, Dinantia i 5\u20ac teatre en angl\u00e8s (36\u20ac) + reutilitzaci\u00f3 llibres (46\u20ac) \u00a0=<span style=\"color: #339966;\"><strong><span class=\"has-inline-color\">Total 82\u20ac**. Opci\u00f3 no reutilitzaci\u00f3 = 36\u20ac<\/span><\/strong><\/span><\/li>\n<li style=\"text-align: justify;\"><span style=\"text-decoration: underline;\">Cicle Mitj\u00e0 4t<\/span>: material escolar i programes did\u00e0ctics, agenda escolar, fotografia de grup de Nadal, Dinantia i 5\u20ac teatre en angl\u00e8s (36\u20ac) + reutilitzaci\u00f3 llibres <span style=\"font-family: inherit; font-size: 1em;\">(31\u20ac) <\/span><span style=\"font-family: inherit; font-size: 1em;\">=<\/span><span style=\"font-family: inherit; font-size: 1em; color: #339966;\"><strong><span class=\"has-inline-color\">Total 67\u20ac** <\/span><\/strong><\/span><span style=\"font-family: inherit; font-size: 1em;\">(36\u20ac + 46\u20ac = 82\u20ac per qui s\u2019inscrigui per primer cop al programa de reutilitzaci\u00f3). <span style=\"color: #339966;\"><strong><span class=\"has-inline-color\">Opci\u00f3 n<\/span><\/strong><\/span><span style=\"color: #339966;\"><strong><span class=\"has-inline-color\">o reutilitzaci\u00f3 = 36\u20ac<\/span><\/strong><\/span><\/span><\/li>\n<li style=\"text-align: justify;\"><span style=\"text-decoration: underline;\">Cicle Superior 5\u00e8 i 6\u00e8<\/span>: material escolar i programes did\u00e0ctics, agenda escolar, fotografia de grup de Nadal, Dinantia i 5\u20ac teatre en angl\u00e8s (35\u20ac) + reutilitzaci\u00f3 llibres <span style=\"font-family: inherit; font-size: 1em;\">(31\u20ac) <\/span>=<span style=\"font-family: inherit; font-size: 1em; color: #339966;\"><strong><span class=\"has-inline-color\">Total 66\u20ac** <\/span><\/strong><\/span><span style=\"font-family: inherit; font-size: 1em;\">(35\u20ac + 46\u20ac= 81\u20ac per qui s\u2019inscrigui per primer cop al programa de reutilitzaci\u00f3). <span style=\"color: #339966;\"><strong><span class=\"has-inline-color\">Opci\u00f3 n<\/span><\/strong><\/span><\/span><span style=\"font-family: inherit; font-size: 1em;\"><span style=\"color: #339966;\"><strong><span class=\"has-inline-color\">o reutilitzaci\u00f3 = 35\u20ac<\/span><\/strong><\/span><\/span><\/li>\n<\/ul>\n<p><strong>*A Ed. Infantil i al Cicle Inicial (1r i 2n) no hi ha programa de reutilitzaci\u00f3.<\/strong><\/p>\n<p><strong>** La quota inicial d\u2019inscripci\u00f3 al programa de reutilitzaci\u00f3 ser\u00e0 sempre de 46\u20ac, tant si es comen\u00e7a a 3r curs, com a qualsevol altre posterior. Les posteriors vegades la quota disminueix.<\/strong><\/p>\n<\/div>\n","protected":false},"excerpt":{"rendered":"<p>EDUCACI\u00d3 INFANTIL<br \/>\nALUMNAT i3: lliurar\u00e0 el resguard de pagament (si no ho han fet ja) i el material d\u2019higiene personal el primer dia que tinguin assignat del seu per\u00edode inicial d\u2019adaptaci\u00f3.<\/p>\n<p>ALUMNAT i4 + i5: el dimarts 9 de setembre del 2025, primer dia de curs, es&hellip;  <a href=\"https:\/\/agora.xtec.cat\/escolacambrils\/llibres-i-material-2025-2026\/\" title=\"Read Llibres i material 2025-2026\">Llegeix m\u00e9s\u00bb<\/a><\/p>\n","protected":false},"author":15,"featured_media":0,"parent":0,"menu_order":0,"comment_status":"closed","ping_status":"closed","template":"","meta":{"_bbp_topic_count":0,"_bbp_reply_count":0,"_bbp_total_topic_count":0,"_bbp_total_reply_count":0,"_bbp_voice_count":0,"_bbp_anonymous_reply_count":0,"_bbp_topic_count_hidden":0,"_bbp_reply_count_hidden":0,"_bbp_forum_subforum_count":0,"footnotes":""},"class_list":["post-7162","page","type-page","status-publish","hentry"],"post_mailing_queue_ids":[],"_links":{"self":[{"href":"https:\/\/agora.xtec.cat\/escolacambrils\/wp-json\/wp\/v2\/pages\/7162","targetHints":{"allow":["GET"]}}],"collection":[{"href":"https:\/\/agora.xtec.cat\/escolacambrils\/wp-json\/wp\/v2\/pages"}],"about":[{"href":"https:\/\/agora.xtec.cat\/escolacambrils\/wp-json\/wp\/v2\/types\/page"}],"author":[{"embeddable":true,"href":"https:\/\/agora.xtec.cat\/escolacambrils\/wp-json\/wp\/v2\/users\/15"}],"replies":[{"embeddable":true,"href":"https:\/\/agora.xtec.cat\/escolacambrils\/wp-json\/wp\/v2\/comments?post=7162"}],"version-history":[{"count":6,"href":"https:\/\/agora.xtec.cat\/escolacambrils\/wp-json\/wp\/v2\/pages\/7162\/revisions"}],"predecessor-version":[{"id":13708,"href":"https:\/\/agora.xtec.cat\/escolacambrils\/wp-json\/wp\/v2\/pages\/7162\/revisions\/13708"}],"wp:attachment":[{"href":"https:\/\/agora.xtec.cat\/escolacambrils\/wp-json\/wp\/v2\/media?parent=7162"}],"curies":[{"name":"wp","href":"https:\/\/api.w.org\/{rel}","templated":true}]}}