{"id":7131,"date":"2022-06-29T18:02:58","date_gmt":"2022-06-29T16:02:58","guid":{"rendered":"https:\/\/agora.xtec.cat\/escolacambrils\/?page_id=7131"},"modified":"2022-06-29T18:03:41","modified_gmt":"2022-06-29T16:03:41","slug":"projecte-linguistic-de-centre-plc","status":"publish","type":"page","link":"https:\/\/agora.xtec.cat\/escolacambrils\/projecte-linguistic-de-centre-plc\/","title":{"rendered":"Projecte Ling\u00fc\u00edstic de Centre (PLC)"},"content":{"rendered":"<p class=\"entry-title\" style=\"text-align: justify;\"><span style=\"font-family: inherit; font-size: 1em;\">El nou Projecte Ling\u00fc\u00edstic de l\u2019Escola Cambrils respon a una necessitat de revisi\u00f3 i actualitzaci\u00f3, ja que es pret\u00e9n que la seva durada sigui de 4 anys coincidint amb l\u2019aplicaci\u00f3 de l\u2019actual Projecte de Direcci\u00f3. Aquest document caldr\u00e0 anar-lo modificant i adaptant-lo als canvis que es vagin produint al centre i a la normativa.<\/span><\/p>\n<div class=\"entry-content\">\n<p style=\"text-align: justify;\">La normalitzaci\u00f3 ling\u00fc\u00edstica \u00e9s un objectiu b\u00e0sic de la nostra escola i aquest document ha de\u00a0ser l\u2019instrument de gesti\u00f3 que faci possible aquest proc\u00e9s de normalitzaci\u00f3; el PLC ha de ser\u00a0l\u2019instrument per a desenvolupar coherent i efica\u00e7ment les activitats educatives al centre.<br \/>\nEl Projecte Ling\u00fc\u00edstic forma part del Projecte Educatiu de Centre (PEC) i ha estat elaborat tenint\u00a0en compte el marc legal, la diagnosi de la realitat del centre, aix\u00ed com els trets d\u2019identitat de\u00a0l\u2019escola. Recull els acords presos en relaci\u00f3 a l\u2019ensenyament i aprenentatge de les lleng\u00fces i la\u00a0comunicaci\u00f3 al centre, acords que han de con\u00e8ixer i respectar tots els membres i estaments\u00a0de la comunitat educativa.<br \/>\nTal com marca el nou model ling\u00fc\u00edstic del sistema educatiu i el fet que som una escola p\u00fablica,\u00a0fa que estem oberts a tothom i a ser tolerants amb les diferents formes de pensar tot respectant els drets recollits a les diferents lleis que regulen la nostra societat.<\/p>\n<p style=\"text-align: justify;\">Objectius generals:<br \/>\nL\u2019objectiu d\u2019aquest projecte \u00e9s deixar per escrit quina \u00e9s la situaci\u00f3 ling\u00fc\u00edstica actual del\u00a0nostre centre i fer con\u00e8ixer que la llengua vehicular de l\u2019Escola Cambrils, normalment \u00e9s el\u00a0catal\u00e0, tant pel que fa a les activitats d\u2019aprenentatge com en les relacions dels diversos estaments de la comunitat educativa i institucions.<br \/>\nUn altre dels objectius d\u2019aquest projecte ling\u00fc\u00edstic \u00e9s aconseguir que tot l\u2019alumnat assoleixi,\u00a0en acabar el per\u00edode d\u2019escolaritzaci\u00f3 prim\u00e0ria, la compet\u00e8ncia ling\u00fc\u00edstica en catal\u00e0 i castell\u00e0 i a\u00a0m\u00e9s en una llengua estrangera, en aquest cas l\u2019angl\u00e8s.<\/p>\n<p style=\"text-align: justify;\">En aquest Projecte Ling\u00fc\u00edstic de Centre quedar\u00e0 definit:<\/p>\n<ul style=\"text-align: justify;\">\n<li>El tractament de la llengua catalana, com a llengua vehicular i d\u2019aprenentatge<\/li>\n<li>El tractament global de les lleng\u00fces curriculars (catalana, castellana i anglesa) en els processos d\u2019ensenyament-aprenentatge.<\/li>\n<li>Els aspectes d\u2019organitzaci\u00f3 i gesti\u00f3 que tinguin repercussions ling\u00fc\u00edstiques<\/li>\n<\/ul>\n<p style=\"text-align: justify;\">Tots els principis expressats en aquest Projecte Ling\u00fc\u00edstic de Centre es concretaran\u00a0anualment en la Programaci\u00f3 General Anual (PGA).<\/p>\n<p style=\"text-align: justify;\"><a href=\"https:\/\/agora.xtec.cat\/escolacambrils\/wp-content\/uploads\/usu2662\/2022\/06\/plc_escola-cambrils.pdf\">PLC Escola Cambrils<\/a><\/p>\n<\/div>\n","protected":false},"excerpt":{"rendered":"<p>El nou Projecte Ling\u00fc\u00edstic de l\u2019Escola Cambrils respon a una necessitat de revisi\u00f3 i actualitzaci\u00f3, ja que es pret\u00e9n que la seva durada sigui de 4 anys coincidint amb l\u2019aplicaci\u00f3 de l\u2019actual Projecte de Direcci\u00f3. Aquest document caldr\u00e0 anar-lo modificant i adaptant-lo als canvis que&hellip;  <a href=\"https:\/\/agora.xtec.cat\/escolacambrils\/projecte-linguistic-de-centre-plc\/\" title=\"Read Projecte Ling\u00fc\u00edstic de Centre (PLC)\">Llegeix m\u00e9s\u00bb<\/a><\/p>\n","protected":false},"author":15,"featured_media":0,"parent":0,"menu_order":0,"comment_status":"closed","ping_status":"closed","template":"","meta":{"_bbp_topic_count":0,"_bbp_reply_count":0,"_bbp_total_topic_count":0,"_bbp_total_reply_count":0,"_bbp_voice_count":0,"_bbp_anonymous_reply_count":0,"_bbp_topic_count_hidden":0,"_bbp_reply_count_hidden":0,"_bbp_forum_subforum_count":0,"footnotes":""},"class_list":["post-7131","page","type-page","status-publish","hentry"],"post_mailing_queue_ids":[],"_links":{"self":[{"href":"https:\/\/agora.xtec.cat\/escolacambrils\/wp-json\/wp\/v2\/pages\/7131","targetHints":{"allow":["GET"]}}],"collection":[{"href":"https:\/\/agora.xtec.cat\/escolacambrils\/wp-json\/wp\/v2\/pages"}],"about":[{"href":"https:\/\/agora.xtec.cat\/escolacambrils\/wp-json\/wp\/v2\/types\/page"}],"author":[{"embeddable":true,"href":"https:\/\/agora.xtec.cat\/escolacambrils\/wp-json\/wp\/v2\/users\/15"}],"replies":[{"embeddable":true,"href":"https:\/\/agora.xtec.cat\/escolacambrils\/wp-json\/wp\/v2\/comments?post=7131"}],"version-history":[{"count":2,"href":"https:\/\/agora.xtec.cat\/escolacambrils\/wp-json\/wp\/v2\/pages\/7131\/revisions"}],"predecessor-version":[{"id":7133,"href":"https:\/\/agora.xtec.cat\/escolacambrils\/wp-json\/wp\/v2\/pages\/7131\/revisions\/7133"}],"wp:attachment":[{"href":"https:\/\/agora.xtec.cat\/escolacambrils\/wp-json\/wp\/v2\/media?parent=7131"}],"curies":[{"name":"wp","href":"https:\/\/api.w.org\/{rel}","templated":true}]}}