{"id":7085,"date":"2022-06-29T16:57:21","date_gmt":"2022-06-29T14:57:21","guid":{"rendered":"https:\/\/agora.xtec.cat\/escolacambrils\/?page_id=7085"},"modified":"2022-06-29T16:57:21","modified_gmt":"2022-06-29T14:57:21","slug":"trets-didentitat","status":"publish","type":"page","link":"https:\/\/agora.xtec.cat\/escolacambrils\/trets-didentitat\/","title":{"rendered":"Trets d&#8217;identitat"},"content":{"rendered":"<p class=\"entry-title\" style=\"text-align: justify;\"><span style=\"font-family: inherit; font-size: 1em;\">Els objectius de la nostra escola es fonamenten en la convicci\u00f3 que la formaci\u00f3 completa d\u2019una persona s\u2019articula al voltant d\u2019una s\u00e8rie d\u2019eixos dirigits a obtenir l\u2019excel\u00b7l\u00e8ncia i a desenvolupar al m\u00e0xim les seves capacitats, amb una elevada exig\u00e8ncia personal.<\/span><\/p>\n<div class=\"entry-content\">\n<p style=\"text-align: justify;\">Aquests eixos s\u00f3n:<\/p>\n<ul>\n<li style=\"text-align: justify;\">Assolir coneixements i ser capa\u00e7os de relacionar-los en una din\u00e0mica de gust pel saber i per la descoberta.<\/li>\n<li style=\"text-align: justify;\">Estimular la curiositat intel\u00b7lectual tant en la recerca de respostes com en la formulaci\u00f3 de preguntes, amb imaginaci\u00f3 i curiositat.<\/li>\n<li style=\"text-align: justify;\">Desenvolupar una actitud creativa en tots els \u00e0mbits de la vida de l\u2019alumne: personal i escolar avui, i tamb\u00e9 professional en un futur.<\/li>\n<li style=\"text-align: justify;\">Tenir com a pr\u00f2pia la cultura de l\u2019esfor\u00e7 i l\u2019assoliment dels reptes personals.<\/li>\n<li style=\"text-align: justify;\">Aprendre a aprendre a trav\u00e9s de m\u00e8todes i eines intel\u00b7lectuals i pedag\u00f2giques eficaces i exigents.<\/li>\n<li style=\"text-align: justify;\">Transmetre el gust per la bellesa i una sensibilitat per les manifestacions art\u00edstiques.<\/li>\n<li style=\"text-align: justify;\">Exigir un elevat sentit \u00e8tic basat en el respecte a l\u2019altre, a les coses, a la natura, a l\u2019espai i al temps; un respecte fonamentat en l\u2019honestedat intel\u00b7lectual i personal.<\/li>\n<\/ul>\n<figure class=\"wp-block-image\"><img decoding=\"async\" class=\"wp-image-975\" src=\"https:\/\/escolacambrils.files.wordpress.com\/2017\/02\/trets.jpg\" alt=\"trets\" data-attachment-id=\"975\" data-permalink=\"https:\/\/escolacambrils.wordpress.com\/escola\/trets\/\" data-orig-file=\"https:\/\/escolacambrils.files.wordpress.com\/2017\/02\/trets.jpg\" data-orig-size=\"882,499\" data-comments-opened=\"1\" data-image-meta=\"{&quot;aperture&quot;:&quot;0&quot;,&quot;credit&quot;:&quot;&quot;,&quot;camera&quot;:&quot;&quot;,&quot;caption&quot;:&quot;&quot;,&quot;created_timestamp&quot;:&quot;0&quot;,&quot;copyright&quot;:&quot;&quot;,&quot;focal_length&quot;:&quot;0&quot;,&quot;iso&quot;:&quot;0&quot;,&quot;shutter_speed&quot;:&quot;0&quot;,&quot;title&quot;:&quot;&quot;,&quot;orientation&quot;:&quot;0&quot;}\" data-image-title=\"trets\" data-image-description=\"\" data-image-caption=\"\" data-medium-file=\"https:\/\/escolacambrils.files.wordpress.com\/2017\/02\/trets.jpg?w=300\" data-large-file=\"https:\/\/escolacambrils.files.wordpress.com\/2017\/02\/trets.jpg?w=640\" \/><\/figure>\n<p class=\"has-text-align-justify\" style=\"text-align: justify;\">En definitiva, amb l\u2019ambici\u00f3 de formar persones capaces de reflexionar, analitzar amb sentit cr\u00edtic i constructiu, de crear, d\u2019imaginar, d\u2019adaptar-se als canvis, per\u00f2 sobretot capaces de generar, amb responsabilitat, els canvis que la nostra societat demanda, amb un elevat grau de responsabilitat i autonomia personals.<\/p>\n<p class=\"has-medium-font-size\" style=\"text-align: justify;\"><strong>CONVIV\u00c8NCIA i SENTIMENT DE COMUNITAT<\/strong><\/p>\n<p class=\"has-text-align-justify\" style=\"text-align: justify;\">Formar persones completes vol dir formar persones capaces de conviure i de respectar i valorar el que significa viure en una comunitat, en aquest cas escolar. A l\u2019escola promovem la interacci\u00f3 professor-alumne, professors-pares, pares-alumnes i alumnes-alumnes tant a dins com fora les aules, entre classes, despr\u00e9s de l\u2019escola, en sortides i a casa. Aquestes interaccions constitueixen experi\u00e8ncies educatives que configuren la nostra comunitat d\u2019ensenyament i aprenentatge. El dia a dia \u00e9s fonamental per crear aquesta comprensi\u00f3 i aquest entorn, en el qual les mostres de respecte en siguin la base i a trav\u00e9s de les activitats comunes es reforcin els lla\u00e7os de la comunitat.<\/p>\n<p class=\"has-text-align-justify\" style=\"text-align: justify;\">Entre les activitats emblem\u00e0tiques de l\u2019escola que permeten refor\u00e7ar el sentiment de pertinen\u00e7a a la comunitat de l\u2019Escola Cambrils, podem citar com a exemples:<\/p>\n<ul style=\"text-align: justify;\">\n<li>La Castanyada.<\/li>\n<li>Festa de Nadal, el Ti\u00f3 i el concert de nadales.<\/li>\n<li>La Pasqua, la Mona.<\/li>\n<li>La Diada de Sant Jordi (la festa del llibre).<\/li>\n<li>Festival i actes de comiat de l\u2019alumnat de 6\u00e8.<\/li>\n<\/ul>\n<p class=\"has-text-align-justify\" style=\"text-align: justify;\">Formar persones capaces de conviure implica tamb\u00e9 que els alumnes han de comprendre el que es pot fer i el que no es pot fer en un marc de conviv\u00e8ncia i han d\u2019entendre\u2019n el perqu\u00e8. L\u2019autonomia i la responsabilitat van creixent tot al llarg de l\u2019escolaritat. Les normes i costums s\u00f3n importants en tot \u00e0mbit de conviv\u00e8ncia.\u00a0<strong>No es tracta, doncs, d\u2019una simple obedi\u00e8ncia, sin\u00f3 de compartir unes maneres de fer i de pensar basades en una \u00e8tica<\/strong><\/p>\n<ul style=\"text-align: justify;\">\n<li><strong>del respecte, en totes les dimensions i circumst\u00e0ncies de la vida de l\u2019alumne, dins i fora de l\u2019escola;<\/strong><\/li>\n<li><strong>de l\u2019autonomia i de la responsabilitat;<\/strong><\/li>\n<li><strong>de l\u2019honestedat personal i intel\u00b7lectual.<\/strong><\/li>\n<\/ul>\n<p class=\"has-text-align-justify\" style=\"text-align: justify;\">Aquests objectius s\u00f3n fonamentals en l\u2019activitat i preocupaci\u00f3 del nostre equip pedag\u00f2gic, el qual en el dia a dia, en les activitats escolars i extraescolars, d\u00f3na exemple i transmet als alumnes les raons que expliquen les normes i principis de l\u2019escola, dintre i fora de les aules, dintre i fora de l\u2019escola.<\/p>\n<\/div>\n","protected":false},"excerpt":{"rendered":"<p>Els objectius de la nostra escola es fonamenten en la convicci\u00f3 que la formaci\u00f3 completa d\u2019una persona s\u2019articula al voltant d\u2019una s\u00e8rie d\u2019eixos dirigits a obtenir l\u2019excel\u00b7l\u00e8ncia i a desenvolupar al m\u00e0xim les seves capacitats, amb una elevada exig\u00e8ncia personal.<\/p>\n<p>Aquests eixos s\u00f3n:<\/p>\n<ul>\n<li style=\"text-align: justify;\">Assolir coneixements&hellip;  <a href=\"https:\/\/agora.xtec.cat\/escolacambrils\/trets-didentitat\/\" title=\"Read Trets d&#8217;identitat\">Llegeix m\u00e9s\u00bb<\/a><br \/>\n","protected":false},"author":15,"featured_media":0,"parent":0,"menu_order":0,"comment_status":"closed","ping_status":"closed","template":"","meta":{"_bbp_topic_count":0,"_bbp_reply_count":0,"_bbp_total_topic_count":0,"_bbp_total_reply_count":0,"_bbp_voice_count":0,"_bbp_anonymous_reply_count":0,"_bbp_topic_count_hidden":0,"_bbp_reply_count_hidden":0,"_bbp_forum_subforum_count":0,"footnotes":""},"class_list":["post-7085","page","type-page","status-publish","hentry"],"post_mailing_queue_ids":[],"_links":{"self":[{"href":"https:\/\/agora.xtec.cat\/escolacambrils\/wp-json\/wp\/v2\/pages\/7085","targetHints":{"allow":["GET"]}}],"collection":[{"href":"https:\/\/agora.xtec.cat\/escolacambrils\/wp-json\/wp\/v2\/pages"}],"about":[{"href":"https:\/\/agora.xtec.cat\/escolacambrils\/wp-json\/wp\/v2\/types\/page"}],"author":[{"embeddable":true,"href":"https:\/\/agora.xtec.cat\/escolacambrils\/wp-json\/wp\/v2\/users\/15"}],"replies":[{"embeddable":true,"href":"https:\/\/agora.xtec.cat\/escolacambrils\/wp-json\/wp\/v2\/comments?post=7085"}],"version-history":[{"count":1,"href":"https:\/\/agora.xtec.cat\/escolacambrils\/wp-json\/wp\/v2\/pages\/7085\/revisions"}],"predecessor-version":[{"id":7086,"href":"https:\/\/agora.xtec.cat\/escolacambrils\/wp-json\/wp\/v2\/pages\/7085\/revisions\/7086"}],"wp:attachment":[{"href":"https:\/\/agora.xtec.cat\/escolacambrils\/wp-json\/wp\/v2\/media?parent=7085"}],"curies":[{"name":"wp","href":"https:\/\/api.w.org\/{rel}","templated":true}]}}