{"id":32,"date":"2014-09-18T12:31:33","date_gmt":"2014-09-18T11:31:33","guid":{"rendered":"http:\/\/agora.xtec.cat\/escolacalmusic\/?page_id=32"},"modified":"2025-09-10T16:05:54","modified_gmt":"2025-09-10T14:05:54","slug":"calendari-del-curs","status":"publish","type":"page","link":"https:\/\/agora.xtec.cat\/escolacalmusic\/informacio\/calendari-del-curs\/","title":{"rendered":"Calendari del curs"},"content":{"rendered":"<p><strong>Horari lectiu<\/strong><br \/>\n<strong>Educaci\u00f3 Infantil i Ed. Prim\u00e0ria:<\/strong> mat\u00ed: de 9 a 12:30h i tarda: de 15 a 16:30h<br \/>\nHi ha servei d\u2019acollida tant al mat\u00ed com a la tarda de 7:30 a 9h i de 16:30 a 17:45h. Gestionat per l\u2019AFA.<br \/>\n<strong>Educaci\u00f3 Infantil <\/strong>(Entrades i sortides per la <strong>porta de la biblioteca<\/strong>) <strong>Entrades: <\/strong>faran fila amb cada docent i entraran a les aules<\/p>\n<p><strong>Sortides: <\/strong>al migdia els docents els acompanyaran en fila fins la porta de la biblioteca i a la tarda les fam\u00edlies podreu entrar al pati a recollir els vostres infants.<\/p>\n<p>Durant les dates de <strong>jornada intensiva <\/strong>les sortides es faran com al migdia, els docents acompanyaran als infants a la porta.<\/p>\n<p>Les fam\u00edlies d\u2019I3 podreu acompanyar als infants tant a les entrades com a les sortides fins a l\u2019aula <strong>durant el per\u00edode d&#8217;adaptaci\u00f3 <\/strong>().<\/p>\n<p><strong>Jornada intensiva de 9 a 13h<\/strong>.<br \/>\n<strong>Inici de curs:<\/strong> <strong>8<\/strong><strong> de setembre de 2025.<\/strong><br \/>\n<strong>Finalitzaci\u00f3 del curs: 19 de juny de 2026.<\/strong><\/p>\n<p><strong>Vacances:<\/strong><br \/>\n\u25cf Nadal: 20 de desembre de 2025 al 7 de gener de 2026 , ambd\u00f3s inclosos.<br \/>\n\u25cf Setmana Santa: 28 de mar\u00e7 fins al 6 d&#8217;abril de 2026 ambd\u00f3s inclosos.<br \/>\n<strong>Festius<\/strong><br \/>\nDurant el curs 2025-2026 tindran consideraci\u00f3 de dies festius els que determini la<br \/>\ndisposici\u00f3 del Departament de Treball.<br \/>\n-Festes locals: 22 de gener de 2026 (Sant Vicen\u00e7)<br \/>\n-Dies de lliure disposici\u00f3 del centre: 31 d&#8217;octubre de 2025, 5 de desembre de 2025, 16 de febrer de 2026, 4 de maig de 2026 i 25 de maig de 2026.<\/p>\n<p><a href=\"https:\/\/agora.xtec.cat\/escolacalmusic\/wp-content\/uploads\/usu1172\/2025\/09\/Calendari-2025-26.pdf\">Calendari 2025-26<\/a><\/p>\n<p>&nbsp;<\/p>\n","protected":false},"excerpt":{"rendered":"<p>Horari lectiu Educaci\u00f3 Infantil i Ed. Prim\u00e0ria: mat\u00ed: de 9 a 12:30h i tarda: de 15 a 16:30h Hi ha [&hellip;]<\/p>\n","protected":false},"author":1,"featured_media":0,"parent":5142,"menu_order":2,"comment_status":"closed","ping_status":"closed","template":"","meta":{"_bbp_topic_count":0,"_bbp_reply_count":0,"_bbp_total_topic_count":0,"_bbp_total_reply_count":0,"_bbp_voice_count":0,"_bbp_anonymous_reply_count":0,"_bbp_topic_count_hidden":0,"_bbp_reply_count_hidden":0,"_bbp_forum_subforum_count":0,"site-sidebar-layout":"default","site-content-layout":"","ast-site-content-layout":"default","site-content-style":"default","site-sidebar-style":"default","ast-global-header-display":"","ast-banner-title-visibility":"","ast-main-header-display":"","ast-hfb-above-header-display":"","ast-hfb-below-header-display":"","ast-hfb-mobile-header-display":"","site-post-title":"","ast-breadcrumbs-content":"","ast-featured-img":"","footer-sml-layout":"","theme-transparent-header-meta":"default","adv-header-id-meta":"","stick-header-meta":"","header-above-stick-meta":"","header-main-stick-meta":"","header-below-stick-meta":"","astra-migrate-meta-layouts":"set","ast-page-background-enabled":"default","ast-page-background-meta":{"desktop":{"background-color":"var(--ast-global-color-4)","background-image":"","background-repeat":"repeat","background-position":"center center","background-size":"auto","background-attachment":"scroll","background-type":"","background-media":"","overlay-type":"","overlay-color":"","overlay-opacity":"","overlay-gradient":""},"tablet":{"background-color":"","background-image":"","background-repeat":"repeat","background-position":"center center","background-size":"auto","background-attachment":"scroll","background-type":"","background-media":"","overlay-type":"","overlay-color":"","overlay-opacity":"","overlay-gradient":""},"mobile":{"background-color":"","background-image":"","background-repeat":"repeat","background-position":"center center","background-size":"auto","background-attachment":"scroll","background-type":"","background-media":"","overlay-type":"","overlay-color":"","overlay-opacity":"","overlay-gradient":""}},"ast-content-background-meta":{"desktop":{"background-color":"var(--ast-global-color-5)","background-image":"","background-repeat":"repeat","background-position":"center center","background-size":"auto","background-attachment":"scroll","background-type":"","background-media":"","overlay-type":"","overlay-color":"","overlay-opacity":"","overlay-gradient":""},"tablet":{"background-color":"var(--ast-global-color-5)","background-image":"","background-repeat":"repeat","background-position":"center center","background-size":"auto","background-attachment":"scroll","background-type":"","background-media":"","overlay-type":"","overlay-color":"","overlay-opacity":"","overlay-gradient":""},"mobile":{"background-color":"var(--ast-global-color-5)","background-image":"","background-repeat":"repeat","background-position":"center center","background-size":"auto","background-attachment":"scroll","background-type":"","background-media":"","overlay-type":"","overlay-color":"","overlay-opacity":"","overlay-gradient":""}},"footnotes":""},"class_list":["post-32","page","type-page","status-publish","hentry"],"post_mailing_queue_ids":[],"_links":{"self":[{"href":"https:\/\/agora.xtec.cat\/escolacalmusic\/wp-json\/wp\/v2\/pages\/32","targetHints":{"allow":["GET"]}}],"collection":[{"href":"https:\/\/agora.xtec.cat\/escolacalmusic\/wp-json\/wp\/v2\/pages"}],"about":[{"href":"https:\/\/agora.xtec.cat\/escolacalmusic\/wp-json\/wp\/v2\/types\/page"}],"author":[{"embeddable":true,"href":"https:\/\/agora.xtec.cat\/escolacalmusic\/wp-json\/wp\/v2\/users\/1"}],"replies":[{"embeddable":true,"href":"https:\/\/agora.xtec.cat\/escolacalmusic\/wp-json\/wp\/v2\/comments?post=32"}],"version-history":[{"count":6,"href":"https:\/\/agora.xtec.cat\/escolacalmusic\/wp-json\/wp\/v2\/pages\/32\/revisions"}],"predecessor-version":[{"id":10596,"href":"https:\/\/agora.xtec.cat\/escolacalmusic\/wp-json\/wp\/v2\/pages\/32\/revisions\/10596"}],"up":[{"embeddable":true,"href":"https:\/\/agora.xtec.cat\/escolacalmusic\/wp-json\/wp\/v2\/pages\/5142"}],"wp:attachment":[{"href":"https:\/\/agora.xtec.cat\/escolacalmusic\/wp-json\/wp\/v2\/media?parent=32"}],"curies":[{"name":"wp","href":"https:\/\/api.w.org\/{rel}","templated":true}]}}