{"id":30,"date":"2014-09-18T12:30:23","date_gmt":"2014-09-18T10:30:23","guid":{"rendered":"http:\/\/agora.xtec.cat\/escolabrasil\/?page_id=30"},"modified":"2025-02-23T11:22:04","modified_gmt":"2025-02-23T10:22:04","slug":"instal%c2%b7lacions","status":"publish","type":"page","link":"https:\/\/agora.xtec.cat\/escolabrasil\/lescola\/instal%c2%b7lacions\/","title":{"rendered":"Instal\u00b7lacions"},"content":{"rendered":"<p>L\u2019Escola Brasil compta amb 8 aules d\u2019Educaci\u00f3 Prim\u00e0ria i 3 d\u2019Educaci\u00f3 Infantil. L\u2019aula d&#8217;I3 es troba en un petit edifici annex, que disposa de serveis i un pati tancat propi.<\/p>\n<p>A l\u2019edifici principal, a la <strong>planta baixa<\/strong>, s\u2019hi poden trobar la consergeria, el menjador i la cuina, el paranimf, la sala de mestres, la infermeria, els despatxos de secretaria i direcci\u00f3, l\u2019aula de psicomotricitat, la biblioteca i serveis.<\/p>\n<p>Al <strong>primer pis<\/strong>, l\u2019espai es divideix en dues ales diferenciades:<\/p>\n<p>L\u2019ala de Prim\u00e0ria, on es troben les aules de primer, segon i tercer, l\u2019aula de religi\u00f3 i l\u2019aula d\u2019angl\u00e8s de mitjans, aix\u00ed com l\u2019aula de m\u00fasica. Tamb\u00e9 hi ha l\u2019aula d\u2019Educaci\u00f3 Especial, el servei de logop\u00e8dia i la sala de reunions.<\/p>\n<p>A l\u2019ala d\u2019Educaci\u00f3 Infantil, es localitzen les aules d\u2019I4 i I5, l\u2019aula d\u2019experimentaci\u00f3 i l\u2019aula d\u2019art\u00edstica, totes amb els seus propis serveis, zones de racons i altres espais adaptats.<\/p>\n<p>Al <strong>segon pis<\/strong> s&#8217;hi troben les aules de quart, cinqu\u00e8 i sis\u00e8 de Prim\u00e0ria, l\u2019aula d\u2019inform\u00e0tica, l\u2019aula d\u2019angl\u00e8s per a grans, l\u2019aula d\u2019audiovisuals i els serveis.<\/p>\n<p>L\u2019Escola Brasil disposa d\u2019un ampli <strong>pati<\/strong>, organitzat en diverses zones: una zona de jocs i un sorral per a l\u2019Educaci\u00f3 Infantil, una zona de b\u00e0squet, una pista de voleibol, una pista de futbol, una zona de jocs, una zona de p\u00edcnic i una zona d\u2019hort, que \u00e9s gestionada pels membres de la comissi\u00f3 d\u2019Escoles + Sostenibles.<\/p>\n<p>A m\u00e9s, al pati, es pot trobar l\u2019antiga casa del conserge, que ha estat reconvertida en l\u2019AFA.<\/p>\n<p>&nbsp;<\/p>\n<h3 style=\"text-align: center;\"><strong><em>FEM UN TOMB PER L&#8217;ESCOLA<\/em><\/strong><\/h3>\n<table style=\"width: 1033px; height: 1179px;\">\n<tbody>\n<tr style=\"height: 384px;\">\n<td style=\"width: 1009px; height: 384px; background-color: #cae0e6;\">\n<h4 style=\"text-align: center;\"><span style=\"color: #000000;\"><strong>ENTRADA<\/strong><\/span><\/h4>\n<p style=\"text-align: center;\"><strong>L&#8217;Escola Brasil t\u00e9 dues entrades, una al carrer Per\u00fa s\/n, porta principal que \u00e9s utilitzada per alumnes, fam\u00edlies, serveis, etc i una altra a Gran Via de les Corts Catalanes 1108 reservada alpersonal docent i no docent, serveis i alumnes del servei d&#8217;acollida matinal.<\/strong><\/p>\n<p><img loading=\"lazy\" decoding=\"async\" class=\"aligncenter\" src=\"https:\/\/lh3.googleusercontent.com\/4Lzn9lY7TKy0t5NoOWB0FQRTOK79QKThb_FdgUhc72ywc46cZJ7KWVtxfbYBvSVA8CVRAH9uRQ6wo4olxawiyJ8Ae_cYQZCQ21hK0b8jeFy0jVXOiARzLnBRLJdmNTtgjvXbF9TqoSI\" alt=\"\" width=\"400\" height=\"267\" \/><\/p>\n<p style=\"text-align: center;\">\n<\/td>\n<\/tr>\n<tr style=\"height: 534px;\">\n<td style=\"width: 1009px; height: 534px; text-align: center;\">\n<h3 style=\"text-align: center;\"><strong><span style=\"color: #333333;\">PLANTA BAIXA<\/span><\/strong><\/h3>\n<p><img loading=\"lazy\" decoding=\"async\" class=\"BiCYpc\" style=\"transform: translate3d(0px, 0px, 0px) rotate(0deg);\" src=\"https:\/\/lh3.googleusercontent.com\/pw\/ABLVV87qKxYgY6svH-w1-le5qxJujQPeiQm2XQdFQQvAjML5oZCUA38P9phvYeL-8BpHgfdavnrLs4Odp_afpJb8X2sGhd6gulMY-msAcEfUYXLwIxbqoGt4xds0SApQbRJ54_kZynuj0BMGqigDsz1fM7Yo7Q=w1865-h840-s-no?authuser=0\" width=\"745\" height=\"336\" data-iml=\"2437692.899999976\" aria-label=\"Foto - Paisatge - 29 de gen. 2024, 16:27:31\" \/><\/p>\n<p><img loading=\"lazy\" decoding=\"async\" class=\"BiCYpc\" style=\"transform: translate3d(0px, 0px, 0px) rotate(0deg);\" src=\"https:\/\/lh3.googleusercontent.com\/pw\/ABLVV85iN_Da34UFGDoC-hBBXodR1E2s9VFA-h0ZWCvUbKITUHXBpPe1uFAjOV4mhs_fEmnhFoEanFwY9FoeP8kR-m35Q-DMHQXyPTUiQD6hpHFwZFXGAkO8YCadjuQpmEwJnC1aneE2tExgLwjuqQndDcNLjA=w1167-h525-s-no?authuser=0\" width=\"749\" height=\"337\" data-iml=\"2497484.399999976\" aria-label=\"Foto - Paisatge - 29 de gen. 2024, 16:27:31\" \/><\/p>\n<p>&nbsp;<\/p>\n<h4 style=\"text-align: center;\"><strong><span style=\"color: #000000;\">LA BIBLIOTECA<\/span><\/strong><\/h4>\n<p>&nbsp;<\/p>\n<p><a href=\"https:\/\/agora.xtec.cat\/escolabrasil\/wp-content\/uploads\/usu1218\/2025\/02\/e43af468-c020-4caf-84e5-a3a5c3472a72.jpg\"><img loading=\"lazy\" decoding=\"async\" class=\"alignnone wp-image-14478\" src=\"https:\/\/agora.xtec.cat\/escolabrasil\/wp-content\/uploads\/usu1218\/2025\/02\/e43af468-c020-4caf-84e5-a3a5c3472a72-1024x768.jpg\" alt=\"\" width=\"704\" height=\"528\" srcset=\"https:\/\/agora.xtec.cat\/escolabrasil\/wp-content\/uploads\/usu1218\/2025\/02\/e43af468-c020-4caf-84e5-a3a5c3472a72-1024x768.jpg 1024w, https:\/\/agora.xtec.cat\/escolabrasil\/wp-content\/uploads\/usu1218\/2025\/02\/e43af468-c020-4caf-84e5-a3a5c3472a72-300x225.jpg 300w, https:\/\/agora.xtec.cat\/escolabrasil\/wp-content\/uploads\/usu1218\/2025\/02\/e43af468-c020-4caf-84e5-a3a5c3472a72-768x576.jpg 768w, https:\/\/agora.xtec.cat\/escolabrasil\/wp-content\/uploads\/usu1218\/2025\/02\/e43af468-c020-4caf-84e5-a3a5c3472a72-1536x1152.jpg 1536w, https:\/\/agora.xtec.cat\/escolabrasil\/wp-content\/uploads\/usu1218\/2025\/02\/e43af468-c020-4caf-84e5-a3a5c3472a72-200x150.jpg 200w, https:\/\/agora.xtec.cat\/escolabrasil\/wp-content\/uploads\/usu1218\/2025\/02\/e43af468-c020-4caf-84e5-a3a5c3472a72.jpg 2048w\" sizes=\"auto, (max-width: 704px) 100vw, 704px\" \/><\/a> \u00a0<a href=\"https:\/\/agora.xtec.cat\/escolabrasil\/wp-content\/uploads\/usu1218\/2025\/02\/ae82494c-9913-4fef-975e-00fc5959441f.jpg\"><img loading=\"lazy\" decoding=\"async\" class=\"alignnone wp-image-14480\" src=\"https:\/\/agora.xtec.cat\/escolabrasil\/wp-content\/uploads\/usu1218\/2025\/02\/ae82494c-9913-4fef-975e-00fc5959441f-1024x768.jpg\" alt=\"\" width=\"698\" height=\"524\" srcset=\"https:\/\/agora.xtec.cat\/escolabrasil\/wp-content\/uploads\/usu1218\/2025\/02\/ae82494c-9913-4fef-975e-00fc5959441f-1024x768.jpg 1024w, https:\/\/agora.xtec.cat\/escolabrasil\/wp-content\/uploads\/usu1218\/2025\/02\/ae82494c-9913-4fef-975e-00fc5959441f-300x225.jpg 300w, https:\/\/agora.xtec.cat\/escolabrasil\/wp-content\/uploads\/usu1218\/2025\/02\/ae82494c-9913-4fef-975e-00fc5959441f-768x576.jpg 768w, https:\/\/agora.xtec.cat\/escolabrasil\/wp-content\/uploads\/usu1218\/2025\/02\/ae82494c-9913-4fef-975e-00fc5959441f-1536x1152.jpg 1536w, https:\/\/agora.xtec.cat\/escolabrasil\/wp-content\/uploads\/usu1218\/2025\/02\/ae82494c-9913-4fef-975e-00fc5959441f-200x150.jpg 200w, https:\/\/agora.xtec.cat\/escolabrasil\/wp-content\/uploads\/usu1218\/2025\/02\/ae82494c-9913-4fef-975e-00fc5959441f.jpg 2048w\" sizes=\"auto, (max-width: 698px) 100vw, 698px\" \/><\/a><\/p>\n<p>&nbsp;<\/p>\n<h4><strong><span style=\"color: #000000;\">EL MENJADOR<\/span><\/strong><\/h4>\n<p><img loading=\"lazy\" decoding=\"async\" class=\"BiCYpc\" style=\"transform: translate3d(0px, 0px, 0px) rotate(0deg);\" src=\"https:\/\/lh3.googleusercontent.com\/pw\/ABLVV86-DAFIO3Jg0gs34LDyd4Se8Qj6KFaGNkVJyQ7dTCGeNR6TjGx7ptZ8B32jWNUd7Q2GLjBtWHsNlu1IPtnL3QexK54WSPCEZj0pPPGYXnXbgQ5OwZf9iEoIXvGx0HLxg5smvt0TAVnxSzGcJvnQkz1tJg=w1167-h525-s-no?authuser=0\" width=\"689\" height=\"310\" data-iml=\"2455767.6999999285\" aria-label=\"Foto - Paisatge - 29 de gen. 2024, 17:26:05\" \/><\/p>\n<p><img loading=\"lazy\" decoding=\"async\" class=\"BiCYpc\" style=\"transform: translate3d(0px, 0px, 0px) rotate(0deg);\" src=\"https:\/\/lh3.googleusercontent.com\/pw\/ABLVV84S2wT5L1syoP3pIzs-SYiW56bjr5GRW6DU6SH7BXT1_u63-dv8nCMnqktaPkd4Yn8F5lDrACiV3TmqsL1TLicjEWsEITeO5-mQxgAbqeh5K3ShwVFjZRkaSdBTwgaPGKeytDN7Z38fQ5tXokX8ER1Qlw=w1167-h525-s-no?authuser=0\" width=\"694\" height=\"312\" aria-label=\"Foto - Paisatge - 29 de gen. 2024, 16:27:31\" data-iml=\"2588301.899999976\" \/><\/p>\n<h4><\/h4>\n<p>&nbsp;<\/p>\n<h4><span style=\"color: #000000;\"><strong>SALA DE PSICOMOTRICITAT<\/strong><\/span><\/h4>\n<p><img loading=\"lazy\" decoding=\"async\" class=\"BiCYpc\" style=\"transform: translate3d(0px, 0px, 0px) rotate(0deg);\" src=\"https:\/\/lh3.googleusercontent.com\/pw\/ABLVV86DLPUUfa76aBC7dA9FwAVzPgYLbGmnuBzBwPHaG8QsD-m41uAIpcS-jol05P6BESO9dCdQPQZzzUozY23vOCPTzF2_YJA-G69CT3Ek-JdVCtsxh226aEndmV5LMxiOkTnNgqB9SqeujLCWpR0wFj3cbA=w1865-h840-s-no?authuser=0\" width=\"668\" height=\"301\" data-iml=\"2828337\" aria-label=\"Foto - Paisatge - 29 de gen. 2024, 16:27:31\" \/><\/p>\n<p><img loading=\"lazy\" decoding=\"async\" class=\"BiCYpc\" style=\"transform: translate3d(0px, 0px, 0px) rotate(0deg);\" src=\"https:\/\/lh3.googleusercontent.com\/pw\/ABLVV84jGoShl0Fydf3DQ5wol7JtnxFtHXisnfxqTyC-YoY0ncRwSCnMOjmyFUv7R2qYC6FgoIeDNORK6MEm_CO-I2pauloadAwKz43EaEXJspql3rW-jiY1127Eductq_8honPxHJmGRhKfYXNrbVhMYHIhaA=w672-h896-s-no?authuser=0\" width=\"349\" height=\"466\" aria-label=\"Foto - Retrat - 29 de gen. 2024, 16:27:31\" data-iml=\"2927298.2999999523\" \/><\/p>\n<p>&nbsp;<\/td>\n<\/tr>\n<tr style=\"height: 15px;\">\n<td style=\"width: 1009px; height: 15px; background-color: #cae0e6;\">\n<h4 style=\"text-align: center;\"><span style=\"color: #000000;\"><strong>ESPAI D&#8217;I3<\/strong><\/span><\/h4>\n<p style=\"text-align: center;\"><img loading=\"lazy\" decoding=\"async\" class=\"BiCYpc\" style=\"transform: translate3d(0px, 0px, 0px) rotate(0deg);\" src=\"https:\/\/lh3.googleusercontent.com\/pw\/ABLVV84pJy7xi3bQslXitLeGO92Iyfo39twaWO3rQOzQdHODEhKeT1KMPHlDQB5LtoyKw-ZPiHZMcjQzYGx3UeT1DPWoDuF68Bmw__jNE527j80l3z5KG1C1RdVll4YNgGtrOkcR3AbkJGPs7ZZo7O9FZR04=w1865-h842-s-no?authuser=0\" width=\"628\" height=\"284\" data-iml=\"1060396.6000000238\" aria-label=\"Foto - Paisatge - 8 de set. 2023, 10:39:38\" \/><\/p>\n<p style=\"text-align: center;\"><img loading=\"lazy\" decoding=\"async\" class=\"BiCYpc\" style=\"transform: translate3d(0px, 0px, 0px) rotate(0deg);\" src=\"https:\/\/lh3.googleusercontent.com\/pw\/ABLVV86GL5S81L-5NTmrdTH9FK_CMrWXUtn8r5I3QXBV4OCU0iGiMgbFCG9YrzQcjK029Jhqgts-ZxtGQMxN5-TVMxxRb8MOoPqHoOsDfj4vfCJKTG9x70vDUsSKPSyQo95q_xPIaYe0ImIF-8gg_olbu-YB=w1167-h875-s-no?authuser=0\" width=\"557\" height=\"417\" data-iml=\"630194.4000000954\" aria-label=\"Foto - Paisatge - 10 d\u2019oct. 2023, 12:00:37\" \/><\/p>\n<p style=\"text-align: center;\"><img loading=\"lazy\" decoding=\"async\" class=\"BiCYpc\" style=\"transform: translate3d(0px, 0px, 0px) rotate(0deg);\" src=\"https:\/\/lh3.googleusercontent.com\/pw\/ABLVV87wnbvVKvYvSF48VszxzjK-fqLAbTRdU3UJWlY70vDT5nV8fRUYs0_KG7iE9nLSyH6TDK1bysV3_3n9X-Y2rVD7F0bWyqLVOMv5TdNJVn2nfDKlyRyKkLvGGbUgCUF1VJhi9TWT50S_NAilwtnnhqGspw=w509-h903-s-no?authuser=0\" width=\"327\" height=\"580\" data-iml=\"2997949.4000000954\" aria-label=\"Foto - Retrat - 29 de gen. 2024, 17:26:05\" \/><\/p>\n<p style=\"text-align: center;\"><img loading=\"lazy\" decoding=\"async\" class=\"BiCYpc\" style=\"transform: translate3d(0px, 0px, 0px) rotate(0deg);\" src=\"https:\/\/lh3.googleusercontent.com\/pw\/ABLVV85qOZiTHBuhe7nSe_8_cSfHjmlYy6x1WLRdmCGZqHKLK-mTNpFbCXPFwu74C5YmyoxFnueJrWtKSxdMelTSYPSmYzqrXZaxMAT5pJF7BjwA1RNoYUw-g75RNLuMcft7oO-SFNm-43Q7v5pWo09Vaiz3mA=w1865-h840-s-no?authuser=0\" width=\"570\" height=\"257\" data-iml=\"4744746.399999976\" aria-label=\"Foto - Paisatge - 29 de gen. 2024, 16:27:31\" \/><\/p>\n<h6 style=\"text-align: center;\"><\/h6>\n<\/td>\n<\/tr>\n<tr style=\"height: 15px;\">\n<td style=\"width: 1009px; height: 15px; text-align: center;\">\n<h4><span style=\"color: #000000;\"><strong>\u00a0PRIMER PIS &#8211; ALA D&#8217;EDUCACI\u00d3 INFANTIL<\/strong><\/span><\/h4>\n<p><img loading=\"lazy\" decoding=\"async\" class=\"BiCYpc\" style=\"transform: translate3d(0px, 0px, 0px) rotate(0deg);\" src=\"https:\/\/lh3.googleusercontent.com\/pw\/ABLVV86oDFmweq0c4UVphdQ29OoaOVwWA74850qT4gB8vYAv4MXCFcLrvluZPGYEVnreks6fB4E-bmJdSPpRXrt84S4PMI3GVfBC2_6ccMPmcwqua__5_n5wYOMSWoyvjag5Dq__uYrVi-Ucc0fHTd_RENKTOw=w1167-h657-s-no?authuser=0\" width=\"663\" height=\"373\" data-iml=\"153611.30000007153\" aria-label=\"Foto - Paisatge - 29 de gen. 2024, 16:27:31\" \/><\/p>\n<p><img loading=\"lazy\" decoding=\"async\" class=\"BiCYpc\" style=\"transform: translate3d(0px, 0px, 0px) rotate(0deg);\" src=\"https:\/\/lh3.googleusercontent.com\/pw\/ABLVV84dGtp3ZkSbKDFjMIdXTlpiChMJbTQXMI_Yo8ctoIX50WRTGi8CxvLxTxxNWv6lLLms-x3L6g7mDb0EE08hK6AycMqC8Xlg30oL-mpiP7wnUXmWlgUjnJvNNftWMwthxbtcm09Z1J0GtpgY594R5_pW=w1205-h903-s-no?authuser=0\" width=\"665\" height=\"498\" data-iml=\"82602.70000004768\" aria-label=\"Foto - Paisatge - 27 de nov. 2023, 10:06:31\" \/><\/p>\n<p><img loading=\"lazy\" decoding=\"async\" class=\"BiCYpc\" style=\"transform: translate3d(0px, 0px, 0px) rotate(0deg);\" src=\"https:\/\/lh3.googleusercontent.com\/pw\/ABLVV85mk8NXniFk6zLcraAfE3NSt_TjX2ugJ937XNUNVw9mlpAnbSIFinT-qnod21hqVOzNQ1gQUEfHde2jjLs1pED1isEYWhWuRH6ueIagMYgWPtIoJYBJ9gFU8sdUp0St7jdaK1aruyqBTrNa13LwI8cr=w1205-h903-s-no?authuser=0\" width=\"680\" height=\"510\" data-iml=\"298489\" aria-label=\"Foto - Paisatge - 10 de nov. 2023, 9:53:06\" \/><\/p>\n<p><img loading=\"lazy\" decoding=\"async\" class=\"BiCYpc\" style=\"transform: translate3d(0px, 0px, 0px) rotate(0deg);\" src=\"https:\/\/lh3.googleusercontent.com\/pw\/ABLVV85PdtvCtlWAsqORL2wOXuZq941k3_wGq5pjMqkmAdsIM4riwe9e8I6Vfyld06n_pSakXBk36rVQpp-SV7jK7eWwWXKnQGpNEaL3gw0m-DlBMst_Am1Zs1ydm_JbSIiLAvJOkS-dbbhSSjddj5HNfuOw=w1865-h840-s-no?authuser=0\" width=\"679\" height=\"306\" data-iml=\"414214.8000000715\" aria-label=\"Foto - Paisatge - 17 d\u2019oct. 2023, 15:50:40\" \/><\/p>\n<p>&nbsp;<\/td>\n<\/tr>\n<tr style=\"height: 15px;\">\n<td style=\"width: 1009px; height: 15px; background-color: #cae0e6; text-align: center;\">\n<h4><span style=\"color: #000000;\"><strong>\u00a0PRIMER PIS &#8211; ALA DE PRIM\u00c0RIA<\/strong><\/span><\/h4>\n<p><img loading=\"lazy\" decoding=\"async\" class=\"BiCYpc\" style=\"transform: translate3d(0px, 0px, 0px) rotate(0deg);\" src=\"https:\/\/lh3.googleusercontent.com\/pw\/ABLVV85sx7beunGFDZIaDWkFp5LhqtsJoWXwysWSkkG2ptS91cWbpSLgaYyedxNKwYRFJrJigP_mVXghVQvmEEt8jYa-Rhg9gXH0uwqWee_fP6jd3ZAp0uuO6itQ3CBZ1Hk1E5CJQMm95JVQSBzitLoKHPlhBg=w1865-h840-s-no?authuser=0\" width=\"697\" height=\"314\" data-iml=\"293656.10000002384\" aria-label=\"Foto - Paisatge - 29 de gen. 2024, 16:27:31\" \/><\/p>\n<p>&nbsp;<\/p>\n<p>&nbsp;<\/td>\n<\/tr>\n<tr style=\"height: 15px;\">\n<td style=\"width: 1009px; height: 15px; text-align: center;\">\n<h4><strong><span style=\"color: #000000;\">\u00a0SEGON PIS<\/span><\/strong><\/h4>\n<p><img loading=\"lazy\" decoding=\"async\" class=\"BiCYpc\" style=\"transform: translate3d(0px, 0px, 0px) rotate(0deg);\" src=\"https:\/\/lh3.googleusercontent.com\/pw\/ABLVV86fO_hhD3KfeaN3Yfj3F39yx42-w3ObdNJ5td2Nnb-eXRje6DsYy7qxmcwwvUWH3xLJT1ekHsX5Yb-07Cn_2gmOn9MeKc8L8y1WIWk7SiopuCF-9QmYTkAnsio2lXQgH411BfXPUw2msIcRHF5TMgyBKQ=w908-h771-s-no?authuser=0\" width=\"556\" height=\"472\" data-iml=\"135496.09999990463\" aria-label=\"Foto - Paisatge - 29 de gen. 2024, 16:27:31\" \/><\/p>\n<p><img loading=\"lazy\" decoding=\"async\" class=\"BiCYpc\" style=\"transform: translate3d(0px, 0px, 0px) rotate(0deg);\" src=\"https:\/\/lh3.googleusercontent.com\/pw\/ABLVV84-CjSNcK5dS0Rn37U0LgWYt_HJ3npky5gX_xgyQO1Gw8e0w-kCmyw10WsrSdBiCD9LuDAiEMGlBnR135up7jXjtVM_IoNPkGhXGiyM4AOTq7f_b4zQqKMsXBPFasvtVuOkMmthRiIZYIGWt4Z8LMgz=w1205-h903-s-no?authuser=0\" width=\"609\" height=\"456\" data-iml=\"1171412.3000000715\" aria-label=\"Foto - Paisatge - 24 de nov. 2022, 9:48:09\" \/><\/p>\n<p><img loading=\"lazy\" decoding=\"async\" class=\"BiCYpc\" style=\"transform: translate3d(0px, 0px, 0px) rotate(0deg);\" src=\"https:\/\/lh3.googleusercontent.com\/pw\/ABLVV87YEJZGukb2Z-jS0BWBnKGa9-iUL01bYw92Lt3qEuFKDgfsq1OKLH06hYOe85GFNV6PIUBmPQx1ev5v9RYU6c7FM-XK7785h0Bw0hHjcQ1MnonhEg1mY5slvIDYuIE4g9jclgD0kBYkNGb7-jC55EDW=w1205-h903-s-no?authuser=0\" width=\"609\" height=\"456\" data-iml=\"1261895.6000000238\" aria-label=\"Foto - Paisatge - 11 de gen. 2023, 16:01:48\" \/><\/td>\n<\/tr>\n<tr style=\"height: 15px;\">\n<td style=\"width: 1009px; height: 15px; background-color: #cae0e6; text-align: center;\">\n<h4><span style=\"color: #000000;\"><strong>PATIS<\/strong><\/span><\/h4>\n<p><img loading=\"lazy\" decoding=\"async\" class=\"BiCYpc\" style=\"transform: translate3d(0px, 0px, 0px) rotate(0deg);\" src=\"https:\/\/lh3.googleusercontent.com\/pw\/ABLVV85mfRac9HjNonJHuafqwF9e7-g5Wzc5OL5nSw7PbXpom9nI6G3szMaA5-awVsu84sqR3V58xYH_wLpHOmKps7nkWiZsJnEUp-Ccepuzmq3oy69FLEf0VheMjHrkakaWhsRPs8eFW28igST8Q7ytuQlnmw=w1167-h642-s-no?authuser=0\" width=\"733\" height=\"403\" data-iml=\"3408223.2000000477\" aria-label=\"Foto - Paisatge - 5 de mar\u00e7 2021, 17:26:35\" \/><\/p>\n<p><img loading=\"lazy\" decoding=\"async\" class=\"BiCYpc\" style=\"transform: translate3d(0px, 0px, 0px) rotate(0deg);\" src=\"https:\/\/lh3.googleusercontent.com\/pw\/ABLVV86ngevJuRFwlqn80bWDbkTFR5B51pCnS85oscXaMvZPrX8Plb0s8m37HQBeZltQJz8i3tBRFmM7HZKqwPYRMSEZTUTXSmBNHoT29tJTRRJCAGTP0LQmluxwdZLMQuEdwLxIQhYkpdb9zjmHohv4aoNrEA=w1167-h567-s-no?authuser=0\" width=\"733\" height=\"356\" data-iml=\"3492482.600000024\" aria-label=\"Foto - Paisatge - 5 de mar\u00e7 2021, 17:26:02\" \/><\/p>\n<p><img loading=\"lazy\" decoding=\"async\" class=\"BiCYpc\" style=\"transform: translate3d(0px, 0px, 0px) rotate(0deg);\" src=\"https:\/\/lh3.googleusercontent.com\/pw\/ABLVV84qeZaq-yFMgZbFoux5n_dqFb40ioakR30zCByCE0USEZp5fC68YOFgLEH8Ue7Mqu-l92qujcbD7me9ZgnDvJIj8l4WPdoqnrzm4v8shHfElSd9GVShQ9E29gslSon-emeNF-EG7RqacSKMxVVM-VNefQ=w1112-h834-s-no?authuser=0\" width=\"533\" height=\"400\" data-iml=\"3552723.4000000954\" aria-label=\"Foto - Paisatge - 5 de mar\u00e7 2021, 17:17:24\" \/><\/td>\n<\/tr>\n<\/tbody>\n<\/table>\n<p>&nbsp;<\/p>\n","protected":false},"excerpt":{"rendered":"<p>L\u2019Escola Brasil compta amb 8 aules d\u2019Educaci\u00f3 Prim\u00e0ria i 3 d\u2019Educaci\u00f3 Infantil. L\u2019aula d&#8217;I3 es troba en un petit edifici annex, que disposa de serveis i un pati tancat propi. A l\u2019edifici principal, a la planta baixa, s\u2019hi poden trobar la consergeria, el menjador i la cuina, el paranimf, la sala de mestres, la infermeria, [&hellip;]<\/p>\n","protected":false},"author":1,"featured_media":0,"parent":22,"menu_order":4,"comment_status":"closed","ping_status":"closed","template":"page-templates\/side-menu.php","meta":{"_bbp_topic_count":0,"_bbp_reply_count":0,"_bbp_total_topic_count":0,"_bbp_total_reply_count":0,"_bbp_voice_count":0,"_bbp_anonymous_reply_count":0,"_bbp_topic_count_hidden":0,"_bbp_reply_count_hidden":0,"_bbp_forum_subforum_count":0,"site-sidebar-layout":"default","site-content-layout":"","ast-site-content-layout":"","site-content-style":"default","site-sidebar-style":"default","ast-global-header-display":"","ast-banner-title-visibility":"","ast-main-header-display":"","ast-hfb-above-header-display":"","ast-hfb-below-header-display":"","ast-hfb-mobile-header-display":"","site-post-title":"","ast-breadcrumbs-content":"","ast-featured-img":"","footer-sml-layout":"","theme-transparent-header-meta":"","adv-header-id-meta":"","stick-header-meta":"","header-above-stick-meta":"","header-main-stick-meta":"","header-below-stick-meta":"","astra-migrate-meta-layouts":"default","ast-page-background-enabled":"default","ast-page-background-meta":{"desktop":{"background-color":"var(--ast-global-color-4)","background-image":"","background-repeat":"repeat","background-position":"center center","background-size":"auto","background-attachment":"scroll","background-type":"","background-media":"","overlay-type":"","overlay-color":"","overlay-opacity":"","overlay-gradient":""},"tablet":{"background-color":"","background-image":"","background-repeat":"repeat","background-position":"center center","background-size":"auto","background-attachment":"scroll","background-type":"","background-media":"","overlay-type":"","overlay-color":"","overlay-opacity":"","overlay-gradient":""},"mobile":{"background-color":"","background-image":"","background-repeat":"repeat","background-position":"center center","background-size":"auto","background-attachment":"scroll","background-type":"","background-media":"","overlay-type":"","overlay-color":"","overlay-opacity":"","overlay-gradient":""}},"ast-content-background-meta":{"desktop":{"background-color":"var(--ast-global-color-5)","background-image":"","background-repeat":"repeat","background-position":"center center","background-size":"auto","background-attachment":"scroll","background-type":"","background-media":"","overlay-type":"","overlay-color":"","overlay-opacity":"","overlay-gradient":""},"tablet":{"background-color":"var(--ast-global-color-5)","background-image":"","background-repeat":"repeat","background-position":"center center","background-size":"auto","background-attachment":"scroll","background-type":"","background-media":"","overlay-type":"","overlay-color":"","overlay-opacity":"","overlay-gradient":""},"mobile":{"background-color":"var(--ast-global-color-5)","background-image":"","background-repeat":"repeat","background-position":"center center","background-size":"auto","background-attachment":"scroll","background-type":"","background-media":"","overlay-type":"","overlay-color":"","overlay-opacity":"","overlay-gradient":""}},"footnotes":""},"class_list":["post-30","page","type-page","status-publish","hentry"],"post_mailing_queue_ids":[],"_links":{"self":[{"href":"https:\/\/agora.xtec.cat\/escolabrasil\/wp-json\/wp\/v2\/pages\/30","targetHints":{"allow":["GET"]}}],"collection":[{"href":"https:\/\/agora.xtec.cat\/escolabrasil\/wp-json\/wp\/v2\/pages"}],"about":[{"href":"https:\/\/agora.xtec.cat\/escolabrasil\/wp-json\/wp\/v2\/types\/page"}],"author":[{"embeddable":true,"href":"https:\/\/agora.xtec.cat\/escolabrasil\/wp-json\/wp\/v2\/users\/1"}],"replies":[{"embeddable":true,"href":"https:\/\/agora.xtec.cat\/escolabrasil\/wp-json\/wp\/v2\/comments?post=30"}],"version-history":[{"count":6,"href":"https:\/\/agora.xtec.cat\/escolabrasil\/wp-json\/wp\/v2\/pages\/30\/revisions"}],"predecessor-version":[{"id":14483,"href":"https:\/\/agora.xtec.cat\/escolabrasil\/wp-json\/wp\/v2\/pages\/30\/revisions\/14483"}],"up":[{"embeddable":true,"href":"https:\/\/agora.xtec.cat\/escolabrasil\/wp-json\/wp\/v2\/pages\/22"}],"wp:attachment":[{"href":"https:\/\/agora.xtec.cat\/escolabrasil\/wp-json\/wp\/v2\/media?parent=30"}],"curies":[{"name":"wp","href":"https:\/\/api.w.org\/{rel}","templated":true}]}}