{"id":14301,"date":"2025-02-04T16:35:19","date_gmt":"2025-02-04T15:35:19","guid":{"rendered":"https:\/\/agora.xtec.cat\/escolabrasil\/?page_id=14301"},"modified":"2025-02-04T16:37:55","modified_gmt":"2025-02-04T15:37:55","slug":"ambients-3","status":"publish","type":"page","link":"https:\/\/agora.xtec.cat\/escolabrasil\/ambients-3\/","title":{"rendered":"Metodologia de treball a Infantil"},"content":{"rendered":"<p><span style=\"font-weight: 500;\">A la nostra escola, treballem una metodologia centrada en l\u2019infant, que comen\u00e7a des del moment en qu\u00e8 els i les alumnes arriben a I3.\u00a0<\/span><\/p>\n<p><b>Els ambients, tallers i racons<\/b><span style=\"font-weight: 500;\"> s\u00f3n una part essencial del nostre projecte educatiu a la primera etapa educativa, ja que ens permeten treballar els diferents \u00e0mbits i continguts d\u2019una manera m\u00e9s manipulativa, vivencial i propera a les necessitats dels infants.<\/span><\/p>\n<h4><span style=\"font-weight: 500;\">Qu\u00e8 s\u00f3n els ambients, tallers i racons?<\/span><\/h4>\n<ul>\n<li style=\"font-weight: 400;\" aria-level=\"1\"><span style=\"font-weight: 500;\"><strong>Ambients<\/strong>: Espais pensats per interactuar I3, I4, I5 amb l\u2019objectiu que explorin i aprenguin mitjan\u00e7ant el joc, la investigaci\u00f3 i l&#8217;experimentaci\u00f3. Les interaccions entre els infants de diferents edats s\u00f3n tamb\u00e9 una font d\u2019aprenentatge mitjan\u00e7ant la col\u00b7laboraci\u00f3. <\/span>Cada ambient est\u00e0 dedicat a una tem\u00e0tica o \u00e0mbit concret, com ara la ci\u00e8ncia, les arts o el moviment. Tenen un component molt important d\u2019autonomia ja que s\u00f3n els propis infants els que decideixen, un cop han fet un tastet per tots els ambients, quin volen fer en cada sessi\u00f3.<\/li>\n<li style=\"font-weight: 400;\" aria-level=\"1\"><span style=\"font-weight: 500;\"><strong>Tallers<\/strong>: Els tallers s\u00f3n propostes guiades per la persona docent, normalment s\u00f3n manipulatius i es fan en petit grup. Aquests tallers tenen un objectiu pedag\u00f2gic ben concret i definit. Es fan a I3 en una sessi\u00f3 amb 4 docents, amb 1 taller per docent.<\/span><\/li>\n<li style=\"font-weight: 400;\" aria-level=\"1\"><span style=\"font-weight: 500;\"><strong>Racons<\/strong>: Els racons s\u00f3n propostes per petits grups, que tan poden ser guiats com aut\u00f2noms. Tenen la caracter\u00edstica que es fan alhora a dins d\u2019una mateixa aula amb 2 docents. Cada grup d\u2019infants est\u00e0 elaborant una proposta individualment o cooperativament. Poden ser racons de treball o de joc.<\/span><\/li>\n<\/ul>\n<h4><span style=\"font-weight: 500;\">Per qu\u00e8 aquesta metodologia?<\/span><\/h4>\n<p><span style=\"font-weight: 500;\">Les experi\u00e8ncies pr\u00e0ctiques i vivencials permeten que els infants integrin millor els continguts i gaudeixin del proc\u00e9s d\u2019aprenentatge.<\/span><\/p>\n<p><span style=\"font-weight: 500;\">Cal destacar tamb\u00e9 que aquesta varietat d\u2019agrupacions i propostes faciliten l\u2019atenci\u00f3 a la diversitat i que cada infant pugui experimentar diferents habilitats en les que expressar-se.<\/span><\/p>\n<p><span style=\"font-weight: 500;\">Els infants s\u00f3n els protagonistes del seu aprenentatge, explorant i descobrint al seu ritme.<\/span><\/p>\n<p><span style=\"font-weight: 500;\">Cal destacar tamb\u00e9 que treballem <\/span><b>propostes en gran grup<\/b><span style=\"font-weight: 500;\"> on la mestra \u00e9s la que dissenya l\u2019activitat d\u2019aprenentatge, intentant contextualitzar les situacions per tal que siguin significatives per l\u2019alumnat i alhora treballin els diferents \u00e0mbits del curr\u00edculum.<\/span><\/p>\n<p><span style=\"font-weight: 500;\">A m\u00e9s d\u2019aprendre continguts acad\u00e8mics, tota l\u2019activitat educativa del parvulari t\u00e9 com a base <\/span><span style=\"font-weight: 500;\">desenvolupar habilitats personals i socials<\/span><span style=\"font-weight: 500;\">, com ara el treball en equip, la resoluci\u00f3 de problemes, l\u2019autonomia i la capacitat de decisi\u00f3.<\/span><\/p>\n<p><span style=\"font-weight: 500;\">A l\u2019escola, treballem perqu\u00e8 cada experi\u00e8ncia sigui una oportunitat d\u2019aprendre vivint!<\/span><\/p>\n<p><a href=\"https:\/\/agora.xtec.cat\/escolabrasil\/wp-content\/uploads\/usu1218\/2025\/01\/IMG20241015153734-2-scaled.jpg\"><img loading=\"lazy\" decoding=\"async\" class=\"alignnone wp-image-14331\" src=\"https:\/\/agora.xtec.cat\/escolabrasil\/wp-content\/uploads\/usu1218\/2025\/01\/IMG20241015153734-2-1024x768.jpg\" alt=\"\" width=\"459\" height=\"344\" srcset=\"https:\/\/agora.xtec.cat\/escolabrasil\/wp-content\/uploads\/usu1218\/2025\/01\/IMG20241015153734-2-1024x768.jpg 1024w, https:\/\/agora.xtec.cat\/escolabrasil\/wp-content\/uploads\/usu1218\/2025\/01\/IMG20241015153734-2-300x225.jpg 300w, https:\/\/agora.xtec.cat\/escolabrasil\/wp-content\/uploads\/usu1218\/2025\/01\/IMG20241015153734-2-768x576.jpg 768w, https:\/\/agora.xtec.cat\/escolabrasil\/wp-content\/uploads\/usu1218\/2025\/01\/IMG20241015153734-2-1536x1152.jpg 1536w, https:\/\/agora.xtec.cat\/escolabrasil\/wp-content\/uploads\/usu1218\/2025\/01\/IMG20241015153734-2-2048x1536.jpg 2048w, https:\/\/agora.xtec.cat\/escolabrasil\/wp-content\/uploads\/usu1218\/2025\/01\/IMG20241015153734-2-200x150.jpg 200w\" sizes=\"auto, (max-width: 459px) 100vw, 459px\" \/>\u00a0 <\/a><a href=\"https:\/\/agora.xtec.cat\/escolabrasil\/wp-content\/uploads\/usu1218\/2025\/01\/IMG_3306-2-scaled.jpg\"><img loading=\"lazy\" decoding=\"async\" class=\"alignnone wp-image-14330\" src=\"https:\/\/agora.xtec.cat\/escolabrasil\/wp-content\/uploads\/usu1218\/2025\/01\/IMG_3306-2-1024x768.jpg\" alt=\"\" width=\"460\" height=\"345\" srcset=\"https:\/\/agora.xtec.cat\/escolabrasil\/wp-content\/uploads\/usu1218\/2025\/01\/IMG_3306-2-1024x768.jpg 1024w, https:\/\/agora.xtec.cat\/escolabrasil\/wp-content\/uploads\/usu1218\/2025\/01\/IMG_3306-2-300x225.jpg 300w, https:\/\/agora.xtec.cat\/escolabrasil\/wp-content\/uploads\/usu1218\/2025\/01\/IMG_3306-2-768x576.jpg 768w, https:\/\/agora.xtec.cat\/escolabrasil\/wp-content\/uploads\/usu1218\/2025\/01\/IMG_3306-2-1536x1152.jpg 1536w, https:\/\/agora.xtec.cat\/escolabrasil\/wp-content\/uploads\/usu1218\/2025\/01\/IMG_3306-2-2048x1536.jpg 2048w, https:\/\/agora.xtec.cat\/escolabrasil\/wp-content\/uploads\/usu1218\/2025\/01\/IMG_3306-2-200x150.jpg 200w\" sizes=\"auto, (max-width: 460px) 100vw, 460px\" \/>\u00a0<\/a><\/p>\n<p><a href=\"https:\/\/agora.xtec.cat\/escolabrasil\/wp-content\/uploads\/usu1218\/2025\/01\/IMG_9796-scaled-e1737922616573.jpg\"><img loading=\"lazy\" decoding=\"async\" class=\"alignnone wp-image-14329\" src=\"https:\/\/agora.xtec.cat\/escolabrasil\/wp-content\/uploads\/usu1218\/2025\/01\/IMG_9796-scaled-e1737922616573-1024x768.jpg\" alt=\"\" width=\"455\" height=\"341\" srcset=\"https:\/\/agora.xtec.cat\/escolabrasil\/wp-content\/uploads\/usu1218\/2025\/01\/IMG_9796-scaled-e1737922616573-1024x768.jpg 1024w, https:\/\/agora.xtec.cat\/escolabrasil\/wp-content\/uploads\/usu1218\/2025\/01\/IMG_9796-scaled-e1737922616573-300x225.jpg 300w, https:\/\/agora.xtec.cat\/escolabrasil\/wp-content\/uploads\/usu1218\/2025\/01\/IMG_9796-scaled-e1737922616573-768x576.jpg 768w, https:\/\/agora.xtec.cat\/escolabrasil\/wp-content\/uploads\/usu1218\/2025\/01\/IMG_9796-scaled-e1737922616573-1536x1152.jpg 1536w, https:\/\/agora.xtec.cat\/escolabrasil\/wp-content\/uploads\/usu1218\/2025\/01\/IMG_9796-scaled-e1737922616573-2048x1536.jpg 2048w, https:\/\/agora.xtec.cat\/escolabrasil\/wp-content\/uploads\/usu1218\/2025\/01\/IMG_9796-scaled-e1737922616573-200x150.jpg 200w\" sizes=\"auto, (max-width: 455px) 100vw, 455px\" \/>\u00a0 <\/a><a href=\"https:\/\/agora.xtec.cat\/escolabrasil\/wp-content\/uploads\/usu1218\/2025\/02\/Captura-de-pantalla-2025-02-04-163558.png\"><img loading=\"lazy\" decoding=\"async\" class=\"alignnone wp-image-14383\" src=\"https:\/\/agora.xtec.cat\/escolabrasil\/wp-content\/uploads\/usu1218\/2025\/02\/Captura-de-pantalla-2025-02-04-163558.png\" alt=\"\" width=\"414\" height=\"339\" srcset=\"https:\/\/agora.xtec.cat\/escolabrasil\/wp-content\/uploads\/usu1218\/2025\/02\/Captura-de-pantalla-2025-02-04-163558.png 675w, https:\/\/agora.xtec.cat\/escolabrasil\/wp-content\/uploads\/usu1218\/2025\/02\/Captura-de-pantalla-2025-02-04-163558-300x246.png 300w\" sizes=\"auto, (max-width: 414px) 100vw, 414px\" \/><\/a><\/p>\n","protected":false},"excerpt":{"rendered":"<p>A la nostra escola, treballem una metodologia centrada en l\u2019infant, que comen\u00e7a des del moment en qu\u00e8 els i les alumnes arriben a I3.\u00a0 Els ambients, tallers i racons s\u00f3n una part essencial del nostre projecte educatiu a la primera etapa educativa, ja que ens permeten treballar els diferents \u00e0mbits i continguts d\u2019una manera m\u00e9s [&hellip;]<\/p>\n","protected":false},"author":1,"featured_media":0,"parent":0,"menu_order":0,"comment_status":"closed","ping_status":"closed","template":"","meta":{"_bbp_topic_count":0,"_bbp_reply_count":0,"_bbp_total_topic_count":0,"_bbp_total_reply_count":0,"_bbp_voice_count":0,"_bbp_anonymous_reply_count":0,"_bbp_topic_count_hidden":0,"_bbp_reply_count_hidden":0,"_bbp_forum_subforum_count":0,"site-sidebar-layout":"default","site-content-layout":"","ast-site-content-layout":"","site-content-style":"default","site-sidebar-style":"default","ast-global-header-display":"","ast-banner-title-visibility":"","ast-main-header-display":"","ast-hfb-above-header-display":"","ast-hfb-below-header-display":"","ast-hfb-mobile-header-display":"","site-post-title":"","ast-breadcrumbs-content":"","ast-featured-img":"","footer-sml-layout":"","theme-transparent-header-meta":"","adv-header-id-meta":"","stick-header-meta":"","header-above-stick-meta":"","header-main-stick-meta":"","header-below-stick-meta":"","astra-migrate-meta-layouts":"default","ast-page-background-enabled":"default","ast-page-background-meta":{"desktop":{"background-color":"var(--ast-global-color-4)","background-image":"","background-repeat":"repeat","background-position":"center center","background-size":"auto","background-attachment":"scroll","background-type":"","background-media":"","overlay-type":"","overlay-color":"","overlay-opacity":"","overlay-gradient":""},"tablet":{"background-color":"","background-image":"","background-repeat":"repeat","background-position":"center center","background-size":"auto","background-attachment":"scroll","background-type":"","background-media":"","overlay-type":"","overlay-color":"","overlay-opacity":"","overlay-gradient":""},"mobile":{"background-color":"","background-image":"","background-repeat":"repeat","background-position":"center center","background-size":"auto","background-attachment":"scroll","background-type":"","background-media":"","overlay-type":"","overlay-color":"","overlay-opacity":"","overlay-gradient":""}},"ast-content-background-meta":{"desktop":{"background-color":"var(--ast-global-color-5)","background-image":"","background-repeat":"repeat","background-position":"center center","background-size":"auto","background-attachment":"scroll","background-type":"","background-media":"","overlay-type":"","overlay-color":"","overlay-opacity":"","overlay-gradient":""},"tablet":{"background-color":"var(--ast-global-color-5)","background-image":"","background-repeat":"repeat","background-position":"center center","background-size":"auto","background-attachment":"scroll","background-type":"","background-media":"","overlay-type":"","overlay-color":"","overlay-opacity":"","overlay-gradient":""},"mobile":{"background-color":"var(--ast-global-color-5)","background-image":"","background-repeat":"repeat","background-position":"center center","background-size":"auto","background-attachment":"scroll","background-type":"","background-media":"","overlay-type":"","overlay-color":"","overlay-opacity":"","overlay-gradient":""}},"footnotes":""},"class_list":["post-14301","page","type-page","status-publish","hentry"],"post_mailing_queue_ids":[],"_links":{"self":[{"href":"https:\/\/agora.xtec.cat\/escolabrasil\/wp-json\/wp\/v2\/pages\/14301","targetHints":{"allow":["GET"]}}],"collection":[{"href":"https:\/\/agora.xtec.cat\/escolabrasil\/wp-json\/wp\/v2\/pages"}],"about":[{"href":"https:\/\/agora.xtec.cat\/escolabrasil\/wp-json\/wp\/v2\/types\/page"}],"author":[{"embeddable":true,"href":"https:\/\/agora.xtec.cat\/escolabrasil\/wp-json\/wp\/v2\/users\/1"}],"replies":[{"embeddable":true,"href":"https:\/\/agora.xtec.cat\/escolabrasil\/wp-json\/wp\/v2\/comments?post=14301"}],"version-history":[{"count":3,"href":"https:\/\/agora.xtec.cat\/escolabrasil\/wp-json\/wp\/v2\/pages\/14301\/revisions"}],"predecessor-version":[{"id":14387,"href":"https:\/\/agora.xtec.cat\/escolabrasil\/wp-json\/wp\/v2\/pages\/14301\/revisions\/14387"}],"wp:attachment":[{"href":"https:\/\/agora.xtec.cat\/escolabrasil\/wp-json\/wp\/v2\/media?parent=14301"}],"curies":[{"name":"wp","href":"https:\/\/api.w.org\/{rel}","templated":true}]}}