{"id":14069,"date":"2024-12-29T12:44:29","date_gmt":"2024-12-29T11:44:29","guid":{"rendered":"https:\/\/agora.xtec.cat\/escolabrasil\/?page_id=14069"},"modified":"2025-01-03T13:51:19","modified_gmt":"2025-01-03T12:51:19","slug":"qui-som","status":"publish","type":"page","link":"https:\/\/agora.xtec.cat\/escolabrasil\/lescola\/qui-som\/","title":{"rendered":"Qui som?"},"content":{"rendered":"<p>Som una <strong>escola petita d&#8217;una l\u00ednia i molt familiar<\/strong>. El nostre principal objectiu \u00e9s oferir un espai proper i segur, on els infants se sentin acollits i acompanyats en totes les etapes del seu creixement.<\/p>\n<p>El nostre equip docent est\u00e0 comprom\u00e8s amb l\u2019educaci\u00f3 integral dels nens i nenes, posant especial atenci\u00f3 en el seu <strong>benestar emocional<\/strong>. Treballem per crear vincles de confian\u00e7a que afavoreixin un desenvolupament personal equilibrat.<\/p>\n<p>A l\u2019Escola Brasil creiem en la import\u00e0ncia d\u2019una <strong>educaci\u00f3 basada en valors<\/strong> com el respecte, l\u2019empatia i la responsabilitat. <strong>Atenem la diversitat amb una mirada integradora<\/strong>, respectant les difer\u00e8ncies i adaptant-nos als ritmes i capacitats individuals de cada infant.<\/p>\n<p>Estem compromeses amb la <strong>coeducaci\u00f3 <\/strong>i promovem la igualtat d\u2019oportunitats i fomentem el respecte mutu entre infants. Entenem l\u2019educaci\u00f3 com una eina fonamental per construir una societat m\u00e9s justa, igualit\u00e0ria i inclusiva, on es reconeguin i valorin les difer\u00e8ncies.<\/p>\n<p>El nostre projecte educatiu combina <strong>metodologies actives<\/strong>, que impulsen la curiositat, la creativitat i l\u2019aprenentatge significatiu, amb altres <strong>metodologies m\u00e9s sistem\u00e0tiques<\/strong>, que asseguren una base s\u00f2lida en els coneixements fonamentals. A m\u00e9s a m\u00e9s, donem molta import\u00e0ncia al <strong>treball cooperatiu<\/strong>, fomentant que els infants s\u2019ajudin m\u00fatuament i desenvolupin habilitats socials com el treball en equip, l\u2019empatia i la responsabilitat compartida.<\/p>\n<p><strong>A l\u2019escola ens socialitzem, convivim els uns amb els altres, aprenem a dialogar i a fer equip.<\/strong><\/p>\n<p>Som conscients que l\u2019educaci\u00f3 \u00e9s un proc\u00e9s compartit, i per aix\u00f2 creiem fermament que <strong>escola i fam\u00edlies hem de treballar en la mateixa direcci\u00f3<\/strong>, col\u00b7laborant per aconseguir el millor per als infants. Ens encanta que les fam\u00edlies siguin una part <strong>activa i participativa<\/strong> en l\u2019aprenentatge dels seus fills i filles, i fomentem la seva implicaci\u00f3 en el dia a dia de l\u2019escola.<\/p>\n<p>DIVERSITAT DE PROPOSTES<\/p>\n<ul>\n<li>A Educaci\u00f3 Infantil treballem per ambients i racons.<\/li>\n<li>Treballem l\u2019<strong>angl\u00e8s des d&#8217;I4.<\/strong><\/li>\n<li>Fomentem din\u00e0miques grupals a les aules, com l\u2019<strong>aprenentatge cooperatiu<\/strong> i les <strong>pr\u00e0ctiques restauratives.<\/strong><\/li>\n<li>Fem diferents <strong>agrupaments<\/strong> al llarg de la setmana: tallers, desdoblaments, activitats internivells&#8230;<\/li>\n<li>Alternem <strong>llibres de text <\/strong>amb altres materials, com dossiers elaborats per les mestres, projectes i materials manipulables.<\/li>\n<li>Activitats l\u00fadiques com <strong>celebraci\u00f3 de festes tradicionals<\/strong>, <strong>sortides curriculars<\/strong> i <strong>col\u00f2nies<\/strong>.<\/li>\n<li>Treballem les matem\u00e0tiques amb<strong> Innovamat<\/strong>.<\/li>\n<li>Fem<strong> Arts and Crafts<\/strong>\u00a0a la comunitat de Grans.<\/li>\n<li>Treballem la <strong>coeducaci\u00f3 des d&#8217;I3 fins a 6\u00e8\u00a0<\/strong>a partir d&#8217;una programaci\u00f3 d&#8217;activitats afectivo-sexuals elaborada per l&#8217;escola.<\/li>\n<li>Oferim <strong>espais de tutories individualitzades<\/strong> a partir de 1r de Prim\u00e0ria per atendre les necessitats de cada infant de manera personalitzada.<\/li>\n<li>Ens estem iniciant amb l&#8217;\u00fas de la <strong>rob\u00f2tica<\/strong> a tota l&#8217;escola.<\/li>\n<li><strong>La m\u00fasica est\u00e0 present a tota l&#8217;escolaritzaci\u00f3<\/strong>: fem el projecte d&#8217;<strong>ukeleles<\/strong> a partir de 3r, <strong>Dansa Ara<\/strong> a 2n i <strong>Cant\u00e0nia<\/strong> a 4t. A m\u00e9s a m\u00e9s, organitzem el <strong>Festival de Nadal<\/strong> i el <strong>Final de Curs<\/strong>, on la m\u00fasica i la dansa tenen una gran pres\u00e8ncia.<\/li>\n<li>Treball<strong> de les capacitats motrius<\/strong>: a Educaci\u00f3 Infantil a trav\u00e9s de la <strong>psicomotricitat<\/strong>, a 1r de Prim\u00e0ria amb <strong>la nataci\u00f3<\/strong> i a trav\u00e9s de <strong>l&#8217;educaci\u00f3 f\u00edsica<\/strong> al llarg de tota l&#8217;escolaritzaci\u00f3.<\/li>\n<li><strong>Tenim establertes parelles d&#8217;Amistats lectores <\/strong>amb la finalitat de fomentar l&#8217;h\u00e0bit lector i la relaci\u00f3 entre els infants a trav\u00e9s de la lectura compartida.<\/li>\n<li>Som <strong>escola pionera en el projecte Bibliotech<\/strong>, una iniciativa per donar-li l\u2019impuls necessari a la biblioteca escolar per transformar-la en un entorn d\u2019aprenentatge flexible ple d\u2019oportunitats d\u2019aprenentatge.<\/li>\n<li>Incorporaci\u00f3 de programes i projectes als diferents cursos:\n<ul>\n<li><strong>Barcelona Escoles + Sostenibles<\/strong><\/li>\n<li><strong>Ens fem grans<\/strong>\u00a0a I4<\/li>\n<li><strong>Bon dia Somriu<\/strong>, <strong>Petits talents cient\u00edfics<\/strong> i <strong>Ja nedo<\/strong> a 1r<\/li>\n<li><strong>Congr\u00e9s de ci\u00e8ncies<\/strong> a 3r<\/li>\n<li><strong>La R\u00e0dio a Ca l\u2019Isidret<\/strong> a 4t<\/li>\n<li><strong>Expliquem el barri<\/strong> i <strong>les Corrandes<\/strong> a 5\u00e8<\/li>\n<li><strong>Patrimonia&#8217;m<\/strong> a 6\u00e8<\/li>\n<\/ul>\n<\/li>\n<\/ul>\n","protected":false},"excerpt":{"rendered":"<p>Som una escola petita d&#8217;una l\u00ednia i molt familiar. El nostre principal objectiu \u00e9s oferir un espai proper i segur, on els infants se sentin acollits i acompanyats en totes les etapes del seu creixement. El nostre equip docent est\u00e0 comprom\u00e8s amb l\u2019educaci\u00f3 integral dels nens i nenes, posant especial atenci\u00f3 en el seu benestar [&hellip;]<\/p>\n","protected":false},"author":1,"featured_media":0,"parent":22,"menu_order":2,"comment_status":"closed","ping_status":"closed","template":"","meta":{"_bbp_topic_count":0,"_bbp_reply_count":0,"_bbp_total_topic_count":0,"_bbp_total_reply_count":0,"_bbp_voice_count":0,"_bbp_anonymous_reply_count":0,"_bbp_topic_count_hidden":0,"_bbp_reply_count_hidden":0,"_bbp_forum_subforum_count":0,"site-sidebar-layout":"default","site-content-layout":"","ast-site-content-layout":"","site-content-style":"default","site-sidebar-style":"default","ast-global-header-display":"","ast-banner-title-visibility":"","ast-main-header-display":"","ast-hfb-above-header-display":"","ast-hfb-below-header-display":"","ast-hfb-mobile-header-display":"","site-post-title":"","ast-breadcrumbs-content":"","ast-featured-img":"","footer-sml-layout":"","theme-transparent-header-meta":"","adv-header-id-meta":"","stick-header-meta":"","header-above-stick-meta":"","header-main-stick-meta":"","header-below-stick-meta":"","astra-migrate-meta-layouts":"default","ast-page-background-enabled":"default","ast-page-background-meta":{"desktop":{"background-color":"var(--ast-global-color-4)","background-image":"","background-repeat":"repeat","background-position":"center center","background-size":"auto","background-attachment":"scroll","background-type":"","background-media":"","overlay-type":"","overlay-color":"","overlay-opacity":"","overlay-gradient":""},"tablet":{"background-color":"","background-image":"","background-repeat":"repeat","background-position":"center center","background-size":"auto","background-attachment":"scroll","background-type":"","background-media":"","overlay-type":"","overlay-color":"","overlay-opacity":"","overlay-gradient":""},"mobile":{"background-color":"","background-image":"","background-repeat":"repeat","background-position":"center center","background-size":"auto","background-attachment":"scroll","background-type":"","background-media":"","overlay-type":"","overlay-color":"","overlay-opacity":"","overlay-gradient":""}},"ast-content-background-meta":{"desktop":{"background-color":"var(--ast-global-color-5)","background-image":"","background-repeat":"repeat","background-position":"center center","background-size":"auto","background-attachment":"scroll","background-type":"","background-media":"","overlay-type":"","overlay-color":"","overlay-opacity":"","overlay-gradient":""},"tablet":{"background-color":"var(--ast-global-color-5)","background-image":"","background-repeat":"repeat","background-position":"center center","background-size":"auto","background-attachment":"scroll","background-type":"","background-media":"","overlay-type":"","overlay-color":"","overlay-opacity":"","overlay-gradient":""},"mobile":{"background-color":"var(--ast-global-color-5)","background-image":"","background-repeat":"repeat","background-position":"center center","background-size":"auto","background-attachment":"scroll","background-type":"","background-media":"","overlay-type":"","overlay-color":"","overlay-opacity":"","overlay-gradient":""}},"footnotes":""},"class_list":["post-14069","page","type-page","status-publish","hentry"],"post_mailing_queue_ids":[],"_links":{"self":[{"href":"https:\/\/agora.xtec.cat\/escolabrasil\/wp-json\/wp\/v2\/pages\/14069","targetHints":{"allow":["GET"]}}],"collection":[{"href":"https:\/\/agora.xtec.cat\/escolabrasil\/wp-json\/wp\/v2\/pages"}],"about":[{"href":"https:\/\/agora.xtec.cat\/escolabrasil\/wp-json\/wp\/v2\/types\/page"}],"author":[{"embeddable":true,"href":"https:\/\/agora.xtec.cat\/escolabrasil\/wp-json\/wp\/v2\/users\/1"}],"replies":[{"embeddable":true,"href":"https:\/\/agora.xtec.cat\/escolabrasil\/wp-json\/wp\/v2\/comments?post=14069"}],"version-history":[{"count":6,"href":"https:\/\/agora.xtec.cat\/escolabrasil\/wp-json\/wp\/v2\/pages\/14069\/revisions"}],"predecessor-version":[{"id":14165,"href":"https:\/\/agora.xtec.cat\/escolabrasil\/wp-json\/wp\/v2\/pages\/14069\/revisions\/14165"}],"up":[{"embeddable":true,"href":"https:\/\/agora.xtec.cat\/escolabrasil\/wp-json\/wp\/v2\/pages\/22"}],"wp:attachment":[{"href":"https:\/\/agora.xtec.cat\/escolabrasil\/wp-json\/wp\/v2\/media?parent=14069"}],"curies":[{"name":"wp","href":"https:\/\/api.w.org\/{rel}","templated":true}]}}