{"id":11108,"date":"2023-05-04T13:13:32","date_gmt":"2023-05-04T11:13:32","guid":{"rendered":"https:\/\/agora.xtec.cat\/escolabrasil\/?page_id=11108"},"modified":"2024-02-14T09:32:19","modified_gmt":"2024-02-14T08:32:19","slug":"recursos-materials","status":"publish","type":"page","link":"https:\/\/agora.xtec.cat\/escolabrasil\/projecte-educatiu\/cultura-digital-de-centre\/recursos-materials\/","title":{"rendered":"Recursos materials"},"content":{"rendered":"<ul>\n<li style=\"font-weight: 400;\" aria-level=\"1\"><span style=\"font-weight: 400;\">L\u2019escola\u00a0 disposa de 5 carros de port\u00e0tils: 4 d\u2019ells per la dotaci\u00f3 de Pla de cultura digital per als alumnes de 5\u00e8 i 6\u00e8, cadascun amb <\/span><b>port\u00e0tils<\/b><span style=\"font-weight: 400;\">, un carro amb <\/span><b>port\u00e0tils<\/b><span style=\"font-weight: 400;\"> propietat de l\u2019escola i un carro amb <\/span><b>\u00a0tablets<\/b><span style=\"font-weight: 400;\">, gestionades per la comissi\u00f3 d&#8217;Inform\u00e0tica de l\u2019escola.<\/span><\/li>\n<li style=\"font-weight: 400;\" aria-level=\"1\"><span style=\"font-weight: 400;\">Estem dotats d\u2019una <\/span><b>aula d\u2019inform\u00e0tica amb ordinadors<\/b><span style=\"font-weight: 400;\">, aquesta disposa d\u2019impressora de gesti\u00f3 interna de l\u2019escola.<\/span><\/li>\n<li style=\"font-weight: 400;\" aria-level=\"1\"><span style=\"font-weight: 400;\">Els <\/span><b>ordinadors del professorat<\/b><span style=\"font-weight: 400;\"> han estat subministrats pel departament d\u2019educaci\u00f3.<\/span><\/li>\n<li style=\"font-weight: 400;\" aria-level=\"1\"><span style=\"font-weight: 400;\">La gesti\u00f3 i reserva de les tablets i de l\u2019aula d\u2019inform\u00e0tica est\u00e0 en un horari fet per la cap d\u2019estudis i penjat a la mateixa aula. Sempre i quan hi hagi disponibilitat hor\u00e0ria se\u2019n pot fer \u00fas.<\/span><\/li>\n<li style=\"font-weight: 400;\" aria-level=\"1\"><span style=\"font-weight: 400;\">El centre disposa de <\/span><b>dos tipus d&#8217;impressores<\/b><span style=\"font-weight: 400;\">. Les impressores del departament d\u2019\u00fas de direcci\u00f3, i les impressores pr\u00f2pies del centre, d\u2019\u00fas dels mestres. Cada classe t\u00e9 una carpeta on es desa el fitxer enviat, amb un codi d\u2019impressi\u00f3\u00a0 per treballador\/a\u00a0 i d\u2019aula per fer c\u00f2pies relacionades amb l\u2019acci\u00f3 docent i de la direcci\u00f3 del centre.<\/span><\/li>\n<li aria-level=\"1\">Tamb\u00e9 disposem de material de rob\u00f2tica i sistemes de projecci\u00f3.<\/li>\n<\/ul>\n","protected":false},"excerpt":{"rendered":"<p>L\u2019escola\u00a0 disposa de 5 carros de port\u00e0tils: 4 d\u2019ells per la dotaci\u00f3 de Pla de cultura digital per als alumnes de 5\u00e8 i 6\u00e8, cadascun amb port\u00e0tils, un carro amb port\u00e0tils propietat de l\u2019escola i un carro amb \u00a0tablets, gestionades per la comissi\u00f3 d&#8217;Inform\u00e0tica de l\u2019escola. Estem dotats d\u2019una aula d\u2019inform\u00e0tica amb ordinadors, aquesta disposa [&hellip;]<\/p>\n","protected":false},"author":7,"featured_media":0,"parent":11076,"menu_order":0,"comment_status":"closed","ping_status":"closed","template":"page-templates\/side-menu.php","meta":{"_bbp_topic_count":0,"_bbp_reply_count":0,"_bbp_total_topic_count":0,"_bbp_total_reply_count":0,"_bbp_voice_count":0,"_bbp_anonymous_reply_count":0,"_bbp_topic_count_hidden":0,"_bbp_reply_count_hidden":0,"_bbp_forum_subforum_count":0,"site-sidebar-layout":"default","site-content-layout":"","ast-site-content-layout":"","site-content-style":"default","site-sidebar-style":"default","ast-global-header-display":"","ast-banner-title-visibility":"","ast-main-header-display":"","ast-hfb-above-header-display":"","ast-hfb-below-header-display":"","ast-hfb-mobile-header-display":"","site-post-title":"","ast-breadcrumbs-content":"","ast-featured-img":"","footer-sml-layout":"","theme-transparent-header-meta":"","adv-header-id-meta":"","stick-header-meta":"","header-above-stick-meta":"","header-main-stick-meta":"","header-below-stick-meta":"","astra-migrate-meta-layouts":"default","ast-page-background-enabled":"default","ast-page-background-meta":{"desktop":{"background-color":"var(--ast-global-color-4)","background-image":"","background-repeat":"repeat","background-position":"center center","background-size":"auto","background-attachment":"scroll","background-type":"","background-media":"","overlay-type":"","overlay-color":"","overlay-opacity":"","overlay-gradient":""},"tablet":{"background-color":"","background-image":"","background-repeat":"repeat","background-position":"center center","background-size":"auto","background-attachment":"scroll","background-type":"","background-media":"","overlay-type":"","overlay-color":"","overlay-opacity":"","overlay-gradient":""},"mobile":{"background-color":"","background-image":"","background-repeat":"repeat","background-position":"center center","background-size":"auto","background-attachment":"scroll","background-type":"","background-media":"","overlay-type":"","overlay-color":"","overlay-opacity":"","overlay-gradient":""}},"ast-content-background-meta":{"desktop":{"background-color":"var(--ast-global-color-5)","background-image":"","background-repeat":"repeat","background-position":"center center","background-size":"auto","background-attachment":"scroll","background-type":"","background-media":"","overlay-type":"","overlay-color":"","overlay-opacity":"","overlay-gradient":""},"tablet":{"background-color":"var(--ast-global-color-5)","background-image":"","background-repeat":"repeat","background-position":"center center","background-size":"auto","background-attachment":"scroll","background-type":"","background-media":"","overlay-type":"","overlay-color":"","overlay-opacity":"","overlay-gradient":""},"mobile":{"background-color":"var(--ast-global-color-5)","background-image":"","background-repeat":"repeat","background-position":"center center","background-size":"auto","background-attachment":"scroll","background-type":"","background-media":"","overlay-type":"","overlay-color":"","overlay-opacity":"","overlay-gradient":""}},"footnotes":""},"class_list":["post-11108","page","type-page","status-publish","hentry"],"post_mailing_queue_ids":[],"_links":{"self":[{"href":"https:\/\/agora.xtec.cat\/escolabrasil\/wp-json\/wp\/v2\/pages\/11108","targetHints":{"allow":["GET"]}}],"collection":[{"href":"https:\/\/agora.xtec.cat\/escolabrasil\/wp-json\/wp\/v2\/pages"}],"about":[{"href":"https:\/\/agora.xtec.cat\/escolabrasil\/wp-json\/wp\/v2\/types\/page"}],"author":[{"embeddable":true,"href":"https:\/\/agora.xtec.cat\/escolabrasil\/wp-json\/wp\/v2\/users\/7"}],"replies":[{"embeddable":true,"href":"https:\/\/agora.xtec.cat\/escolabrasil\/wp-json\/wp\/v2\/comments?post=11108"}],"version-history":[{"count":3,"href":"https:\/\/agora.xtec.cat\/escolabrasil\/wp-json\/wp\/v2\/pages\/11108\/revisions"}],"predecessor-version":[{"id":12646,"href":"https:\/\/agora.xtec.cat\/escolabrasil\/wp-json\/wp\/v2\/pages\/11108\/revisions\/12646"}],"up":[{"embeddable":true,"href":"https:\/\/agora.xtec.cat\/escolabrasil\/wp-json\/wp\/v2\/pages\/11076"}],"wp:attachment":[{"href":"https:\/\/agora.xtec.cat\/escolabrasil\/wp-json\/wp\/v2\/media?parent=11108"}],"curies":[{"name":"wp","href":"https:\/\/api.w.org\/{rel}","templated":true}]}}