{"id":597,"date":"2017-02-03T19:09:40","date_gmt":"2017-02-03T18:09:40","guid":{"rendered":"http:\/\/agora.xtec.cat\/escolabosc-barbera\/?page_id=597"},"modified":"2025-07-02T13:01:13","modified_gmt":"2025-07-02T11:01:13","slug":"documents-de-centre","status":"publish","type":"page","link":"https:\/\/agora.xtec.cat\/escolabosc-barbera\/lescola\/documents-de-centre\/documents-de-centre\/","title":{"rendered":"Documents de centre"},"content":{"rendered":"<table style=\"height: 403px; width: 58.9047%;\">\n<tbody>\n<tr style=\"height: 34px;\">\n<td style=\"width: 33.9972%; height: 34px; vertical-align: top;\"><strong>Escola del Bosc<\/strong><\/p>\n<p><a href=\"https:\/\/drive.google.com\/file\/d\/1whDENe2qQld6Bt5sw_Q3xU6w9hoswqdJ\/view?usp=sharing\" target=\"_blank\" rel=\"noopener\">Coneix l&#8217;escola<\/a><\/p>\n<p><a href=\"https:\/\/drive.google.com\/file\/d\/1pEpV3zQSREW991l_uejDicCRu6oeBZMo\/view?usp=sharing\" target=\"_blank\" rel=\"noopener\">Pla d&#8217;actuaci\u00f3 24\/25<\/a><\/p>\n<p><a href=\"https:\/\/drive.google.com\/file\/d\/18D9nYmKfOtiyNuyTJgkvuPr6VVnogKpp\/view?usp=share_link\" target=\"_blank\" rel=\"noopener noreferrer\">Pla d&#8217;emerg\u00e8ncia<\/a><\/p>\n<p><a href=\"https:\/\/drive.google.com\/file\/d\/1kyjhoDTPgiNKtclxFovQ1rGP5o7z6itd\/view?usp=sharing\" target=\"_blank\" rel=\"noopener noreferrer\">Projecte ling\u00fc\u00edstic<\/a><\/p>\n<p><a href=\"https:\/\/drive.google.com\/file\/d\/0B9cVkDddpDr0VmRLVkFTT1FfRUU\/view?usp=sharing&amp;resourcekey=0-iadBWfbCmo2SKt2N3uIYAA\" target=\"_blank\" rel=\"noopener\">Projecte de direcci\u00f3<\/a><\/p>\n<p><a href=\"https:\/\/drive.google.com\/file\/d\/1snqrv6jimP4IhAzIlspzlySCkEw91WIt\/view?usp=sharing\" target=\"_blank\" rel=\"noopener\">Full de reclamaci\u00f3<\/a><\/p>\n<p><a href=\"https:\/\/drive.google.com\/file\/d\/1eTc8VK4OVTiXcFq-6QYwtgtBDg-GPyTi\/view?usp=sharing\" target=\"_blank\" rel=\"noopener\">PEC<\/a><\/p>\n<p>&nbsp;<\/td>\n<td style=\"width: 29.3105%; height: 139px; text-align: left; vertical-align: top;\"><strong>Decrets i lleis<\/strong><\/p>\n<p><a href=\"https:\/\/drive.google.com\/file\/d\/1vpc7NQT0RBoV00qqehVUK1KK3RY2-PDr\/view?usp=drive_link\" target=\"_blank\" rel=\"noopener noreferrer\">Decret d&#8217;ordenaci\u00f3 E. Infantil<\/a><\/p>\n<p><a href=\"https:\/\/drive.google.com\/file\/d\/10QFXgPKz6rduSDCuHNVRWGw3QJ1Yrr9u\/view?usp=drive_link\" target=\"_blank\" rel=\"noopener noreferrer\">Decret d&#8217;ordenaci\u00f3 E. Prim\u00e0ria<\/a><\/p>\n<p><a href=\"https:\/\/drive.google.com\/open?id=1dzqeVG1mC-uFkkDiPyswPmbCLihXiDqS\" target=\"_blank\" rel=\"noopener noreferrer\">Decret d&#8217;autonomia de centre<\/a><\/p>\n<p><a href=\"https:\/\/drive.google.com\/open?id=1V58oKCsVDfI14HiSDYFAFlc5P_8DBeFT\" target=\"_blank\" rel=\"noopener noreferrer\">Llei 12\/2009 d&#8217;educaci\u00f3<\/a><\/td>\n<td style=\"width: 20.6184%; height: 139px; text-align: left; vertical-align: top;\"><strong>Normatives<\/strong><\/p>\n<p><a href=\"https:\/\/drive.google.com\/open?id=1tA_Z12kkp4a4NF27rU_QMHGawBBgSJ-j\" target=\"_blank\" rel=\"noopener noreferrer\">Aliments segurs<\/a><\/p>\n<p><a href=\"https:\/\/drive.google.com\/open?id=1lRFoCwl8PsxkyMnfHebP6i5d6Z6leC_o\" target=\"_blank\" rel=\"noopener noreferrer\">Animals a l&#8217;escola<\/a><\/p>\n<p><a href=\"https:\/\/drive.google.com\/open?id=1pPt-0CPCBS0CqbFonIrX6c9pz3LnKT_r\" target=\"_blank\" rel=\"noopener noreferrer\">No assist\u00e8ncia per malalties<\/a><\/p>\n<p><a href=\"https:\/\/drive.google.com\/open?id=1iuk20e2liDula61rnWCjfT4IY6mnuZn9\" target=\"_blank\" rel=\"noopener noreferrer\">Protecci\u00f3 de dades<\/a><\/td>\n<td style=\"width: 1.10497%; text-align: left; vertical-align: top;\" colspan=\"3\"><strong>Protocols<\/strong><\/p>\n<p><a href=\"https:\/\/xtec.gencat.cat\/ca\/centres\/projeducatiu\/convivencia\/protocols\/assetjament-ciberassetjament-entre-iguals\/index.html\" target=\"_blank\" rel=\"noopener\">Assetjament i\u00a0 ciberassetjament entre igual<\/a><\/p>\n<p><a href=\"https:\/\/xtec.gencat.cat\/ca\/centres\/projeducatiu\/convivencia\/protocols\/conflicte-comissio-infraccio-penal\/index.html\" target=\"_blank\" rel=\"noopener\">Actuaci\u00f3 amb menors de 14 anys en situacions de conflicte<\/a><\/p>\n<p><a href=\"https:\/\/xtec.gencat.cat\/ca\/centres\/projeducatiu\/convivencia\/protocols\/conductes-odi-i-discriminacio\/\" target=\"_blank\" rel=\"noopener\">Conductes d&#8217;odi i discriminaci\u00f3<\/a><\/p>\n<p><a href=\"https:\/\/xtec.gencat.cat\/ca\/centres\/projeducatiu\/convivencia\/protocols\/conflictes-greus\/index.html\">Conflicte greu<\/a><\/p>\n<p><a href=\"https:\/\/xtec.gencat.cat\/ca\/centres\/projeducatiu\/convivencia\/protocols\/violencia-masclista\/index.html\" target=\"_blank\" rel=\"noopener\">Viol\u00e8ncia masclista entre l&#8217;alumnat<\/a><\/p>\n<p><a href=\"https:\/\/xtec.gencat.cat\/ca\/centres\/projeducatiu\/convivencia\/protocols\/maltractament-infantil-adolescent\/index.html\" target=\"_blank\" rel=\"noopener\">Situacions de maltractament infantil i adolescent<\/a><\/p>\n<p><a href=\"https:\/\/xtec.gencat.cat\/ca\/centres\/projeducatiu\/convivencia\/protocols\/assetjament-escolar-persones-lgbti\/index.html\" target=\"_blank\" rel=\"noopener\">Assetjament escolar a persones LGBTI<\/a><\/td>\n<\/tr>\n<\/tbody>\n<\/table>\n<p>&nbsp;<\/p>\n","protected":false},"excerpt":{"rendered":"<p>Escola del Bosc Coneix l&#8217;escola Pla d&#8217;actuaci\u00f3 24\/25 Pla d&#8217;emerg\u00e8ncia Projecte ling\u00fc\u00edstic Projecte de direcci\u00f3 Full de reclamaci\u00f3 PEC &nbsp; Decrets i lleis Decret d&#8217;ordenaci\u00f3 E. Infantil Decret d&#8217;ordenaci\u00f3 E. Prim\u00e0ria Decret d&#8217;autonomia de centre Llei 12\/2009 d&#8217;educaci\u00f3 Normatives Aliments segurs Animals a l&#8217;escola No assist\u00e8ncia per malalties Protecci\u00f3 de dades Protocols Assetjament i\u00a0 ciberassetjament [&hellip;]<\/p>\n","protected":false},"author":1,"featured_media":0,"parent":586,"menu_order":30,"comment_status":"closed","ping_status":"closed","template":"page-templates\/side-menu.php","meta":{"_bbp_topic_count":0,"_bbp_reply_count":0,"_bbp_total_topic_count":0,"_bbp_total_reply_count":0,"_bbp_voice_count":0,"_bbp_anonymous_reply_count":0,"_bbp_topic_count_hidden":0,"_bbp_reply_count_hidden":0,"_bbp_forum_subforum_count":0,"site-sidebar-layout":"default","site-content-layout":"","ast-site-content-layout":"","site-content-style":"default","site-sidebar-style":"default","ast-global-header-display":"","ast-banner-title-visibility":"","ast-main-header-display":"","ast-hfb-above-header-display":"","ast-hfb-below-header-display":"","ast-hfb-mobile-header-display":"","site-post-title":"","ast-breadcrumbs-content":"","ast-featured-img":"","footer-sml-layout":"","theme-transparent-header-meta":"","adv-header-id-meta":"","stick-header-meta":"","header-above-stick-meta":"","header-main-stick-meta":"","header-below-stick-meta":"","astra-migrate-meta-layouts":"default","ast-page-background-enabled":"default","ast-page-background-meta":{"desktop":{"background-color":"var(--ast-global-color-4)","background-image":"","background-repeat":"repeat","background-position":"center center","background-size":"auto","background-attachment":"scroll","background-type":"","background-media":"","overlay-type":"","overlay-color":"","overlay-opacity":"","overlay-gradient":""},"tablet":{"background-color":"","background-image":"","background-repeat":"repeat","background-position":"center center","background-size":"auto","background-attachment":"scroll","background-type":"","background-media":"","overlay-type":"","overlay-color":"","overlay-opacity":"","overlay-gradient":""},"mobile":{"background-color":"","background-image":"","background-repeat":"repeat","background-position":"center center","background-size":"auto","background-attachment":"scroll","background-type":"","background-media":"","overlay-type":"","overlay-color":"","overlay-opacity":"","overlay-gradient":""}},"ast-content-background-meta":{"desktop":{"background-color":"var(--ast-global-color-5)","background-image":"","background-repeat":"repeat","background-position":"center center","background-size":"auto","background-attachment":"scroll","background-type":"","background-media":"","overlay-type":"","overlay-color":"","overlay-opacity":"","overlay-gradient":""},"tablet":{"background-color":"var(--ast-global-color-5)","background-image":"","background-repeat":"repeat","background-position":"center center","background-size":"auto","background-attachment":"scroll","background-type":"","background-media":"","overlay-type":"","overlay-color":"","overlay-opacity":"","overlay-gradient":""},"mobile":{"background-color":"var(--ast-global-color-5)","background-image":"","background-repeat":"repeat","background-position":"center center","background-size":"auto","background-attachment":"scroll","background-type":"","background-media":"","overlay-type":"","overlay-color":"","overlay-opacity":"","overlay-gradient":""}},"footnotes":""},"class_list":["post-597","page","type-page","status-publish","hentry"],"post_mailing_queue_ids":[],"_links":{"self":[{"href":"https:\/\/agora.xtec.cat\/escolabosc-barbera\/wp-json\/wp\/v2\/pages\/597","targetHints":{"allow":["GET"]}}],"collection":[{"href":"https:\/\/agora.xtec.cat\/escolabosc-barbera\/wp-json\/wp\/v2\/pages"}],"about":[{"href":"https:\/\/agora.xtec.cat\/escolabosc-barbera\/wp-json\/wp\/v2\/types\/page"}],"author":[{"embeddable":true,"href":"https:\/\/agora.xtec.cat\/escolabosc-barbera\/wp-json\/wp\/v2\/users\/1"}],"replies":[{"embeddable":true,"href":"https:\/\/agora.xtec.cat\/escolabosc-barbera\/wp-json\/wp\/v2\/comments?post=597"}],"version-history":[{"count":7,"href":"https:\/\/agora.xtec.cat\/escolabosc-barbera\/wp-json\/wp\/v2\/pages\/597\/revisions"}],"predecessor-version":[{"id":5023,"href":"https:\/\/agora.xtec.cat\/escolabosc-barbera\/wp-json\/wp\/v2\/pages\/597\/revisions\/5023"}],"up":[{"embeddable":true,"href":"https:\/\/agora.xtec.cat\/escolabosc-barbera\/wp-json\/wp\/v2\/pages\/586"}],"wp:attachment":[{"href":"https:\/\/agora.xtec.cat\/escolabosc-barbera\/wp-json\/wp\/v2\/media?parent=597"}],"curies":[{"name":"wp","href":"https:\/\/api.w.org\/{rel}","templated":true}]}}