{"id":30,"date":"2014-09-18T12:30:23","date_gmt":"2014-09-18T11:30:23","guid":{"rendered":"http:\/\/agora.xtec.cat\/escolaboragran\/?page_id=30"},"modified":"2026-04-01T14:18:15","modified_gmt":"2026-04-01T12:18:15","slug":"quisom","status":"publish","type":"page","link":"https:\/\/agora.xtec.cat\/escolaboragran\/lescola\/quisom\/","title":{"rendered":"Qui som?"},"content":{"rendered":"<p><span style=\"text-decoration: underline;\"><strong>L&#8217;alumnat<\/strong><\/span><\/p>\n<div id=\"2476F\" style=\"width: 100%; max-width: 600px; height: 400px; display: none;\"><img decoding=\"async\" src=\"https:\/\/lh3.googleusercontent.com\/pw\/AP1GczNRhB1EKSwUsacbmWFoibYOKpqP3n0A4bTVI2jWUYDQWp_wuzTCTOseySU3ltIY-nGgQJ-rrTI-n1fOc-i-6k2w6fY4Jy9UIyIr5Vxhd3eVDhAPmXMqloHLKDmkdrbgneV6IOphgOCKud7dcbfM9D-GcwYpZSCvSKEqjMcOZ9IwImZSfh8nm4pfBY0t_0CVb2Yx7emmH7XL6YjttG1R1c7kZMVlSHYqXM8a8o0IBFxkZyyKlNxl-DJQwsnW_RFgrOy3wsMi8nUHG-zwYliFp6AaAYGZ4bJbxr3DhDJMNScXNc-4AzwChnCiBMUbblioYtnjiyKBnnlO2X8Zb9FJoNkupS-3JpvtJGpZIgLY9HcxUQJXPSdUfvLSV_F4NQqq56HeB5Jx-CfZbWLOLtHmSD5HWsfXPoDe1mnqgj_IUyjNrf4y_LPNxBTHXX5qFreJWlFYuG0dC8bpxuWeR547secHN6N7a4y2XcHR0SWwWIDfo5IRwyC1CwSd_QsdMDLp1s-BRVx0VlYFi4GQf7neXwtlTzTvxSe7rMFQjY5hIhzj6_6sWUL5UT5MRa2S14S9qEKpQJ8t8vI9fhgWSLwSgB35csjHpDy_9Jf9HRIM05oMwcaC2z6b1lUEf54eP2oSr1UXFlSv28v_MNcImhND4QQYPGmCDd6CQVCy-zfu08xIi3VGDRWFFCrVSSSdNAe0YS_JjcGoH0usuLV4JxpR1RTelV4lJ6XkGYWii2bYcx6oCG5pMiB0mFrt-KLAboCY6Ykx9Z8oJBinan971LLP6PCFJfWODSOjPCwd4uEOUooBUls2qKyrf4nXIqNhZm_TOgNMUWcrmByfJmduhwzf8Y3UruZsq530W2iPjOj7q4hIgEA0p4zDnbndKqUoZ3cQszgVRsaE9bojRl4iZ6Sg_-2r3-gqdvSB3_pSsXsSUoVJ0yl3XVQh7nI6Z6tT05q5iKF05chghjHe8Q=w800-h600-no--no?authuser=0\" data-link=\"https:\/\/photos.google.com\/share\/AF1QipMZQX-hL6vzYJZXqC-Xv0qOva7uOUfDVikrcIrZby8UKIiUQdA6FqtOUeLQ6lQvrg\/photo\/AF1QipM5FOqAhAPMB9SS2fkGxUkdco19YYHDJ6-vzWP6?key=U2doMWhDVEdvTDRoTXhhZTlEdXJ3dkFEanNvbGpB\" \/><br \/>\n<img decoding=\"async\" src=\"https:\/\/lh3.googleusercontent.com\/pw\/AP1GczPbmcUXPHfeEc4ienFBEo3ggkr1SOKN0gW53912DQeaL3yhA_SgeYqrDcMHDLtQN22rJiL04PLooT4_V70u5k6kkbz1AbXpHT2Sk2G37nTwDBVJaxLPKQ5LdAfeMC0SZ4H4k8J4WkFHtktcsaHifJH66taFD8MlFnQ9s5opRXndba-FK6RJxACqN--CjB_TqcVI1IbXo7FMDivfWZGJtFWE_5LOsegFOGQmFeBE3Y6NYVslNEaOOeHiasGBjrZBgG9MFj6CYZKb11zTrIH9UaAqZTNgD0l3YvT4p1n00zYptQGImS7cO4faxk31R7vAYhyqdbkbtH9wbVzlhy__qy8kUYM6jcJPgsaHQLuHEXBvsVeju8V8og2ExGBjjNB-BIgej9ebiZOK0KUUhaGsQk0bvu4rYDsZYO5gIPX3AzzwR70Hbe8VxU6SfQpVHi6bSjY41M4ZQj2d40ZCjY0iBHJnVD1C8nnhRlMG-oXFBPoARE2aOb3t5bttSvZluYIHMFsp4uIwtpmG5_L7VUMPY40Xdo9Ifj5bteSVK5ros45HoiDNbEgVADI1BrbTW3Lins7ucXAv4yXY80g3opuvaY62QikB025OSFjSyPTt8h1v0HrKUwQ6sAK3z03QFBSgQq-j2VKBfSbAc75_klXcs1u9_n8LSdAw2p9jcqr0olNiopwYI2tnEtoLWUumcocavtaFyo2ElE7kCrAx0YnnQ1eM8b5mB3i2Nj29BoWM5Sb2FQZ6bdybTOPohh1b2GijoIH6gZ3oeyxhqgKw2vJTSAxIAVqcZW3rhBVuzgiUpg_GBaOHwZACMGywuA_4gUCsprDcohjIa4kKFlFD02GxVoBr-ZhciP2E6GxS93H7JLesK2JjEfcVEf-ByKX43PA0aTE9bkqv2OY69pb_tZ68-b37JDp4wWsXSLabnRp1l0wuZXJAPE2z_AJTTD-FCTUDGhtlOk6qG9Ew4Q=w800-h600-no--no?authuser=0\" data-link=\"https:\/\/photos.google.com\/share\/AF1QipMZQX-hL6vzYJZXqC-Xv0qOva7uOUfDVikrcIrZby8UKIiUQdA6FqtOUeLQ6lQvrg\/photo\/AF1QipMLrFqWxQT3xJwKASmLkaEzNXPWTPc9ODzE4ktb?key=U2doMWhDVEdvTDRoTXhhZTlEdXJ3dkFEanNvbGpB\" \/><br \/>\n<img decoding=\"async\" src=\"https:\/\/lh3.googleusercontent.com\/pw\/AP1GczOYlY0pn7epNf1-gV5sUFFLDkV8nA9RBQJqYGoP6uICHPb2TIysXWEnms0fAXexoaZJP286rOKz1fyAh6nnZQveTCV-dwiG3deSF69KSr7OtWzxD6C2MlUndMX7nkry5E_RhEVmL74OBfdVyvOpDi0ni4c0Up94jYFrCSkeORd3jfjsPbe8O8RFg7RLGgRbxBm2FUWAk9eBNPSF3t_D_rvzjvmELQQjLFLzxcpBmCWs1Sfp_yJ-lPrHhOtCDe0g6be4zLwbClcXfu0IXrvBwt4keLLvmyP5qQdbiQ1iCEasuz31OsLX5owiAhoL-xPL3qIn4xf-Ot6UnngBw3DdfylDdj1IOy3UkbqBGhW3r63hcbcHz-IUIvvvrWzAz0O3bzqOz7kfqKdNuJ6FqSU_g-tEcPRJHrqkKL-lg72wPVnhavZS4kDbgR28Iq7Bl3TCybg399r9vWWifp2VDrx2DAxe6p9j6vXOL_hdbD8sBvJMetxhB_WQ5FFT--5huxYs0bfRxX2LaPO8WqcrOc7wWbuw8QsPAVr7z-ZF1VcmsE9CUuwvLdV-qfjISlx5Q2UKWLv3ycw34aD6mkwqGYsVaeX1LL3oucc4LrXkz6LYImX1mREnnQvNES1E-F-EgiOzzqHhJa502KDg4fNCzmJGD98nVpgMaMkF9tQpqD4cuwJPnVTA3PIUbiCU3VOfea5Qu_ou4w1BbuwHCZjfZMibvx0DBsvgpmwcaVx_nrDX_zglamzv7Mvog96AYaS8pGhaRzOa0Yo00rOB2DtZwNrAom6OVUQWtf5AlnNaCGw-yAlmNdzTTkDwZb77fRWw7khg96Mbs1lnCWlXZlMGYRkF-72UYfaV2aLvMw5nsLcpYDSMBU6YMJQDIl4fbGybv0x_unmh6pL61mYZFggGAJ1I-7YIqSoTpD1Q5MS0K3NSiFpKng8I86rgvHf4MFC3CHq-QSQuv5X0aToApw=w800-h600-no--no?authuser=0\" data-link=\"https:\/\/photos.google.com\/share\/AF1QipMZQX-hL6vzYJZXqC-Xv0qOva7uOUfDVikrcIrZby8UKIiUQdA6FqtOUeLQ6lQvrg\/photo\/AF1QipP15m9PUHgD01WrrabsnuXnTqmogKTxr_f3oCYv?key=U2doMWhDVEdvTDRoTXhhZTlEdXJ3dkFEanNvbGpB\" \/><br \/>\n<img decoding=\"async\" src=\"https:\/\/lh3.googleusercontent.com\/pw\/AP1GczOrUxMq3bYaKbd5_pEarW5BvyZiKjSXUAI-wHVwwjFFQ4rszIdjYIHiSFkZyhkeqMhEm46XOPxBMNQ41x94Iv_z8OriIci9HwPvj4mrb6WlyRlR6N1lp6xBlHno56JdpayI1sj9a3fn9t5hn_NuFKluz9EEerSVPRvNdE63ftN7NbbPWsLPhvCdcZPesFkahqVYqXNuYwMl88HelW-6dud8qYLklo4J0ksj4zAsVN1JhA_OPB6lcm0Z8K8M6t5-2usdWfRZKbG6KCBPtklF9px6baVX_p3_-QPsy0s6MMuv4VkK3yqpbGngOzenQtQMtflbNTBrjB3Imk1B7Ow-qSOaMdXxu5JHD3ZEHG7vj7PCD5QXw-aJ9uoBvqY9Aa9ek1Kwv8vwrWkpJuosZ9Q8onO9zJ3T6uEMnqVYEk1YOd6AdFESWlQfLVdU4qU3t24DkpfW-luGWk9e4PANRucx4tQ-oKFJ1gSVXrWBoO1tX4olmZKcPmUBbTg0NsTwaD-lV2RK59kM6hQxYxqS9SuhEuO98WUxnetI-iRY5sytKUWZDnQoUWyPy7TDhm6PKJyIKRB-dVNNCE0GaAzRK2xdab3WkulImbau8kHf6L34Q8zn2J0EjvtAOEoxn327owAiRWtOAbrC8qmOS7D9-4uiB7dIU7c9s6iUv4nkrfHXU1fX1rzePCmd7GxwiW5gWwGxsHpTGYHw3BK4WiuIrcmlIj_LkgEQkyRVE9cjSGzT6ZLJkJiAD6YyvB31gk3cV15jmiCLAvTORO3J4Vga6ekAboyMZY6xzwzuRIV-b6MLS8wIIII2xKrk70opz1okXo7kH8jbgksjHmbl81c1tscnaRiJAw8HuoKSIpHa-2_PsGXgW3m7_d0nJCBAcmoJsu3CbYcB_SO2HRiod7bl_M24dr1DfH2GdlF12IGf71p1syBHfxeYfGkcG3kCEdcieCMba9D0FzhZs7rpxg=w800-h600-no--no?authuser=0\" data-link=\"https:\/\/photos.google.com\/share\/AF1QipMZQX-hL6vzYJZXqC-Xv0qOva7uOUfDVikrcIrZby8UKIiUQdA6FqtOUeLQ6lQvrg\/photo\/AF1QipOHInJvBJKG_whiJ0m0M1utqHScnJAGuy_v8ZhH?key=U2doMWhDVEdvTDRoTXhhZTlEdXJ3dkFEanNvbGpB\" \/><br \/>\n<img decoding=\"async\" src=\"https:\/\/lh3.googleusercontent.com\/pw\/AP1GczObmqP1bjJxEG9j_S7of_6Enr31UPiQyFjRj8By7WIJnC-Rpa0tIdj-b2f_hYEChWrTY5dLJXWuU6cH7s9lJigSpGiPEFpDtO7uq2XVtWm3svieEN8iXfNo9bS22hkN7G02_Iyqt79KdZCxgPy1Mg8AKo45k0MSO6ZbDjpqlBI0CBdAU7stgh5OAm-kc-M5SwTEcDew2_DdynSTDU4fkBpo2W3PJYPzvNwKWtrI6VcPT-SFfph-ooYFTpQD_0GVwYQjt_oDG4jnu3ysh7acoYVkKyEj-L96Nm3cB6mpO91hDIeKqITMABNc8dLHI6Vpv6yjroxp9G5Kljs5056Ury5JHf2ZrT_H8Uq2H6m0kSQFDAY7fFjIlWg03jFODLJeG8n7ereBNsMekqos1sh6l4V5fENGkSbfjL9ShBFAVxHx7m_vPzrSpsvMB26o_WWsYVSvY3uIZ-fLaBowSHNZfg1rSkvCpgK_KJquFFamiJP6sHoUp2GuJktYvjfbH8DKR_tMC6P4sJoTghKxVNsKk-Z4APbCpDz4xxgSNs8dsH4fDFkZZlW4k8jMsSY4sJqfwA2aPuPblAxufZpgpB5WmjCe7x_v0WT7uu8atT4L22Cg0WP0hsM-t7u2nMOTMGA6Yg5Z8x2JsOHnPCXj-RXsbq4AbKgUtikRBJvEGIqZ-FCs35-cz4x2Ys3sSHiPhuarWO_LLdYlkMDc5W-K-ioYatRgM0pMH_Y9DCXMuVpGCPJ1SR_8ucZsZ7DJSuA2XPWbaHl_2IRzV4x7_RQyg4AiYzMhb1seHR5KOUfeDfbxX7ta2KyFVmxh0fPLLRZahqdFFwCLfzPHGxWwnNwZukzLalH6UkK_h2L4xOkIE4ldI-xTzpo6p0rcoPLGbDvksGvm1oFOJvt5qnOFZ5Q_aww6CWnFKjlBDwfjhTryirOfxV3Hcn7Af0FMt-GZ1CZmEITdnJUhlU6yeEfXTg=w800-h600-no--no?authuser=0\" data-link=\"https:\/\/photos.google.com\/share\/AF1QipMZQX-hL6vzYJZXqC-Xv0qOva7uOUfDVikrcIrZby8UKIiUQdA6FqtOUeLQ6lQvrg\/photo\/AF1QipO1VlwHh4I92EgP1Muh9l8heZvnVsbumizvOBkt?key=U2doMWhDVEdvTDRoTXhhZTlEdXJ3dkFEanNvbGpB\" \/><br \/>\n<img decoding=\"async\" src=\"https:\/\/lh3.googleusercontent.com\/pw\/AP1GczPeQfJ-2QzHdo7CELat6ElNcqBC6b1_gUeMdD3ZwrKwuSnSwm3IYPww_mz59ZSYJsc3ftsmNUKGULlSy3jHruw2ubodHyxUUuvAy1kvN7cIuYmksLLSg5XcO4Kp4hQI1uuiJuIDQl97LVkELUXvYPt4LOMWmEpzg-OpaUqEivKX0ucXeKj8pMipHteqJTBp_UrVkIbVvuJR-wEPvjOrn5qAvXS7sdp1Ys3jsmH_IOxatijPnKToGq4H2PetYYFBe1hcAiRDrmCCCrk2uVvaIgOpf3qcKqdl6hsPfw3cY8-tsnTFX4Rhbj51Su38blF78itQFSgihsHDh9hb_aD31qKtxF9Y8EDl3h7kAMpZmQpdM5T1AMpagwgmPBwzkNKt9AykwB4v7-ZvrIspMhLIZpZhhQMueq9qb_nIwSzDIe7_dp5B4cF6vBV7RXFaSc9Upj-Lw3yZ5X022u66J4usRzok2yeZNetK_QgwJbXlC8SM6EXA_O7J1CP5phPXhlXm5HOL3OzkrUTFUFhmMwoImcvO6g4-utTbbsnm5O0YCjF6xaxr9CCEzZmgCzDf9C-8vKYOk_BfOFslsJCKDMx4yfUnkPrp2GFisJ5Xa-zj77FPdwxW_UJvLdU1R9nx9xs_1SlpQihET8SdfL5i8RGjYsBUn3aJZSIb00Wl5AuiQsC7q_ojy2_rtP0ySqKWGY5_7bFIP_CIw8w1-rr7CZI9KYq_m_c-BHUO2Jstg1iOADOG3aws3qCzuBjPiyiEOrlo9IFZium_9vmmCNeNEokR0vw19gahNrj9OcyJdy0it0CbjH8UXK8cZcxQKRXrFepXAq75vRHKY4Aw55aWH5fEvD2_hSLO-v9c1BNHjp9i7roGntt8cFJ66jEvyXl4GKprjbTyalgsXcVuwZEdiWdR8MXzXXSS_rcAzv0cwSyMViTJJP4oQz1bJPJT5YmIGQI-XRH8s4Ws5yUpkA=w800-h600-no--no?authuser=0\" data-link=\"https:\/\/photos.google.com\/share\/AF1QipMZQX-hL6vzYJZXqC-Xv0qOva7uOUfDVikrcIrZby8UKIiUQdA6FqtOUeLQ6lQvrg\/photo\/AF1QipMWtNe9Y_25gnnqSL2BHUaqOPBo8egOImSejePQ?key=U2doMWhDVEdvTDRoTXhhZTlEdXJ3dkFEanNvbGpB\" \/><br \/>\n<img decoding=\"async\" src=\"https:\/\/lh3.googleusercontent.com\/pw\/AP1GczPHLj7R5mz0OFXTk1yn4xqbTAlJIY51Rcjw_FMhWd7hLozJQx0OYGduIygjR1dNoLoOOiV5ffbZvxO91O0N23C54TvJ7KGyDMHbqoroDkx6tSEbyEfgxXkWJl9T3xO28wZ090m2CnkL5mf29zbI3UZFIqs5cXyQWWxM09Ytgq_N8FxlepZNfbEVIrdy1ZNOMTJ9MdbARpR-kklofoHJdNhIKMxZLTHG5TDI_-xSC__71AujMK-6Y5HqCeKLRLQ2pB26-H0GfbDTWzuVOmXHyPobqzVNFietkDFFzQf4CLXttX0xlVMZ1sozx5Yf2UVfNgzuK9MLhfEAELzGS9syRQRACYhB7q9-mbqcUHuMH5Nw6xMeH7rUUN1-HXThqMbZ6BGrWj6Q3WY8pSVl-Ch-hY-zFYzzo7gW_9xX_wlcTEn62nDZopLrC7WJbWKiRSlzJho8SmBwEI8k_lNv_iYGWNszifd8qcVs30lo6rauEJoSMwZne4m9xlMGbo5qQVxBZK7TOH9rSb1Yw0c91t3L171rsYDdBq2EbGuMewXCAt-SbEtErzS_3zvPyZkKqa9c5lwdaQYp2KAAyjs-aiyV93fxSsuLWDJJwRE6tw7noMHRpmKRKXIX0UiEmbA2A6-m02JToq3l1yjaOjFyeWeOmxBeHLkOjNpr1R4VNMtWtKDZsJVMcC-UcyqXQS1E44OwAsWkivtDaP_rw0OPp5HR2i1DOoMbXX_pzZhyMcCmBLxPKnpw4vcVB4wWHqsrDbHtGIT46Kr42IrWZ3q9z8230WXmRY9c1ZEXxtbwyq9KWmouUFbRQp5hISw66nD9FUqi9wunGH6v4wMZZKf4RSeTwI7JoQ8A0jJtinFMnGEYSevYRBAplConsDHkY6CQc1ewTReC_XjMnkYVXh6E-8Rb_heO5YBpViibPsnhwIvIPLH5xjQFrXYVWMN34ubxkjcgC6rrP2MJh4JU3w=w800-h600-no--no?authuser=0\" data-link=\"https:\/\/photos.google.com\/share\/AF1QipMZQX-hL6vzYJZXqC-Xv0qOva7uOUfDVikrcIrZby8UKIiUQdA6FqtOUeLQ6lQvrg\/photo\/AF1QipM5XkMPHpdG_hQ9ZXVFLRFzCYM9_K_ThrlMu1f1?key=U2doMWhDVEdvTDRoTXhhZTlEdXJ3dkFEanNvbGpB\" \/><br \/>\n<img decoding=\"async\" src=\"https:\/\/lh3.googleusercontent.com\/pw\/AP1GczP-mjaVTm0Fq7Er12SMypZ6g-XLuC3_LdTk7bqqD-wzfZEXcbFSDCMZR4GYtYdpirBN07uwMEQPQAGhWUhX_cHHoW7rSUc2TC_yHJkp52QHx-UPudbvejEt0tmg2zbdTYScBlxdQpBXfnNReVS39YNUVMf3JXsU2nadQL5U9fsjq4328pJn0f56fucIm8TfJcf-9-yLry5_0aOQzL6UzMoybn7EBvNg44xAzqIRK9NnfvIlks0GmmMOf7_ULEBcudzPs68udscyTsemobLb-VTwhc1z4bDQi9SAgOA2WaCBrQARMR8BMyonupndSfqVVlCd_dBy3B5nQKnFrsrZr6_M048zVXUc71O1KwlUBijLiK662mOqfOdJkCL_FN-Q8boy9X469_CQ1RMC04XLWdE7Dwx2_jPUqSyh2jcoRZYoG0bpAZem0531-S9RHoQre2FGbj7MH8UpPFh4lKO91EiDkoYa76I72933YYGxPHexFPCoxwLBLbFbNh-u9jkrjeg3OdtviO_VnvHCulcEjiKubreTkn1-Ts6FYi3VUhygM9o3SnOstlepO5AoxDBrxhl6j-KB0EishgKQAtgAe_n2-IBHPgikLjtyMdqsY_LmEwQPhCp7zf_eD2_mFGMPqtPC4IZJ3pCYfUKkHe_ihxPa8DWIDy5xoAJcpBiTPdIODmCNG9QBMs90PZsj2IHIZVPzKtrdrWpB6XRCwOrVj0Q8sqMhQoOswORGuNSDPOkHHdi458t9yyAWV5Kky_iGgTiCwcbp_QRWjfEEGqJ_lLZNSS_rAjnPWxf8anlCVEbPHDUI_5idE0vWZ__WPbzmHuolAsew1T9D5ze41yXGOEZGCCZrLEuLOXRfvUp53tnVfG0Cgyhu4YVth4q9-8xIs_yh8R1EFLZ2NIDXxr5CtfmsJBU33mwd1VPDzy9zPNtEGm5kLwhnTu9Enu5RrUeoGeqm0SyRMiBuJw=w800-h600-no--no?authuser=0\" data-link=\"https:\/\/photos.google.com\/share\/AF1QipMZQX-hL6vzYJZXqC-Xv0qOva7uOUfDVikrcIrZby8UKIiUQdA6FqtOUeLQ6lQvrg\/photo\/AF1QipMyLBZmJM47YyYHauluyQsFS2ghXK2NHd2pMVea?key=U2doMWhDVEdvTDRoTXhhZTlEdXJ3dkFEanNvbGpB\" \/><br \/>\n<img decoding=\"async\" src=\"https:\/\/lh3.googleusercontent.com\/pw\/AP1GczO4jzIhpAvs3tQF-ReZRxbYvzp9usN__sgjT0UvzQVnKsdXdGrlnNYoIeqgr5NWZ4lhKYTFp9iCNMUZiTBsv6eD2B0bG8LQeu2sur_9CoEDrNr3mPlaVduNuMQLw90J_YEKVzOxLwekNE2vhPZj3LnAess79U5g8dpJ5HwbhCIKH6U3HNLfryBgD01l5WvmwhrBEVawBrk9D8NFG4JFhRv5uMca5cD5uleRRZNeWxc1lpoWo9Mfk-LBjlogYu8AM0Wn3ckwAaLdT6WU9UXb7aBoPc0T6naWQF18HXCE2DHI3_MI753upIHDsIcCsDmutkctcCwZdavKEIzVrPsWDuDEk4DAn_KnlO6TFIuGWGHQXXVpeXAV6d4Qq75n_yoFE0gr1wsVDtXC6OLBlqEDCiASb7DraXcjv13q0D01k7ezStBX4CvNzo_eM4RxbGUX3S7tKd_6GjhLyQGLM9eHv2z6YeZxCOMdDrcGp87PaLs0RjCJd2eg5MwIPqXgckwvW3cw7bZ6Q-jgBoeYSQAcrb9ad7NCOePYLpGs4czsUS_RV1VotbsNSF6me4rGL3HOjmW-jc2HlMsfLtBPiuQ9tRMqECG1Ps33mNjyPtMdRTfAfjvxWS38kH5mL_bcfmLoLNUE-nSD0k_wAv9pLo260-1R4srW_GAep4u__cd3jULdiQXriQwSAfpu3M2hoih_d-xywJvZQswZL6ADe52c8zDIVrv22cgMT_lzjhqLiCnm5lPlDqxGc5rtT72v9HPJk5OA--uvh9LhrIYL7KPoe1t5PsIR8Ugg0vINOoFwX4n4sbotGQseIY61LQF-i-aL2TZEj1U0KUNw041nPDalvJNdoqJlPkdibkdR0L-HDxnj0oZzM0x21df4Frc0eCb8ncm2hyTOHxO2XnPLQrXTbz0fifgZwne7dAByjYwESXr4OF1bm7-Hg2xKH9NrJslqPjpFhirPld4Bew=w800-h600-no--no?authuser=0\" data-link=\"https:\/\/photos.google.com\/share\/AF1QipMZQX-hL6vzYJZXqC-Xv0qOva7uOUfDVikrcIrZby8UKIiUQdA6FqtOUeLQ6lQvrg\/photo\/AF1QipPN9AUm0gVgZVaoFDLd2SUVjS4kJCJbin0PNoXn?key=U2doMWhDVEdvTDRoTXhhZTlEdXJ3dkFEanNvbGpB\" \/><\/div>\n<p><script type=\"text\/javascript\" src=\"https:\/\/cdnjs.cloudflare.com\/ajax\/libs\/jquery\/3.6.1\/jquery.min.js\"><\/script><br \/>\n<script><br \/>\n  (MyGalleries=(typeof MyGalleries === 'undefined' ? [] : MyGalleries)).push({gallId:'#2476F',autoplay:true,lightbox:true,debug:false,popupLinks:true});<br \/>\n  if(typeof GalleryLoaded === 'undefined'){<br \/>\n    GalleryLoaded = jQuery(function(){<br \/>\n      jQuery.ajax({url:'https:\/\/cdnjs.cloudflare.com\/ajax\/libs\/galleria\/1.6.1\/galleria.min.js',dataType:'script',cache:true}).done(function(){<br \/>\n        Galleria.loadTheme('https:\/\/cdnjs.cloudflare.com\/ajax\/libs\/galleria\/1.6.1\/themes\/classic\/galleria.classic.js');<br \/>\n        for(var n in MyGalleries){<br \/>\n          Galleria.run(MyGalleries[n].gallId, MyGalleries[n]);<br \/>\n          jQuery(MyGalleries[n].gallId).css('display','block');<br \/>\n        }<br \/>\n      });<br \/>\n    });<br \/>\n  }<br \/>\n<\/script><\/p>\n<p><span style=\"text-decoration: underline;\"><strong>L&#8217;equip docent<\/strong><\/span><br \/>\n&#8211; Tutoria I3 (8 alumnes): Esther Maruny<br \/>\n&#8211; Tutoria I4 (12 alumnes): Laura Poza<br \/>\n&#8211; Tutoria I5 (9 alumnes): Anna Puig de F\u00e0bregas<br \/>\n&#8211; Tutoria Primer (6 alumnes): Gemma Valent\u00ed<br \/>\n&#8211; Tutoria Segon (12 alumnes): Carme Cantero<br \/>\n&#8211; Tutoria Tercer (14 alumnes): Bel Sala<br \/>\n&#8211; Tutoria Quart (16 alumnes): Ester Puigdemont i Edgar Rufo<br \/>\n&#8211; Tutoria Cinqu\u00e8 (6 alumnes) i Tutoria Sis\u00e8 (14 alumnes): Isabel Compte i Estel\u00b7la Camps<br \/>\n&#8211; Llengua Anglesa: Dolors Roura<br \/>\n&#8211; Educaci\u00f3 F\u00edsica: Pere Mart\u00ed<br \/>\n&#8211; Educaci\u00f3 Musical: Alejandro Garc\u00eda<br \/>\n&#8211; Educaci\u00f3 Especial i Suport Infantil: Mireia Busquets<br \/>\n&#8211; Suport Primaria: Eva Borrell<br \/>\n&#8211; Religi\u00f3: Gladis Routier<\/p>\n<p><span style=\"text-decoration: underline;\"><strong> Equip directiu<\/strong><\/span><br \/>\n&#8211; Directora: Mireia Busquets<br \/>\n&#8211; Cap d&#8217;Estudis: Gemma Valent\u00ed<br \/>\n&#8211; Secret\u00e0ria: Estel\u00b7la Camps<\/p>\n<p><span style=\"text-decoration: underline;\"><strong>Psicol\u00f2ga EAP<\/strong> (Equip d&#8217;Assessorament Psicopedag\u00f2gic)<\/span>: Gr\u00e0cia Compta<\/p>\n<p><span style=\"text-decoration: underline;\"><strong>Serveis socials<\/strong><\/span>: S\u00edlvia Sureda (educadora social) i Laura S\u00e1nchez (treballadora social)<\/p>\n<p><span style=\"text-decoration: underline;\"><strong>Personal de menjador<\/strong><\/span><br \/>\n&#8211; Cuinera: Dolors Moradell<br \/>\n&#8211; Monitores de menjador: Joel Garcia \/ Marga Dilm\u00e9 \/ Berta Jordi \/ Abril Vicens<\/p>\n<p><span style=\"text-decoration: underline;\"><strong>Acollida matinal<\/strong><\/span>: Dolors Moradell<\/p>\n<p><span style=\"text-decoration: underline;\"><strong>Conserge<\/strong><\/span>: Judit Sidera<\/p>\n<p><span style=\"text-decoration: underline;\"><strong>Administrativa<\/strong><\/span>: Noem\u00ed Maruny \/ Marta Matamala<\/p>\n<p><span style=\"text-decoration: underline;\"><strong>Personal de neteja<\/strong><\/span>: Farida Redoundou \/ Nadia Abbuo<\/p>\n<p><span style=\"text-decoration: underline;\"><strong>Agutzil<\/strong><\/span>: Gerard Jim\u00e9nez<\/p>\n","protected":false},"excerpt":{"rendered":"<p>L&#8217;alumnat L&#8217;equip docent &#8211; Tutoria I3 (8 alumnes): Esther Maruny &#8211; Tutoria I4 (12 alumnes): Laura Poza &#8211; Tutoria I5 (9 alumnes): Anna Puig de F\u00e0bregas &#8211; Tutoria Primer (6 alumnes): Gemma Valent\u00ed &#8211; Tutoria Segon (12 alumnes): Carme Cantero &#8211; Tutoria Tercer (14 alumnes): Bel Sala &#8211; Tutoria Quart (16 alumnes): Ester Puigdemont i [&hellip;]<\/p>\n","protected":false},"author":1,"featured_media":0,"parent":22,"menu_order":30,"comment_status":"closed","ping_status":"closed","template":"","meta":{"_bbp_topic_count":0,"_bbp_reply_count":0,"_bbp_total_topic_count":0,"_bbp_total_reply_count":0,"_bbp_voice_count":0,"_bbp_anonymous_reply_count":0,"_bbp_topic_count_hidden":0,"_bbp_reply_count_hidden":0,"_bbp_forum_subforum_count":0,"site-sidebar-layout":"default","site-content-layout":"","ast-site-content-layout":"default","site-content-style":"default","site-sidebar-style":"default","ast-global-header-display":"","ast-banner-title-visibility":"","ast-main-header-display":"","ast-hfb-above-header-display":"","ast-hfb-below-header-display":"","ast-hfb-mobile-header-display":"","site-post-title":"","ast-breadcrumbs-content":"","ast-featured-img":"","footer-sml-layout":"","theme-transparent-header-meta":"","adv-header-id-meta":"","stick-header-meta":"","header-above-stick-meta":"","header-main-stick-meta":"","header-below-stick-meta":"","astra-migrate-meta-layouts":"set","ast-page-background-enabled":"default","ast-page-background-meta":{"desktop":{"background-color":"var(--ast-global-color-4)","background-image":"","background-repeat":"repeat","background-position":"center center","background-size":"auto","background-attachment":"scroll","background-type":"","background-media":"","overlay-type":"","overlay-color":"","overlay-opacity":"","overlay-gradient":""},"tablet":{"background-color":"","background-image":"","background-repeat":"repeat","background-position":"center center","background-size":"auto","background-attachment":"scroll","background-type":"","background-media":"","overlay-type":"","overlay-color":"","overlay-opacity":"","overlay-gradient":""},"mobile":{"background-color":"","background-image":"","background-repeat":"repeat","background-position":"center center","background-size":"auto","background-attachment":"scroll","background-type":"","background-media":"","overlay-type":"","overlay-color":"","overlay-opacity":"","overlay-gradient":""}},"ast-content-background-meta":{"desktop":{"background-color":"var(--ast-global-color-5)","background-image":"","background-repeat":"repeat","background-position":"center center","background-size":"auto","background-attachment":"scroll","background-type":"","background-media":"","overlay-type":"","overlay-color":"","overlay-opacity":"","overlay-gradient":""},"tablet":{"background-color":"var(--ast-global-color-5)","background-image":"","background-repeat":"repeat","background-position":"center center","background-size":"auto","background-attachment":"scroll","background-type":"","background-media":"","overlay-type":"","overlay-color":"","overlay-opacity":"","overlay-gradient":""},"mobile":{"background-color":"var(--ast-global-color-5)","background-image":"","background-repeat":"repeat","background-position":"center center","background-size":"auto","background-attachment":"scroll","background-type":"","background-media":"","overlay-type":"","overlay-color":"","overlay-opacity":"","overlay-gradient":""}},"footnotes":""},"class_list":["post-30","page","type-page","status-publish","hentry"],"post_mailing_queue_ids":[],"_links":{"self":[{"href":"https:\/\/agora.xtec.cat\/escolaboragran\/wp-json\/wp\/v2\/pages\/30","targetHints":{"allow":["GET"]}}],"collection":[{"href":"https:\/\/agora.xtec.cat\/escolaboragran\/wp-json\/wp\/v2\/pages"}],"about":[{"href":"https:\/\/agora.xtec.cat\/escolaboragran\/wp-json\/wp\/v2\/types\/page"}],"author":[{"embeddable":true,"href":"https:\/\/agora.xtec.cat\/escolaboragran\/wp-json\/wp\/v2\/users\/1"}],"replies":[{"embeddable":true,"href":"https:\/\/agora.xtec.cat\/escolaboragran\/wp-json\/wp\/v2\/comments?post=30"}],"version-history":[{"count":6,"href":"https:\/\/agora.xtec.cat\/escolaboragran\/wp-json\/wp\/v2\/pages\/30\/revisions"}],"predecessor-version":[{"id":7855,"href":"https:\/\/agora.xtec.cat\/escolaboragran\/wp-json\/wp\/v2\/pages\/30\/revisions\/7855"}],"up":[{"embeddable":true,"href":"https:\/\/agora.xtec.cat\/escolaboragran\/wp-json\/wp\/v2\/pages\/22"}],"wp:attachment":[{"href":"https:\/\/agora.xtec.cat\/escolaboragran\/wp-json\/wp\/v2\/media?parent=30"}],"curies":[{"name":"wp","href":"https:\/\/api.w.org\/{rel}","templated":true}]}}