{"id":84,"date":"2014-09-18T14:11:31","date_gmt":"2014-09-18T13:11:31","guid":{"rendered":"http:\/\/agora.xtec.cat\/escolabonavista\/?page_id=84"},"modified":"2020-12-04T14:11:26","modified_gmt":"2020-12-04T13:11:26","slug":"activitats-extraescolars","status":"publish","type":"page","link":"https:\/\/agora.xtec.cat\/escolabonavista\/serveis\/activitats-extraescolars\/","title":{"rendered":"POEFA"},"content":{"rendered":"<p>&nbsp;<\/p>\n<p><a href=\"https:\/\/agora.xtec.cat\/escolabonavista\/wp-content\/uploads\/usu1811\/2020\/02\/Sense-t\u00edtol.jpg\"><img loading=\"lazy\" decoding=\"async\" class=\"wp-image-16901 aligncenter\" src=\"https:\/\/agora.xtec.cat\/escolabonavista\/wp-content\/uploads\/usu1811\/2020\/02\/Sense-t\u00edtol.jpg\" alt=\"\" width=\"535\" height=\"104\" srcset=\"https:\/\/agora.xtec.cat\/escolabonavista\/wp-content\/uploads\/usu1811\/2020\/02\/Sense-t\u00edtol.jpg 457w, https:\/\/agora.xtec.cat\/escolabonavista\/wp-content\/uploads\/usu1811\/2020\/02\/Sense-t\u00edtol-300x58.jpg 300w\" sizes=\"auto, (max-width: 535px) 100vw, 535px\" \/><\/a><a href=\"https:\/\/agora.xtec.cat\/escolabonavista\/wp-content\/uploads\/usu1811\/2020\/02\/Document-sense-t\u00edtol-2_page-0001.jpg\"><br \/>\n<\/a><\/p>\n<table class=\" aligncenter\" style=\"border-color: #080707; border-style: solid; height: 813px;\" width=\"624\">\n<tbody>\n<tr style=\"height: 813px;\">\n<td style=\"text-align: justify; width: 618.889px; height: 813px;\"><a href=\"https:\/\/agora.xtec.cat\/escolabonavista\/wp-content\/uploads\/usu1811\/2020\/02\/Document-sense-t\u00edtol-2_page-0001.jpg\"><img loading=\"lazy\" decoding=\"async\" class=\"aligncenter wp-image-16061\" src=\"https:\/\/agora.xtec.cat\/escolabonavista\/wp-content\/uploads\/usu1811\/2020\/02\/Document-sense-t\u00edtol-2_page-0001.jpg\" alt=\"\" width=\"552\" height=\"780\" srcset=\"https:\/\/agora.xtec.cat\/escolabonavista\/wp-content\/uploads\/usu1811\/2020\/02\/Document-sense-t\u00edtol-2_page-0001.jpg 1242w, https:\/\/agora.xtec.cat\/escolabonavista\/wp-content\/uploads\/usu1811\/2020\/02\/Document-sense-t\u00edtol-2_page-0001-212x300.jpg 212w, https:\/\/agora.xtec.cat\/escolabonavista\/wp-content\/uploads\/usu1811\/2020\/02\/Document-sense-t\u00edtol-2_page-0001-768x1086.jpg 768w, https:\/\/agora.xtec.cat\/escolabonavista\/wp-content\/uploads\/usu1811\/2020\/02\/Document-sense-t\u00edtol-2_page-0001-724x1024.jpg 724w\" sizes=\"auto, (max-width: 552px) 100vw, 552px\" \/><\/a><\/td>\n<\/tr>\n<\/tbody>\n<\/table>\n<p>&nbsp;<\/p>\n<p style=\"text-align: justify;\"><a href=\"https:\/\/agora.xtec.cat\/escolabonavista\/wp-content\/uploads\/usu1811\/2020\/02\/Sense-t\u00edtol.jpg\"><img loading=\"lazy\" decoding=\"async\" class=\"wp-image-16901 aligncenter\" src=\"https:\/\/agora.xtec.cat\/escolabonavista\/wp-content\/uploads\/usu1811\/2020\/02\/Sense-t\u00edtol.jpg\" alt=\"\" width=\"535\" height=\"104\" srcset=\"https:\/\/agora.xtec.cat\/escolabonavista\/wp-content\/uploads\/usu1811\/2020\/02\/Sense-t\u00edtol.jpg 457w, https:\/\/agora.xtec.cat\/escolabonavista\/wp-content\/uploads\/usu1811\/2020\/02\/Sense-t\u00edtol-300x58.jpg 300w\" sizes=\"auto, (max-width: 535px) 100vw, 535px\" \/><\/a><\/p>\n<p>Comencem aquest curs 19\/20 carregat de bones not\u00edcies. Ens han adjudicat una subvenci\u00f3 a la nostra escola per poder dur a terme diferents activitats. Us anirem donant m\u00e9s informaci\u00f3 a mesura que les concretem. Aix\u00ed doncs, animem als\/les alumnes de l&#8217;escola ha participar-hi.<\/p>\n<table class=\" aligncenter\" style=\"width: 599px; border-style: solid; border-color: #000000;\">\n<tbody>\n<tr>\n<td style=\"width: 594.444px;\"><a href=\"https:\/\/agora.xtec.cat\/escolabonavista\/wp-content\/uploads\/usu1811\/2019\/11\/volei.jpg\"><img loading=\"lazy\" decoding=\"async\" class=\"size-full wp-image-15911\" src=\"https:\/\/agora.xtec.cat\/escolabonavista\/wp-content\/uploads\/usu1811\/2019\/11\/volei.jpg\" alt=\"\" width=\"579\" height=\"823\" srcset=\"https:\/\/agora.xtec.cat\/escolabonavista\/wp-content\/uploads\/usu1811\/2019\/11\/volei.jpg 579w, https:\/\/agora.xtec.cat\/escolabonavista\/wp-content\/uploads\/usu1811\/2019\/11\/volei-211x300.jpg 211w\" sizes=\"auto, (max-width: 579px) 100vw, 579px\" \/><\/a><\/td>\n<\/tr>\n<\/tbody>\n<\/table>\n<p>&nbsp;<\/p>\n","protected":false},"excerpt":{"rendered":"<p>&nbsp; &nbsp; Comencem aquest curs 19\/20 carregat de bones not\u00edcies. Ens han adjudicat una subvenci\u00f3 a la nostra escola per poder dur a terme diferents activitats. Us anirem donant m\u00e9s informaci\u00f3 a mesura que les concretem. Aix\u00ed doncs, animem als\/les alumnes de l&#8217;escola ha participar-hi. &nbsp;<\/p>\n","protected":false},"author":1,"featured_media":0,"parent":66,"menu_order":60,"comment_status":"closed","ping_status":"closed","template":"","meta":{"_bbp_topic_count":0,"_bbp_reply_count":0,"_bbp_total_topic_count":0,"_bbp_total_reply_count":0,"_bbp_voice_count":0,"_bbp_anonymous_reply_count":0,"_bbp_topic_count_hidden":0,"_bbp_reply_count_hidden":0,"_bbp_forum_subforum_count":0,"site-sidebar-layout":"default","site-content-layout":"","ast-site-content-layout":"","site-content-style":"default","site-sidebar-style":"default","ast-global-header-display":"","ast-banner-title-visibility":"","ast-main-header-display":"","ast-hfb-above-header-display":"","ast-hfb-below-header-display":"","ast-hfb-mobile-header-display":"","site-post-title":"","ast-breadcrumbs-content":"","ast-featured-img":"","footer-sml-layout":"","theme-transparent-header-meta":"","adv-header-id-meta":"","stick-header-meta":"","header-above-stick-meta":"","header-main-stick-meta":"","header-below-stick-meta":"","astra-migrate-meta-layouts":"default","ast-page-background-enabled":"default","ast-page-background-meta":{"desktop":{"background-color":"var(--ast-global-color-4)","background-image":"","background-repeat":"repeat","background-position":"center center","background-size":"auto","background-attachment":"scroll","background-type":"","background-media":"","overlay-type":"","overlay-color":"","overlay-opacity":"","overlay-gradient":""},"tablet":{"background-color":"","background-image":"","background-repeat":"repeat","background-position":"center center","background-size":"auto","background-attachment":"scroll","background-type":"","background-media":"","overlay-type":"","overlay-color":"","overlay-opacity":"","overlay-gradient":""},"mobile":{"background-color":"","background-image":"","background-repeat":"repeat","background-position":"center center","background-size":"auto","background-attachment":"scroll","background-type":"","background-media":"","overlay-type":"","overlay-color":"","overlay-opacity":"","overlay-gradient":""}},"ast-content-background-meta":{"desktop":{"background-color":"var(--ast-global-color-5)","background-image":"","background-repeat":"repeat","background-position":"center center","background-size":"auto","background-attachment":"scroll","background-type":"","background-media":"","overlay-type":"","overlay-color":"","overlay-opacity":"","overlay-gradient":""},"tablet":{"background-color":"var(--ast-global-color-5)","background-image":"","background-repeat":"repeat","background-position":"center center","background-size":"auto","background-attachment":"scroll","background-type":"","background-media":"","overlay-type":"","overlay-color":"","overlay-opacity":"","overlay-gradient":""},"mobile":{"background-color":"var(--ast-global-color-5)","background-image":"","background-repeat":"repeat","background-position":"center center","background-size":"auto","background-attachment":"scroll","background-type":"","background-media":"","overlay-type":"","overlay-color":"","overlay-opacity":"","overlay-gradient":""}},"footnotes":""},"class_list":["post-84","page","type-page","status-publish","hentry"],"post_mailing_queue_ids":[],"_links":{"self":[{"href":"https:\/\/agora.xtec.cat\/escolabonavista\/wp-json\/wp\/v2\/pages\/84","targetHints":{"allow":["GET"]}}],"collection":[{"href":"https:\/\/agora.xtec.cat\/escolabonavista\/wp-json\/wp\/v2\/pages"}],"about":[{"href":"https:\/\/agora.xtec.cat\/escolabonavista\/wp-json\/wp\/v2\/types\/page"}],"author":[{"embeddable":true,"href":"https:\/\/agora.xtec.cat\/escolabonavista\/wp-json\/wp\/v2\/users\/1"}],"replies":[{"embeddable":true,"href":"https:\/\/agora.xtec.cat\/escolabonavista\/wp-json\/wp\/v2\/comments?post=84"}],"version-history":[{"count":4,"href":"https:\/\/agora.xtec.cat\/escolabonavista\/wp-json\/wp\/v2\/pages\/84\/revisions"}],"predecessor-version":[{"id":16918,"href":"https:\/\/agora.xtec.cat\/escolabonavista\/wp-json\/wp\/v2\/pages\/84\/revisions\/16918"}],"up":[{"embeddable":true,"href":"https:\/\/agora.xtec.cat\/escolabonavista\/wp-json\/wp\/v2\/pages\/66"}],"wp:attachment":[{"href":"https:\/\/agora.xtec.cat\/escolabonavista\/wp-json\/wp\/v2\/media?parent=84"}],"curies":[{"name":"wp","href":"https:\/\/api.w.org\/{rel}","templated":true}]}}