{"id":631,"date":"2017-01-23T13:40:03","date_gmt":"2017-01-23T12:40:03","guid":{"rendered":"http:\/\/agora.xtec.cat\/escolabogatell\/?page_id=631"},"modified":"2017-12-01T12:42:01","modified_gmt":"2017-12-01T11:42:01","slug":"col%c2%b7laborem-amb-lentorn","status":"publish","type":"page","link":"https:\/\/agora.xtec.cat\/escolabogatell\/lanostraescola\/col%c2%b7laborem-amb-lentorn\/","title":{"rendered":"Col\u00b7laborem amb l&#8217;entorn"},"content":{"rendered":"<p><span style=\"font-family: verdana, sans-serif; font-size: large;\">\u00a0<\/span><\/p>\n<p><strong>CENTRE OCUPACIONAL BOGATELL <\/strong>Col\u00b7laboraci\u00f3 amb persones amb discapacitat intel\u00b7lectual que realitzen feines a l\u2019escola.<\/p>\n<p><strong>APROSEAT <\/strong>Entitat que treballa per a la inserci\u00f3 laboral de persones amb discapacitat o risc d\u2019exclusi\u00f3 a partir del reciclatge de l\u2019oli dom\u00e8stic.<\/p>\n<p><strong>FUNDACI\u00d3 ARED <\/strong>L\u2019escola encarrega els llen\u00e7ols, les motxilles i les bates a aquesta fundaci\u00f3 que treballa per a la reinserci\u00f3 de dones en risc d\u2019exclusi\u00f3.<\/p>\n<p><strong>SOS \u00c0FRICA <\/strong>Recollida de roba usada i cal\u00e7at.<\/p>\n<p><strong>GLORR FOUNDATION <\/strong>Recollida de roba usada i cal\u00e7at destinat a les escoles de Barcelona.<\/p>\n<p><strong>BANC DELS ALIMENTS <\/strong>Realitzem un recapte anual i els aliments es destinen a entitats del barri.<\/p>\n<p><strong>AVISMON <\/strong>Fundaci\u00f3 que recapte aliments per als avis m\u00e9s desfavorits.<\/p>\n<p><strong>PATIS OBERTS AL BARRI <\/strong>Col\u00b7laboraci\u00f3 amb l\u2019Ajuntament de BCN sobre l\u2019\u00fas dels espais per part de les persones del barri.<\/p>\n<p><strong>INSTITUT CICLES FORMATIUS POBLENOU <\/strong>Conveni de col\u00b7laboraci\u00f3 amb l\u2019institut per atendre alumnes en pr\u00e0ctiques especialistes en inform\u00e0tica.<\/p>\n<p><strong>@NOE <\/strong>Conveni de col\u00b7laboraci\u00f3 escolar i psicopedag\u00f2gica dins del programa Caixa Proinf\u00e0ncia.<\/p>\n<p><strong>METAFORA <\/strong>Conveni de col\u00b7laboraci\u00f3 per atendre alumnes en pr\u00e0ctiques especialistes en artter\u00e0pia.<\/p>\n<p><strong>ESCOLA PROFESSIONAL MARE DE D\u00c9U DE MONTSERRAT <\/strong>Conveni de col\u00b7laboraci\u00f3 per atendre alumnes en pr\u00e0ctiques del Programa de Formaci\u00f3 i inserci\u00f3 d\u2019Administraci\u00f3 i gesti\u00f3.<\/p>\n","protected":false},"excerpt":{"rendered":"<p>\u00a0<br \/>\nCENTRE OCUPACIONAL BOGATELL Col\u00b7laboraci\u00f3 amb persones amb discapacitat intel\u00b7lectual que realitzen feines a l\u2019escola.<br \/>\nAPROSEAT Entitat que treballa per a la inserci\u00f3 laboral de persones amb discapacitat o risc d\u2019exclusi\u00f3 a partir del reciclatge de l\u2019oli dom\u00e8stic.<br \/>\nFUNDACI\u00d3 ARED L\u2019escola encarrega els llen\u00e7ols, les motxilles i les&hellip;  <a href=\"https:\/\/agora.xtec.cat\/escolabogatell\/lanostraescola\/col%c2%b7laborem-amb-lentorn\/\" title=\"Read Col\u00b7laborem amb l&#8217;entorn\">Llegeix m\u00e9s\u00bb<\/a><\/p>\n","protected":false},"author":1,"featured_media":0,"parent":30,"menu_order":0,"comment_status":"closed","ping_status":"closed","template":"page-templates\/side-menu.php","meta":{"_bbp_topic_count":0,"_bbp_reply_count":0,"_bbp_total_topic_count":0,"_bbp_total_reply_count":0,"_bbp_voice_count":0,"_bbp_anonymous_reply_count":0,"_bbp_topic_count_hidden":0,"_bbp_reply_count_hidden":0,"_bbp_forum_subforum_count":0,"footnotes":""},"class_list":["post-631","page","type-page","status-publish","hentry"],"post_mailing_queue_ids":[],"_links":{"self":[{"href":"https:\/\/agora.xtec.cat\/escolabogatell\/wp-json\/wp\/v2\/pages\/631","targetHints":{"allow":["GET"]}}],"collection":[{"href":"https:\/\/agora.xtec.cat\/escolabogatell\/wp-json\/wp\/v2\/pages"}],"about":[{"href":"https:\/\/agora.xtec.cat\/escolabogatell\/wp-json\/wp\/v2\/types\/page"}],"author":[{"embeddable":true,"href":"https:\/\/agora.xtec.cat\/escolabogatell\/wp-json\/wp\/v2\/users\/1"}],"replies":[{"embeddable":true,"href":"https:\/\/agora.xtec.cat\/escolabogatell\/wp-json\/wp\/v2\/comments?post=631"}],"version-history":[{"count":1,"href":"https:\/\/agora.xtec.cat\/escolabogatell\/wp-json\/wp\/v2\/pages\/631\/revisions"}],"predecessor-version":[{"id":632,"href":"https:\/\/agora.xtec.cat\/escolabogatell\/wp-json\/wp\/v2\/pages\/631\/revisions\/632"}],"up":[{"embeddable":true,"href":"https:\/\/agora.xtec.cat\/escolabogatell\/wp-json\/wp\/v2\/pages\/30"}],"wp:attachment":[{"href":"https:\/\/agora.xtec.cat\/escolabogatell\/wp-json\/wp\/v2\/media?parent=631"}],"curies":[{"name":"wp","href":"https:\/\/api.w.org\/{rel}","templated":true}]}}