{"id":22,"date":"2014-09-18T12:19:57","date_gmt":"2014-09-18T11:19:57","guid":{"rendered":"http:\/\/agora.xtec.cat\/escolabitem\/?page_id=22"},"modified":"2025-09-05T22:31:56","modified_gmt":"2025-09-05T20:31:56","slug":"lescola","status":"publish","type":"page","link":"https:\/\/agora.xtec.cat\/escolabitem\/lescola\/","title":{"rendered":"L&#8217;escola"},"content":{"rendered":"<p>L\u2019Escola B\u00edtem &#8211; ZER Riu Avall \u00e9s un centre p\u00fablic depenent del Departament d\u2019Educaci\u00f3 de la Generalitat de Catalunya.<\/p>\n<p>Impartim els seg\u00fcents nivells educatius:<\/p>\n<ul>\n<li>Educaci\u00f3 infantil: i1, i2, i3, i4 i i5.<\/li>\n<li>Educaci\u00f3 prim\u00e0ria: 1r, 2n, 3r, 4t, 5\u00e8 i 6\u00e8.<\/li>\n<\/ul>\n","protected":false},"excerpt":{"rendered":"<p>L\u2019Escola B\u00edtem &#8211; ZER Riu Avall \u00e9s un centre p\u00fablic depenent del Departament d\u2019Educaci\u00f3 de la Generalitat de Catalunya.<br \/>\nImpartim els seg\u00fcents nivells educatius:<\/p>\n<ul>\n<li>Educaci\u00f3 infantil: i1, i2, i3, i4 i i5.<\/li>\n<li>Educaci\u00f3 prim\u00e0ria: 1r, 2n, 3r, 4t, 5\u00e8 i 6\u00e8.<\/li>\n<\/ul>\n","protected":false},"author":1,"featured_media":0,"parent":0,"menu_order":0,"comment_status":"closed","ping_status":"closed","template":"page-templates\/side-menu.php","meta":{"_bbp_topic_count":0,"_bbp_reply_count":0,"_bbp_total_topic_count":0,"_bbp_total_reply_count":0,"_bbp_voice_count":0,"_bbp_anonymous_reply_count":0,"_bbp_topic_count_hidden":0,"_bbp_reply_count_hidden":0,"_bbp_forum_subforum_count":0,"footnotes":""},"class_list":["post-22","page","type-page","status-publish","hentry"],"post_mailing_queue_ids":[],"_links":{"self":[{"href":"https:\/\/agora.xtec.cat\/escolabitem\/wp-json\/wp\/v2\/pages\/22","targetHints":{"allow":["GET"]}}],"collection":[{"href":"https:\/\/agora.xtec.cat\/escolabitem\/wp-json\/wp\/v2\/pages"}],"about":[{"href":"https:\/\/agora.xtec.cat\/escolabitem\/wp-json\/wp\/v2\/types\/page"}],"author":[{"embeddable":true,"href":"https:\/\/agora.xtec.cat\/escolabitem\/wp-json\/wp\/v2\/users\/1"}],"replies":[{"embeddable":true,"href":"https:\/\/agora.xtec.cat\/escolabitem\/wp-json\/wp\/v2\/comments?post=22"}],"version-history":[{"count":4,"href":"https:\/\/agora.xtec.cat\/escolabitem\/wp-json\/wp\/v2\/pages\/22\/revisions"}],"predecessor-version":[{"id":3686,"href":"https:\/\/agora.xtec.cat\/escolabitem\/wp-json\/wp\/v2\/pages\/22\/revisions\/3686"}],"wp:attachment":[{"href":"https:\/\/agora.xtec.cat\/escolabitem\/wp-json\/wp\/v2\/media?parent=22"}],"curies":[{"name":"wp","href":"https:\/\/api.w.org\/{rel}","templated":true}]}}

<p>L’Escola Bítem &#8211; ZER Riu Avall és un centre públic depenent del Departament d’Educació de la Generalitat de Catalunya.</p>
<p>Impartim els següents nivells educatius:</p>
<ul>
<li>Educació infantil: i1, i2, i3, i4 i i5.</li>
<li>Educació primària: 1r, 2n, 3r, 4t, 5è i 6è.</li>
</ul>

<p>L’Escola Bítem &#8211; ZER Riu Avall és un centre públic depenent del Departament d’Educació de la Generalitat de Catalunya.<br />
Impartim els següents nivells educatius:</p>
<ul>
<li>Educació infantil: i1, i2, i3, i4 i i5.</li>
<li>Educació primària: 1r, 2n, 3r, 4t, 5è i 6è.</li>
</ul>
