{"id":20101,"date":"2025-12-11T10:59:12","date_gmt":"2025-12-11T09:59:12","guid":{"rendered":"https:\/\/agora.xtec.cat\/escolabarkeno\/?page_id=20101"},"modified":"2026-01-12T14:00:15","modified_gmt":"2026-01-12T13:00:15","slug":"comunitat-de-petits-2","status":"publish","type":"page","link":"https:\/\/agora.xtec.cat\/escolabarkeno\/comunitat-de-petits-2\/","title":{"rendered":"Comunitat de petits"},"content":{"rendered":"\n<h1 class=\"wp-block-heading\"><strong>Comunitat de<\/strong>&nbsp;petits<\/h1>\n\n\n\n<p>La comunitat de petits est\u00e0 formada pels cursos d\u2019I3, I4 i I5.<\/p>\n\n\n\n<p>La metodologia que es fa servir al llarg dels tres cursos \u00e9s la seg\u00fcent:<\/p>\n\n\n\n<ul class=\"wp-block-list\">\n<li>Entrada relaxada a primera hora, on les fam\u00edlies entren a l\u2019escola i poden ajudar als infants a deixar les seves coses, mica en mica, cada cop esdevindran m\u00e9s aut\u00f2noms. A la tarda, les fam\u00edlies tamb\u00e9 entren al centre i ajuden als infants. Aquests dos moments s\u00f3n un espai de comunicaci\u00f3 entre les fam\u00edlies i les mestres.<\/li>\n\n\n\n<li>Racons: Els racons s\u00f3n espais on es realitzen activitats manipulatives, tant de catal\u00e0 com de matem\u00e0tiques. Hi ha diverses mestres a l\u2019aula i es formen petits grups que aniran passant per les diferents activitats.<\/li>\n\n\n\n<li>Ambients d\u2019aprenentatge: Aquesta metodologia fa que alumnat des d\u2019I3 fins a I5 treballin conjuntament, cadasc\u00fa al seu ritme i es realitzen diferents activitats d\u2019art, de llengua, de matem\u00e0tiques i de rob\u00f2tica.<\/li>\n\n\n\n<li>Les lleng\u00fces: La llengua vehicular \u00e9s la llengua catalana i en tots els moments del dia \u00e9s la llengua de comunicaci\u00f3 que es fa servir. A I4 s\u2019introdueix la Llengua Anglesa en petit grup. <\/li>\n\n\n\n<li>Teatre: A l\u2019\u00faltim trimestre del curs, un cop per setmana tots els cursos fan una sessi\u00f3 de teatre, en la que es fa expressi\u00f3 corporal i moviment.<\/li>\n<\/ul>\n\n\n\n<figure class=\"wp-block-gallery has-nested-images columns-default is-cropped wp-block-gallery-1 is-layout-flex wp-block-gallery-is-layout-flex\">\n<figure class=\"wp-block-image size-large\"><a href=\"https:\/\/agora.xtec.cat\/escolabarkeno\/wp-content\/uploads\/usu1546\/2026\/01\/20250912_154226-scaled.jpg\"><img loading=\"lazy\" decoding=\"async\" width=\"461\" height=\"1024\" data-id=\"20153\" src=\"https:\/\/agora.xtec.cat\/escolabarkeno\/wp-content\/uploads\/usu1546\/2026\/01\/20250912_154226-461x1024.jpg\" alt=\"\" class=\"wp-image-20153\" srcset=\"https:\/\/agora.xtec.cat\/escolabarkeno\/wp-content\/uploads\/usu1546\/2026\/01\/20250912_154226-461x1024.jpg 461w, https:\/\/agora.xtec.cat\/escolabarkeno\/wp-content\/uploads\/usu1546\/2026\/01\/20250912_154226-135x300.jpg 135w, https:\/\/agora.xtec.cat\/escolabarkeno\/wp-content\/uploads\/usu1546\/2026\/01\/20250912_154226-768x1705.jpg 768w, https:\/\/agora.xtec.cat\/escolabarkeno\/wp-content\/uploads\/usu1546\/2026\/01\/20250912_154226-692x1536.jpg 692w, https:\/\/agora.xtec.cat\/escolabarkeno\/wp-content\/uploads\/usu1546\/2026\/01\/20250912_154226-922x2048.jpg 922w, https:\/\/agora.xtec.cat\/escolabarkeno\/wp-content\/uploads\/usu1546\/2026\/01\/20250912_154226-scaled.jpg 1153w\" sizes=\"auto, (max-width: 461px) 100vw, 461px\" \/><\/a><\/figure>\n\n\n\n\n\n\n\n<figure class=\"wp-block-image size-large\"><a href=\"https:\/\/agora.xtec.cat\/escolabarkeno\/wp-content\/uploads\/usu1546\/2026\/01\/20251022_101944-scaled.jpg\"><img loading=\"lazy\" decoding=\"async\" width=\"1024\" height=\"461\" data-id=\"20154\" src=\"https:\/\/agora.xtec.cat\/escolabarkeno\/wp-content\/uploads\/usu1546\/2026\/01\/20251022_101944-1024x461.jpg\" alt=\"\" class=\"wp-image-20154\" srcset=\"https:\/\/agora.xtec.cat\/escolabarkeno\/wp-content\/uploads\/usu1546\/2026\/01\/20251022_101944-1024x461.jpg 1024w, https:\/\/agora.xtec.cat\/escolabarkeno\/wp-content\/uploads\/usu1546\/2026\/01\/20251022_101944-300x135.jpg 300w, https:\/\/agora.xtec.cat\/escolabarkeno\/wp-content\/uploads\/usu1546\/2026\/01\/20251022_101944-768x346.jpg 768w, https:\/\/agora.xtec.cat\/escolabarkeno\/wp-content\/uploads\/usu1546\/2026\/01\/20251022_101944-1536x691.jpg 1536w, https:\/\/agora.xtec.cat\/escolabarkeno\/wp-content\/uploads\/usu1546\/2026\/01\/20251022_101944-2048x922.jpg 2048w\" sizes=\"auto, (max-width: 1024px) 100vw, 1024px\" \/><\/a><\/figure>\n\n\n\n<figure class=\"wp-block-image size-large\"><a href=\"https:\/\/agora.xtec.cat\/escolabarkeno\/wp-content\/uploads\/usu1546\/2026\/01\/20251021_151841-scaled.jpg\"><img loading=\"lazy\" decoding=\"async\" width=\"461\" height=\"1024\" data-id=\"20150\" src=\"https:\/\/agora.xtec.cat\/escolabarkeno\/wp-content\/uploads\/usu1546\/2026\/01\/20251021_151841-461x1024.jpg\" alt=\"\" class=\"wp-image-20150\" srcset=\"https:\/\/agora.xtec.cat\/escolabarkeno\/wp-content\/uploads\/usu1546\/2026\/01\/20251021_151841-461x1024.jpg 461w, https:\/\/agora.xtec.cat\/escolabarkeno\/wp-content\/uploads\/usu1546\/2026\/01\/20251021_151841-135x300.jpg 135w, https:\/\/agora.xtec.cat\/escolabarkeno\/wp-content\/uploads\/usu1546\/2026\/01\/20251021_151841-768x1705.jpg 768w, https:\/\/agora.xtec.cat\/escolabarkeno\/wp-content\/uploads\/usu1546\/2026\/01\/20251021_151841-692x1536.jpg 692w, https:\/\/agora.xtec.cat\/escolabarkeno\/wp-content\/uploads\/usu1546\/2026\/01\/20251021_151841-922x2048.jpg 922w, https:\/\/agora.xtec.cat\/escolabarkeno\/wp-content\/uploads\/usu1546\/2026\/01\/20251021_151841-scaled.jpg 1153w\" sizes=\"auto, (max-width: 461px) 100vw, 461px\" \/><\/a><\/figure>\n\n\n\n<figure class=\"wp-block-image size-large\"><a href=\"https:\/\/agora.xtec.cat\/escolabarkeno\/wp-content\/uploads\/usu1546\/2026\/01\/20251002_121343-scaled.jpg\"><img loading=\"lazy\" decoding=\"async\" width=\"1024\" height=\"461\" data-id=\"20151\" src=\"https:\/\/agora.xtec.cat\/escolabarkeno\/wp-content\/uploads\/usu1546\/2026\/01\/20251002_121343-1024x461.jpg\" alt=\"\" class=\"wp-image-20151\" srcset=\"https:\/\/agora.xtec.cat\/escolabarkeno\/wp-content\/uploads\/usu1546\/2026\/01\/20251002_121343-1024x461.jpg 1024w, https:\/\/agora.xtec.cat\/escolabarkeno\/wp-content\/uploads\/usu1546\/2026\/01\/20251002_121343-300x135.jpg 300w, https:\/\/agora.xtec.cat\/escolabarkeno\/wp-content\/uploads\/usu1546\/2026\/01\/20251002_121343-768x346.jpg 768w, https:\/\/agora.xtec.cat\/escolabarkeno\/wp-content\/uploads\/usu1546\/2026\/01\/20251002_121343-1536x692.jpg 1536w, https:\/\/agora.xtec.cat\/escolabarkeno\/wp-content\/uploads\/usu1546\/2026\/01\/20251002_121343-2048x922.jpg 2048w\" sizes=\"auto, (max-width: 1024px) 100vw, 1024px\" \/><\/a><\/figure>\n\n\n\n<figure class=\"wp-block-image size-large\"><a href=\"https:\/\/agora.xtec.cat\/escolabarkeno\/wp-content\/uploads\/usu1546\/2026\/01\/20251001_123902-scaled.jpg\"><img loading=\"lazy\" decoding=\"async\" width=\"1024\" height=\"461\" data-id=\"20152\" src=\"https:\/\/agora.xtec.cat\/escolabarkeno\/wp-content\/uploads\/usu1546\/2026\/01\/20251001_123902-1024x461.jpg\" alt=\"\" class=\"wp-image-20152\" srcset=\"https:\/\/agora.xtec.cat\/escolabarkeno\/wp-content\/uploads\/usu1546\/2026\/01\/20251001_123902-1024x461.jpg 1024w, https:\/\/agora.xtec.cat\/escolabarkeno\/wp-content\/uploads\/usu1546\/2026\/01\/20251001_123902-300x135.jpg 300w, https:\/\/agora.xtec.cat\/escolabarkeno\/wp-content\/uploads\/usu1546\/2026\/01\/20251001_123902-768x346.jpg 768w, https:\/\/agora.xtec.cat\/escolabarkeno\/wp-content\/uploads\/usu1546\/2026\/01\/20251001_123902-1536x691.jpg 1536w, https:\/\/agora.xtec.cat\/escolabarkeno\/wp-content\/uploads\/usu1546\/2026\/01\/20251001_123902-2048x922.jpg 2048w\" sizes=\"auto, (max-width: 1024px) 100vw, 1024px\" \/><\/a><\/figure>\n\n\n\n<figure class=\"wp-block-image size-large\"><a href=\"https:\/\/agora.xtec.cat\/escolabarkeno\/wp-content\/uploads\/usu1546\/2026\/01\/20250923_122502-scaled.jpg\"><img loading=\"lazy\" decoding=\"async\" width=\"1024\" height=\"461\" data-id=\"20155\" src=\"https:\/\/agora.xtec.cat\/escolabarkeno\/wp-content\/uploads\/usu1546\/2026\/01\/20250923_122502-1024x461.jpg\" alt=\"\" class=\"wp-image-20155\" srcset=\"https:\/\/agora.xtec.cat\/escolabarkeno\/wp-content\/uploads\/usu1546\/2026\/01\/20250923_122502-1024x461.jpg 1024w, https:\/\/agora.xtec.cat\/escolabarkeno\/wp-content\/uploads\/usu1546\/2026\/01\/20250923_122502-300x135.jpg 300w, https:\/\/agora.xtec.cat\/escolabarkeno\/wp-content\/uploads\/usu1546\/2026\/01\/20250923_122502-768x346.jpg 768w, https:\/\/agora.xtec.cat\/escolabarkeno\/wp-content\/uploads\/usu1546\/2026\/01\/20250923_122502-1536x691.jpg 1536w, https:\/\/agora.xtec.cat\/escolabarkeno\/wp-content\/uploads\/usu1546\/2026\/01\/20250923_122502-2048x922.jpg 2048w\" sizes=\"auto, (max-width: 1024px) 100vw, 1024px\" \/><\/a><\/figure>\n<\/figure>\n\n\n\n<p><\/p>\n","protected":false},"excerpt":{"rendered":"<p>Comunitat de&nbsp;petits La comunitat de petits est\u00e0 formada pels cursos d\u2019I3, I4 i I5. La metodologia que es fa servir al llarg dels tres cursos \u00e9s la seg\u00fcent:<\/p>\n","protected":false},"author":1,"featured_media":0,"parent":0,"menu_order":0,"comment_status":"closed","ping_status":"close","template":"","meta":{"site-sidebar-layout":"default","site-content-layout":"","ast-site-content-layout":"default","site-content-style":"default","site-sidebar-style":"default","ast-global-header-display":"","ast-banner-title-visibility":"","ast-main-header-display":"","ast-hfb-above-header-display":"","ast-hfb-below-header-display":"","ast-hfb-mobile-header-display":"","site-post-title":"","ast-breadcrumbs-content":"","ast-featured-img":"","footer-sml-layout":"","theme-transparent-header-meta":"","adv-header-id-meta":"","stick-header-meta":"","header-above-stick-meta":"","header-main-stick-meta":"","header-below-stick-meta":"","astra-migrate-meta-layouts":"set","ast-page-background-enabled":"default","ast-page-background-meta":{"desktop":{"background-color":"var(--ast-global-color-4)","background-image":"","background-repeat":"repeat","background-position":"center center","background-size":"auto","background-attachment":"scroll","background-type":"","background-media":"","overlay-type":"","overlay-color":"","overlay-opacity":"","overlay-gradient":""},"tablet":{"background-color":"","background-image":"","background-repeat":"repeat","background-position":"center center","background-size":"auto","background-attachment":"scroll","background-type":"","background-media":"","overlay-type":"","overlay-color":"","overlay-opacity":"","overlay-gradient":""},"mobile":{"background-color":"","background-image":"","background-repeat":"repeat","background-position":"center center","background-size":"auto","background-attachment":"scroll","background-type":"","background-media":"","overlay-type":"","overlay-color":"","overlay-opacity":"","overlay-gradient":""}},"ast-content-background-meta":{"desktop":{"background-color":"var(--ast-global-color-5)","background-image":"","background-repeat":"repeat","background-position":"center center","background-size":"auto","background-attachment":"scroll","background-type":"","background-media":"","overlay-type":"","overlay-color":"","overlay-opacity":"","overlay-gradient":""},"tablet":{"background-color":"var(--ast-global-color-5)","background-image":"","background-repeat":"repeat","background-position":"center center","background-size":"auto","background-attachment":"scroll","background-type":"","background-media":"","overlay-type":"","overlay-color":"","overlay-opacity":"","overlay-gradient":""},"mobile":{"background-color":"var(--ast-global-color-5)","background-image":"","background-repeat":"repeat","background-position":"center center","background-size":"auto","background-attachment":"scroll","background-type":"","background-media":"","overlay-type":"","overlay-color":"","overlay-opacity":"","overlay-gradient":""}},"footnotes":""},"class_list":["post-20101","page","type-page","status-publish","hentry"],"post_mailing_queue_ids":[],"_links":{"self":[{"href":"https:\/\/agora.xtec.cat\/escolabarkeno\/wp-json\/wp\/v2\/pages\/20101","targetHints":{"allow":["GET"]}}],"collection":[{"href":"https:\/\/agora.xtec.cat\/escolabarkeno\/wp-json\/wp\/v2\/pages"}],"about":[{"href":"https:\/\/agora.xtec.cat\/escolabarkeno\/wp-json\/wp\/v2\/types\/page"}],"author":[{"embeddable":true,"href":"https:\/\/agora.xtec.cat\/escolabarkeno\/wp-json\/wp\/v2\/users\/1"}],"replies":[{"embeddable":true,"href":"https:\/\/agora.xtec.cat\/escolabarkeno\/wp-json\/wp\/v2\/comments?post=20101"}],"version-history":[{"count":4,"href":"https:\/\/agora.xtec.cat\/escolabarkeno\/wp-json\/wp\/v2\/pages\/20101\/revisions"}],"predecessor-version":[{"id":20157,"href":"https:\/\/agora.xtec.cat\/escolabarkeno\/wp-json\/wp\/v2\/pages\/20101\/revisions\/20157"}],"wp:attachment":[{"href":"https:\/\/agora.xtec.cat\/escolabarkeno\/wp-json\/wp\/v2\/media?parent=20101"}],"curies":[{"name":"wp","href":"https:\/\/api.w.org\/{rel}","templated":true}]}}