{"id":9099,"date":"2018-10-04T13:00:07","date_gmt":"2018-10-04T11:00:07","guid":{"rendered":"http:\/\/agora.xtec.cat\/escolabaloo\/?page_id=9099"},"modified":"2019-12-13T15:37:14","modified_gmt":"2019-12-13T14:37:14","slug":"ampadrina","status":"publish","type":"page","link":"https:\/\/agora.xtec.cat\/escolabaloo\/afa\/ampadrina\/","title":{"rendered":"Ampadrina"},"content":{"rendered":"<p>L&#8217;AFA, en nom de totes les fam\u00edlies de l&#8217;escola, us d\u00f3na la benvinguda a <span class=\"hiddenSpellError\">Baloo<\/span>.<\/p>\n<p>Per tal de facilitar el vostre proc\u00e9s d&#8217;integraci\u00f3 a l&#8217;escola, us oferim el projecte &#8220;<span class=\"hiddenSpellError\">Ampadrina<\/span>&#8220;, on una fam\u00edlia veterana de l&#8217;escola s&#8217;ofereix a donar-vos un cop de m\u00e0 apadrinant-vos, per tal que tingueu tota l&#8217;ajuda que requeriu.<\/p>\n<p>Aqu\u00ed us deixem el\u00a0tr\u00edptic\u00a0on trobareu tota la informaci\u00f3\u00a0necess\u00e0ria<\/p>\n<p><a href=\"http:\/\/agora.xtec.cat\/escolabaloo\/wp-content\/uploads\/usu902\/2018\/10\/AMPADRINA.pdf\" target=\"_blank\" rel=\"noopener noreferrer\">AMPADRINA<\/a><\/p>\n","protected":false},"excerpt":{"rendered":"<p>L&#8217;AFA, en nom de totes les fam\u00edlies de l&#8217;escola, us d\u00f3na la benvinguda a Baloo.<br \/>\nPer tal de facilitar el vostre proc\u00e9s d&#8217;integraci\u00f3 a l&#8217;escola, us oferim el projecte &#8220;Ampadrina&#8220;, on una fam\u00edlia veterana de l&#8217;escola s&#8217;ofereix a donar-vos un cop de m\u00e0 apadrinant-vos, per tal&hellip;  <a href=\"https:\/\/agora.xtec.cat\/escolabaloo\/afa\/ampadrina\/\" title=\"Read Ampadrina\">Llegeix m\u00e9s\u00bb<\/a><\/p>\n","protected":false},"author":1,"featured_media":0,"parent":6223,"menu_order":6,"comment_status":"closed","ping_status":"closed","template":"page-templates\/side-menu.php","meta":{"_bbp_topic_count":0,"_bbp_reply_count":0,"_bbp_total_topic_count":0,"_bbp_total_reply_count":0,"_bbp_voice_count":0,"_bbp_anonymous_reply_count":0,"_bbp_topic_count_hidden":0,"_bbp_reply_count_hidden":0,"_bbp_forum_subforum_count":0,"footnotes":""},"class_list":["post-9099","page","type-page","status-publish","hentry"],"post_mailing_queue_ids":[],"_links":{"self":[{"href":"https:\/\/agora.xtec.cat\/escolabaloo\/wp-json\/wp\/v2\/pages\/9099","targetHints":{"allow":["GET"]}}],"collection":[{"href":"https:\/\/agora.xtec.cat\/escolabaloo\/wp-json\/wp\/v2\/pages"}],"about":[{"href":"https:\/\/agora.xtec.cat\/escolabaloo\/wp-json\/wp\/v2\/types\/page"}],"author":[{"embeddable":true,"href":"https:\/\/agora.xtec.cat\/escolabaloo\/wp-json\/wp\/v2\/users\/1"}],"replies":[{"embeddable":true,"href":"https:\/\/agora.xtec.cat\/escolabaloo\/wp-json\/wp\/v2\/comments?post=9099"}],"version-history":[{"count":3,"href":"https:\/\/agora.xtec.cat\/escolabaloo\/wp-json\/wp\/v2\/pages\/9099\/revisions"}],"predecessor-version":[{"id":10237,"href":"https:\/\/agora.xtec.cat\/escolabaloo\/wp-json\/wp\/v2\/pages\/9099\/revisions\/10237"}],"up":[{"embeddable":true,"href":"https:\/\/agora.xtec.cat\/escolabaloo\/wp-json\/wp\/v2\/pages\/6223"}],"wp:attachment":[{"href":"https:\/\/agora.xtec.cat\/escolabaloo\/wp-json\/wp\/v2\/media?parent=9099"}],"curies":[{"name":"wp","href":"https:\/\/api.w.org\/{rel}","templated":true}]}}