{"id":7844,"date":"2017-10-17T15:15:02","date_gmt":"2017-10-17T13:15:02","guid":{"rendered":"http:\/\/agora.xtec.cat\/escolabaloo\/?page_id=7844"},"modified":"2022-10-19T01:19:07","modified_gmt":"2022-10-18T23:19:07","slug":"comissio-cientifica","status":"publish","type":"page","link":"https:\/\/agora.xtec.cat\/escolabaloo\/comissio-cientifica\/","title":{"rendered":"Comissi\u00f3 cient\u00edfica"},"content":{"rendered":"<p>&nbsp;<\/p>\n<p><b><span style=\"font-weight: 400;\">\u00c9s responsable d\u2019apropar a les fam\u00edlies de l\u2019escola sobre temes tecnol\u00f2gics i cient\u00edfics.<\/span> <\/b><\/p>\n<p><b><span style=\"font-weight: 400;\">Col.laboraci\u00f3 amb l\u2019escola per implementar la ci\u00e8ncia a l\u2019aula<\/span><\/b><\/p>\n<p><strong>Membres:\u00a0<\/strong><span style=\"font-weight: 400;\">Jordi D\u00edaz, Manel Ib\u00e1\u00f1ez, M\u00edriam Belloc i Berta Caballero<\/span><span style=\"font-weight: 400;\">,\u00a0<\/span><\/p>\n<p>&nbsp;<\/p>\n<p>&nbsp;<\/p>\n","protected":false},"excerpt":{"rendered":"<p>&nbsp;<br \/>\n\u00c9s responsable d\u2019apropar a les fam\u00edlies de l\u2019escola sobre temes tecnol\u00f2gics i cient\u00edfics.<br \/>\nCol.laboraci\u00f3 amb l\u2019escola per implementar la ci\u00e8ncia a l\u2019aula<br \/>\nMembres:\u00a0Jordi D\u00edaz, Manel Ib\u00e1\u00f1ez, M\u00edriam Belloc i Berta Caballero,\u00a0<br \/>\n&nbsp;<br \/>\n&nbsp;<\/p>\n","protected":false},"author":1,"featured_media":0,"parent":0,"menu_order":0,"comment_status":"closed","ping_status":"closed","template":"","meta":{"_bbp_topic_count":0,"_bbp_reply_count":0,"_bbp_total_topic_count":0,"_bbp_total_reply_count":0,"_bbp_voice_count":0,"_bbp_anonymous_reply_count":0,"_bbp_topic_count_hidden":0,"_bbp_reply_count_hidden":0,"_bbp_forum_subforum_count":0,"footnotes":""},"class_list":["post-7844","page","type-page","status-publish","hentry"],"post_mailing_queue_ids":[],"_links":{"self":[{"href":"https:\/\/agora.xtec.cat\/escolabaloo\/wp-json\/wp\/v2\/pages\/7844","targetHints":{"allow":["GET"]}}],"collection":[{"href":"https:\/\/agora.xtec.cat\/escolabaloo\/wp-json\/wp\/v2\/pages"}],"about":[{"href":"https:\/\/agora.xtec.cat\/escolabaloo\/wp-json\/wp\/v2\/types\/page"}],"author":[{"embeddable":true,"href":"https:\/\/agora.xtec.cat\/escolabaloo\/wp-json\/wp\/v2\/users\/1"}],"replies":[{"embeddable":true,"href":"https:\/\/agora.xtec.cat\/escolabaloo\/wp-json\/wp\/v2\/comments?post=7844"}],"version-history":[{"count":4,"href":"https:\/\/agora.xtec.cat\/escolabaloo\/wp-json\/wp\/v2\/pages\/7844\/revisions"}],"predecessor-version":[{"id":16059,"href":"https:\/\/agora.xtec.cat\/escolabaloo\/wp-json\/wp\/v2\/pages\/7844\/revisions\/16059"}],"wp:attachment":[{"href":"https:\/\/agora.xtec.cat\/escolabaloo\/wp-json\/wp\/v2\/media?parent=7844"}],"curies":[{"name":"wp","href":"https:\/\/api.w.org\/{rel}","templated":true}]}}