{"id":7731,"date":"2017-09-27T09:44:56","date_gmt":"2017-09-27T07:44:56","guid":{"rendered":"http:\/\/agora.xtec.cat\/escolabaloo\/?page_id=7731"},"modified":"2022-10-19T01:29:07","modified_gmt":"2022-10-18T23:29:07","slug":"comissio-menjador","status":"publish","type":"page","link":"https:\/\/agora.xtec.cat\/escolabaloo\/comissio-menjador\/","title":{"rendered":"Comissi\u00f3 menjador"},"content":{"rendered":"<p><span style=\"font-weight: 400;\">La comissi\u00f3 menjador vetlla pel servei de menjador a l&#8217;escola, perqu\u00e8 els nostres fills mengin saludablement i vagin agafant h\u00e0bits i autonomia a l&#8217;hora de menjar. Tamb\u00e9 fa el seguiment de l&#8217;espai de monitoratge. <\/span><\/p>\n<p><span style=\"font-weight: 400;\">Per a aquest curs s\u2019encarregar\u00e0 de participar en l\u2019elaboraci\u00f3 del concurs per adjudicar el servei de menjador pels propers 3 cursos.<\/span><\/p>\n<p>mail: <a href=\"mailto:menjadorampa@escolabaloo.cat\">menjadorampa@escolabaloo.cat<\/a><\/p>\n<p><strong>Membres:<\/strong> Manel Iba\u00f1ez, Marcos Mu\u00f1oz, Roger Grimau i Carla Uriburu.<\/p>\n","protected":false},"excerpt":{"rendered":"<p>La comissi\u00f3 menjador vetlla pel servei de menjador a l&#8217;escola, perqu\u00e8 els nostres fills mengin saludablement i vagin agafant h\u00e0bits i autonomia a l&#8217;hora de menjar. Tamb\u00e9 fa el seguiment de l&#8217;espai de monitoratge.<br \/>\nPer a aquest curs s\u2019encarregar\u00e0 de participar en l\u2019elaboraci\u00f3 del concurs&hellip;  <a href=\"https:\/\/agora.xtec.cat\/escolabaloo\/comissio-menjador\/\" title=\"Read Comissi\u00f3 menjador\">Llegeix m\u00e9s\u00bb<\/a><\/p>\n","protected":false},"author":1,"featured_media":0,"parent":0,"menu_order":2,"comment_status":"closed","ping_status":"closed","template":"page-templates\/side-menu.php","meta":{"_bbp_topic_count":0,"_bbp_reply_count":0,"_bbp_total_topic_count":0,"_bbp_total_reply_count":0,"_bbp_voice_count":0,"_bbp_anonymous_reply_count":0,"_bbp_topic_count_hidden":0,"_bbp_reply_count_hidden":0,"_bbp_forum_subforum_count":0,"footnotes":""},"class_list":["post-7731","page","type-page","status-publish","hentry"],"post_mailing_queue_ids":[],"_links":{"self":[{"href":"https:\/\/agora.xtec.cat\/escolabaloo\/wp-json\/wp\/v2\/pages\/7731","targetHints":{"allow":["GET"]}}],"collection":[{"href":"https:\/\/agora.xtec.cat\/escolabaloo\/wp-json\/wp\/v2\/pages"}],"about":[{"href":"https:\/\/agora.xtec.cat\/escolabaloo\/wp-json\/wp\/v2\/types\/page"}],"author":[{"embeddable":true,"href":"https:\/\/agora.xtec.cat\/escolabaloo\/wp-json\/wp\/v2\/users\/1"}],"replies":[{"embeddable":true,"href":"https:\/\/agora.xtec.cat\/escolabaloo\/wp-json\/wp\/v2\/comments?post=7731"}],"version-history":[{"count":3,"href":"https:\/\/agora.xtec.cat\/escolabaloo\/wp-json\/wp\/v2\/pages\/7731\/revisions"}],"predecessor-version":[{"id":11604,"href":"https:\/\/agora.xtec.cat\/escolabaloo\/wp-json\/wp\/v2\/pages\/7731\/revisions\/11604"}],"wp:attachment":[{"href":"https:\/\/agora.xtec.cat\/escolabaloo\/wp-json\/wp\/v2\/media?parent=7731"}],"curies":[{"name":"wp","href":"https:\/\/api.w.org\/{rel}","templated":true}]}}