{"id":16765,"date":"2024-04-17T16:21:48","date_gmt":"2024-04-17T14:21:48","guid":{"rendered":"https:\/\/agora.xtec.cat\/escolabaloo\/?page_id=16765"},"modified":"2024-04-17T16:21:54","modified_gmt":"2024-04-17T14:21:54","slug":"publicacio-del-barem-provisional-sollicituds-de-preinscripcio-curs-2024-2025","status":"publish","type":"page","link":"https:\/\/agora.xtec.cat\/escolabaloo\/publicacio-del-barem-provisional-sollicituds-de-preinscripcio-curs-2024-2025\/","title":{"rendered":"Publicaci\u00f3 del barem provisional sol\u00b7licituds de preinscripci\u00f3 Curs 2024-2025"},"content":{"rendered":"<p>Benvolgudes fam\u00edlies,<\/p>\n<p>En el dia d\u2019avui s\u2019ha publicat la puntuaci\u00f3 provisional de les sol\u00b7licituds de preinscripci\u00f3 que han demanat el centre i l\u2019ensenyament en primera petici\u00f3.<\/p>\n<p><a href=\"https:\/\/agora.xtec.cat\/escolabaloo\/wp-content\/uploads\/usu902\/2024\/04\/INFORME_BAREM_PROVISIONAL_BAREM.pdf\">Llistat puntuaci\u00f3 provisional<\/a><\/p>\n<p>Informem que es poden fer reclamacions a la baremaci\u00f3 a partir del dia d\u2019avui, i fins el pr\u00f2xim 22 d\u2019Abril.<\/p>\n<p>Per consultar tota la informaci\u00f3 referent al proc\u00e9s de Preinscripci\u00f3 i Matr\u00edcula, us podeu adre\u00e7ar a la p\u00e0gina web del Consorci d\u2019Educaci\u00f3 de Barcelona.<\/p>\n<p><a href=\"https:\/\/www.edubcn.cat\/ca\/alumnat_i_familia\/informacio_general_matriculacio\/preinscripcio\">Calendari del proc\u00e9s de Preinscripci\u00f3<\/a><\/p>\n","protected":false},"excerpt":{"rendered":"<p>Benvolgudes fam\u00edlies,<br \/>\nEn el dia d\u2019avui s\u2019ha publicat la puntuaci\u00f3 provisional de les sol\u00b7licituds de preinscripci\u00f3 que han demanat el centre i l\u2019ensenyament en primera petici\u00f3.<br \/>\n<a href=\"https:\/\/agora.xtec.cat\/escolabaloo\/wp-content\/uploads\/usu902\/2024\/04\/INFORME_BAREM_PROVISIONAL_BAREM.pdf\">Llistat puntuaci\u00f3 provisional<\/a><br \/>\nInformem que es poden fer reclamacions a la baremaci\u00f3 a partir del dia d\u2019avui, i fins el pr\u00f2xim&hellip;  <a href=\"https:\/\/agora.xtec.cat\/escolabaloo\/publicacio-del-barem-provisional-sollicituds-de-preinscripcio-curs-2024-2025\/\" title=\"Read Publicaci\u00f3 del barem provisional sol\u00b7licituds de preinscripci\u00f3 Curs 2024-2025\">Llegeix m\u00e9s\u00bb<\/a><\/p>\n","protected":false},"author":1,"featured_media":0,"parent":0,"menu_order":0,"comment_status":"closed","ping_status":"closed","template":"","meta":{"_bbp_topic_count":0,"_bbp_reply_count":0,"_bbp_total_topic_count":0,"_bbp_total_reply_count":0,"_bbp_voice_count":0,"_bbp_anonymous_reply_count":0,"_bbp_topic_count_hidden":0,"_bbp_reply_count_hidden":0,"_bbp_forum_subforum_count":0,"footnotes":""},"class_list":["post-16765","page","type-page","status-publish","hentry"],"post_mailing_queue_ids":[],"_links":{"self":[{"href":"https:\/\/agora.xtec.cat\/escolabaloo\/wp-json\/wp\/v2\/pages\/16765","targetHints":{"allow":["GET"]}}],"collection":[{"href":"https:\/\/agora.xtec.cat\/escolabaloo\/wp-json\/wp\/v2\/pages"}],"about":[{"href":"https:\/\/agora.xtec.cat\/escolabaloo\/wp-json\/wp\/v2\/types\/page"}],"author":[{"embeddable":true,"href":"https:\/\/agora.xtec.cat\/escolabaloo\/wp-json\/wp\/v2\/users\/1"}],"replies":[{"embeddable":true,"href":"https:\/\/agora.xtec.cat\/escolabaloo\/wp-json\/wp\/v2\/comments?post=16765"}],"version-history":[{"count":1,"href":"https:\/\/agora.xtec.cat\/escolabaloo\/wp-json\/wp\/v2\/pages\/16765\/revisions"}],"predecessor-version":[{"id":16767,"href":"https:\/\/agora.xtec.cat\/escolabaloo\/wp-json\/wp\/v2\/pages\/16765\/revisions\/16767"}],"wp:attachment":[{"href":"https:\/\/agora.xtec.cat\/escolabaloo\/wp-json\/wp\/v2\/media?parent=16765"}],"curies":[{"name":"wp","href":"https:\/\/api.w.org\/{rel}","templated":true}]}}