{"id":16655,"date":"2024-04-02T14:19:15","date_gmt":"2024-04-02T12:19:15","guid":{"rendered":"https:\/\/agora.xtec.cat\/escolabaloo\/?page_id=16655"},"modified":"2024-07-09T14:11:38","modified_gmt":"2024-07-09T12:11:38","slug":"5e-grup-models-t3","status":"publish","type":"page","link":"https:\/\/agora.xtec.cat\/escolabaloo\/5e-grup-models-t3\/","title":{"rendered":"5\u00c8 GRUP Models (T3)"},"content":{"rendered":"<p><strong>L&#8217;ALBERT GUSI I LA CORRESPOND\u00c8NCIA AMB L&#8217;ESCOLA LAV\u00cdNIA<\/strong><\/p>\n<p>A finals del trimestre passat, el grup MODELS van rebre un missatge de l&#8217;Albert\u00a0<span class=\"hiddenSpellError\">Gusi<\/span>, un v\u00eddeo on ens mostrava que tenia part dels nostres artefactes de dibuix i de la correspond\u00e8ncia amb l&#8217;<a href=\"https:\/\/agora.xtec.cat\/ceiplavinia\/lescola\/que-fem\/ambit-artistic\/\">Escola Lav\u00ednia<\/a>, un treball que es va engegar el curs passat (<a href=\"https:\/\/agora.xtec.cat\/escolabaloo\/4t-grup-dels-guardians-sostenibles-2nt\/\">CONSTRU\u00cfM ARTEFACTES PER DIBUIXAR AMB EL BOSC)<\/a>.<\/p>\n<p>Es va mostrar molt interessat i ens va llen\u00e7ar una proposta:<\/p>\n<p><img loading=\"lazy\" decoding=\"async\" class=\"aligncenter size-full wp-image-17200\" src=\"https:\/\/agora.xtec.cat\/escolabaloo\/wp-content\/uploads\/usu902\/2024\/06\/Carta-gusi.jpg\" alt=\"\" width=\"940\" height=\"653\" srcset=\"https:\/\/agora.xtec.cat\/escolabaloo\/wp-content\/uploads\/usu902\/2024\/06\/Carta-gusi.jpg 940w, https:\/\/agora.xtec.cat\/escolabaloo\/wp-content\/uploads\/usu902\/2024\/06\/Carta-gusi-300x208.jpg 300w, https:\/\/agora.xtec.cat\/escolabaloo\/wp-content\/uploads\/usu902\/2024\/06\/Carta-gusi-768x534.jpg 768w\" sizes=\"auto, (max-width: 940px) 100vw, 940px\" \/><\/p>\n<p>Per\u00f2 qui \u00e9s l&#8217;<a href=\"https:\/\/albertgusi.com\">Albert <span class=\"hiddenSpellError\">Gusi<\/span><\/a>? El varem convidar i el dilluns 15 d&#8217;abril ens va presentar els seus projectes:<\/p>\n<p><img loading=\"lazy\" decoding=\"async\" class=\"aligncenter size-large wp-image-17176\" src=\"https:\/\/agora.xtec.cat\/escolabaloo\/wp-content\/uploads\/usu902\/2024\/06\/IMG_7474-1024x534.jpg\" alt=\"\" width=\"1024\" height=\"534\" srcset=\"https:\/\/agora.xtec.cat\/escolabaloo\/wp-content\/uploads\/usu902\/2024\/06\/IMG_7474-1024x534.jpg 1024w, https:\/\/agora.xtec.cat\/escolabaloo\/wp-content\/uploads\/usu902\/2024\/06\/IMG_7474-300x156.jpg 300w, https:\/\/agora.xtec.cat\/escolabaloo\/wp-content\/uploads\/usu902\/2024\/06\/IMG_7474-768x400.jpg 768w, https:\/\/agora.xtec.cat\/escolabaloo\/wp-content\/uploads\/usu902\/2024\/06\/IMG_7474.jpg 1134w\" sizes=\"auto, (max-width: 1024px) 100vw, 1024px\" \/><\/p>\n\n\t\t<style type=\"text\/css\">\n\t\t\t#gallery-1 {\n\t\t\t\tmargin: auto;\n\t\t\t}\n\t\t\t#gallery-1 .gallery-item {\n\t\t\t\tfloat: left;\n\t\t\t\tmargin-top: 10px;\n\t\t\t\ttext-align: center;\n\t\t\t\twidth: 33%;\n\t\t\t}\n\t\t\t#gallery-1 img {\n\t\t\t\tborder: 2px solid #cfcfcf;\n\t\t\t}\n\t\t\t#gallery-1 .gallery-caption {\n\t\t\t\tmargin-left: 0;\n\t\t\t}\n\t\t\t\/* see gallery_shortcode() in wp-includes\/media.php *\/\n\t\t<\/style>\n\t\t<div id='gallery-1' class='gallery galleryid-16655 gallery-columns-3 gallery-size-full'><dl class='gallery-item'>\n\t\t\t<dt class='gallery-icon portrait'>\n\t\t\t\t<a href='https:\/\/agora.xtec.cat\/escolabaloo\/5e-grup-models-t3\/attachment\/pilota_0003_fondo\/'><img loading=\"lazy\" decoding=\"async\" width=\"531\" height=\"709\" src=\"https:\/\/agora.xtec.cat\/escolabaloo\/wp-content\/uploads\/usu902\/2024\/06\/pilota_0003_Fondo.jpg\" class=\"attachment-full size-full\" alt=\"\" srcset=\"https:\/\/agora.xtec.cat\/escolabaloo\/wp-content\/uploads\/usu902\/2024\/06\/pilota_0003_Fondo.jpg 531w, https:\/\/agora.xtec.cat\/escolabaloo\/wp-content\/uploads\/usu902\/2024\/06\/pilota_0003_Fondo-225x300.jpg 225w\" sizes=\"auto, (max-width: 531px) 100vw, 531px\" \/><\/a>\n\t\t\t<\/dt><\/dl><dl class='gallery-item'>\n\t\t\t<dt class='gallery-icon portrait'>\n\t\t\t\t<a href='https:\/\/agora.xtec.cat\/escolabaloo\/5e-grup-models-t3\/attachment\/pilota_0002_capa-1\/'><img loading=\"lazy\" decoding=\"async\" width=\"531\" height=\"709\" src=\"https:\/\/agora.xtec.cat\/escolabaloo\/wp-content\/uploads\/usu902\/2024\/06\/pilota_0002_Capa-1.jpg\" class=\"attachment-full size-full\" alt=\"\" srcset=\"https:\/\/agora.xtec.cat\/escolabaloo\/wp-content\/uploads\/usu902\/2024\/06\/pilota_0002_Capa-1.jpg 531w, https:\/\/agora.xtec.cat\/escolabaloo\/wp-content\/uploads\/usu902\/2024\/06\/pilota_0002_Capa-1-225x300.jpg 225w\" sizes=\"auto, (max-width: 531px) 100vw, 531px\" \/><\/a>\n\t\t\t<\/dt><\/dl><dl class='gallery-item'>\n\t\t\t<dt class='gallery-icon portrait'>\n\t\t\t\t<a href='https:\/\/agora.xtec.cat\/escolabaloo\/5e-grup-models-t3\/attachment\/pilota_0001_capa-2\/'><img loading=\"lazy\" decoding=\"async\" width=\"531\" height=\"709\" src=\"https:\/\/agora.xtec.cat\/escolabaloo\/wp-content\/uploads\/usu902\/2024\/06\/pilota_0001_Capa-2.jpg\" class=\"attachment-full size-full\" alt=\"\" srcset=\"https:\/\/agora.xtec.cat\/escolabaloo\/wp-content\/uploads\/usu902\/2024\/06\/pilota_0001_Capa-2.jpg 531w, https:\/\/agora.xtec.cat\/escolabaloo\/wp-content\/uploads\/usu902\/2024\/06\/pilota_0001_Capa-2-225x300.jpg 225w\" sizes=\"auto, (max-width: 531px) 100vw, 531px\" \/><\/a>\n\t\t\t<\/dt><\/dl><br style=\"clear: both\" \/>\n\t\t<\/div>\n\n<p>A l&#8217;Albert li agrada donar visibilitat al territori, als nostres paisatges, vol que parem atenci\u00f3 m\u00e9s enll\u00e0 de la ciutat.\u00a0Aqu\u00ed teniu una de les seves accions, una idea prou divertida per treballar l&#8217;entorn, una manera diferent de mirar, observar i valorar el paisatge que tenim a casa nostra, un paisatge fr\u00e0gil i protegit com per exemple un volc\u00e0, el volc\u00e0 de <span class=\"hiddenSpellError\">Montsacopa<\/span>.<\/p>\n<p><iframe loading=\"lazy\" title=\"Primer intent d&#039;encraterar una pilota gegant al volc\u00e0 Montsacopa\" src=\"https:\/\/player.vimeo.com\/video\/134286599?dnt=1&amp;app_id=122963\" width=\"500\" height=\"281\" frameborder=\"0\" allow=\"autoplay; fullscreen; picture-in-picture; clipboard-write\"><\/iframe><\/p>\n<p>Tamb\u00e9 ens va mostrar altres projectes:<\/p>\n<ul style=\"list-style-type: circle;\">\n<li><a href=\"https:\/\/albertgusi.com\/portfolio\/un-nou-camp-a-sant-jaume-de-frontanya\/\">UN NOU CAMP A SANT JAUME DE FRONTANY\u00c0<\/a><\/li>\n<li><a href=\"https:\/\/albertgusi.com\/portfolio\/por-o-glaziar-de-laneto\/\">POR O GLAZIAR DE L\u2019ANETO<\/a><\/li>\n<li>\n<p class=\"page-heading font4bold black\"><a href=\"https:\/\/albertgusi.com\/portfolio\/simulacio-duna-fumarola-al-volca-montsacopa-dolot\/\">SIMULACI\u00d3 D\u2019UNA FUMAROLA AL VOLC\u00c0 MONTSACOPA D\u2019OLOT<\/a><\/p>\n<\/li>\n<\/ul>\n<p>La visita de l&#8217;Albert va acabar amb la proposta que ja ens havia fet en un inici, anar al carrer a pensar diferents maneres d&#8217;arribar a l&#8217;escola Lav\u00ednia. Ens va portar guixos de colors per dibuixar i escriure totes les idees a terra.<\/p>\n\n\t\t<style type=\"text\/css\">\n\t\t\t#gallery-2 {\n\t\t\t\tmargin: auto;\n\t\t\t}\n\t\t\t#gallery-2 .gallery-item {\n\t\t\t\tfloat: left;\n\t\t\t\tmargin-top: 10px;\n\t\t\t\ttext-align: center;\n\t\t\t\twidth: 50%;\n\t\t\t}\n\t\t\t#gallery-2 img {\n\t\t\t\tborder: 2px solid #cfcfcf;\n\t\t\t}\n\t\t\t#gallery-2 .gallery-caption {\n\t\t\t\tmargin-left: 0;\n\t\t\t}\n\t\t\t\/* see gallery_shortcode() in wp-includes\/media.php *\/\n\t\t<\/style>\n\t\t<div id='gallery-2' class='gallery galleryid-16655 gallery-columns-2 gallery-size-full'><dl class='gallery-item'>\n\t\t\t<dt class='gallery-icon landscape'>\n\t\t\t\t<a href='https:\/\/agora.xtec.cat\/escolabaloo\/5e-grup-models-t3\/attachment\/fotos-gusi-accio-e-baloo8\/'><img loading=\"lazy\" decoding=\"async\" width=\"1134\" height=\"850\" src=\"https:\/\/agora.xtec.cat\/escolabaloo\/wp-content\/uploads\/usu902\/2024\/06\/FOTOS-GUSI-ACCIO-E-BALOO8.jpg\" class=\"attachment-full size-full\" alt=\"\" srcset=\"https:\/\/agora.xtec.cat\/escolabaloo\/wp-content\/uploads\/usu902\/2024\/06\/FOTOS-GUSI-ACCIO-E-BALOO8.jpg 1134w, https:\/\/agora.xtec.cat\/escolabaloo\/wp-content\/uploads\/usu902\/2024\/06\/FOTOS-GUSI-ACCIO-E-BALOO8-300x225.jpg 300w, https:\/\/agora.xtec.cat\/escolabaloo\/wp-content\/uploads\/usu902\/2024\/06\/FOTOS-GUSI-ACCIO-E-BALOO8-1024x768.jpg 1024w, https:\/\/agora.xtec.cat\/escolabaloo\/wp-content\/uploads\/usu902\/2024\/06\/FOTOS-GUSI-ACCIO-E-BALOO8-768x576.jpg 768w, https:\/\/agora.xtec.cat\/escolabaloo\/wp-content\/uploads\/usu902\/2024\/06\/FOTOS-GUSI-ACCIO-E-BALOO8-200x150.jpg 200w\" sizes=\"auto, (max-width: 1134px) 100vw, 1134px\" \/><\/a>\n\t\t\t<\/dt><\/dl><dl class='gallery-item'>\n\t\t\t<dt class='gallery-icon landscape'>\n\t\t\t\t<a href='https:\/\/agora.xtec.cat\/escolabaloo\/5e-grup-models-t3\/attachment\/carrer-gusi_0003_capa-3\/'><img loading=\"lazy\" decoding=\"async\" width=\"709\" height=\"531\" src=\"https:\/\/agora.xtec.cat\/escolabaloo\/wp-content\/uploads\/usu902\/2024\/06\/carrer-Gusi_0003_Capa-3.jpg\" class=\"attachment-full size-full\" alt=\"\" srcset=\"https:\/\/agora.xtec.cat\/escolabaloo\/wp-content\/uploads\/usu902\/2024\/06\/carrer-Gusi_0003_Capa-3.jpg 709w, https:\/\/agora.xtec.cat\/escolabaloo\/wp-content\/uploads\/usu902\/2024\/06\/carrer-Gusi_0003_Capa-3-300x225.jpg 300w, https:\/\/agora.xtec.cat\/escolabaloo\/wp-content\/uploads\/usu902\/2024\/06\/carrer-Gusi_0003_Capa-3-200x150.jpg 200w\" sizes=\"auto, (max-width: 709px) 100vw, 709px\" \/><\/a>\n\t\t\t<\/dt><\/dl><br style=\"clear: both\" \/>\n\t\t<\/div>\n\n\n\t\t<style type=\"text\/css\">\n\t\t\t#gallery-3 {\n\t\t\t\tmargin: auto;\n\t\t\t}\n\t\t\t#gallery-3 .gallery-item {\n\t\t\t\tfloat: left;\n\t\t\t\tmargin-top: 10px;\n\t\t\t\ttext-align: center;\n\t\t\t\twidth: 25%;\n\t\t\t}\n\t\t\t#gallery-3 img {\n\t\t\t\tborder: 2px solid #cfcfcf;\n\t\t\t}\n\t\t\t#gallery-3 .gallery-caption {\n\t\t\t\tmargin-left: 0;\n\t\t\t}\n\t\t\t\/* see gallery_shortcode() in wp-includes\/media.php *\/\n\t\t<\/style>\n\t\t<div id='gallery-3' class='gallery galleryid-16655 gallery-columns-4 gallery-size-full'><dl class='gallery-item'>\n\t\t\t<dt class='gallery-icon landscape'>\n\t\t\t\t<a href='https:\/\/agora.xtec.cat\/escolabaloo\/5e-grup-models-t3\/attachment\/carrer-gusi_0005_capa-1\/'><img loading=\"lazy\" decoding=\"async\" width=\"709\" height=\"531\" src=\"https:\/\/agora.xtec.cat\/escolabaloo\/wp-content\/uploads\/usu902\/2024\/06\/carrer-Gusi_0005_Capa-1.jpg\" class=\"attachment-full size-full\" alt=\"\" srcset=\"https:\/\/agora.xtec.cat\/escolabaloo\/wp-content\/uploads\/usu902\/2024\/06\/carrer-Gusi_0005_Capa-1.jpg 709w, https:\/\/agora.xtec.cat\/escolabaloo\/wp-content\/uploads\/usu902\/2024\/06\/carrer-Gusi_0005_Capa-1-300x225.jpg 300w, https:\/\/agora.xtec.cat\/escolabaloo\/wp-content\/uploads\/usu902\/2024\/06\/carrer-Gusi_0005_Capa-1-200x150.jpg 200w\" sizes=\"auto, (max-width: 709px) 100vw, 709px\" \/><\/a>\n\t\t\t<\/dt><\/dl><dl class='gallery-item'>\n\t\t\t<dt class='gallery-icon landscape'>\n\t\t\t\t<a href='https:\/\/agora.xtec.cat\/escolabaloo\/5e-grup-models-t3\/attachment\/carrer-gusi_0006_capa-0\/'><img loading=\"lazy\" decoding=\"async\" width=\"709\" height=\"531\" src=\"https:\/\/agora.xtec.cat\/escolabaloo\/wp-content\/uploads\/usu902\/2024\/06\/carrer-Gusi_0006_Capa-0.jpg\" class=\"attachment-full size-full\" alt=\"\" srcset=\"https:\/\/agora.xtec.cat\/escolabaloo\/wp-content\/uploads\/usu902\/2024\/06\/carrer-Gusi_0006_Capa-0.jpg 709w, https:\/\/agora.xtec.cat\/escolabaloo\/wp-content\/uploads\/usu902\/2024\/06\/carrer-Gusi_0006_Capa-0-300x225.jpg 300w, https:\/\/agora.xtec.cat\/escolabaloo\/wp-content\/uploads\/usu902\/2024\/06\/carrer-Gusi_0006_Capa-0-200x150.jpg 200w\" sizes=\"auto, (max-width: 709px) 100vw, 709px\" \/><\/a>\n\t\t\t<\/dt><\/dl><dl class='gallery-item'>\n\t\t\t<dt class='gallery-icon landscape'>\n\t\t\t\t<a href='https:\/\/agora.xtec.cat\/escolabaloo\/5e-grup-models-t3\/attachment\/carrer-gusi_0002_capa-4\/'><img loading=\"lazy\" decoding=\"async\" width=\"709\" height=\"531\" src=\"https:\/\/agora.xtec.cat\/escolabaloo\/wp-content\/uploads\/usu902\/2024\/06\/carrer-Gusi_0002_Capa-4.jpg\" class=\"attachment-full size-full\" alt=\"\" srcset=\"https:\/\/agora.xtec.cat\/escolabaloo\/wp-content\/uploads\/usu902\/2024\/06\/carrer-Gusi_0002_Capa-4.jpg 709w, https:\/\/agora.xtec.cat\/escolabaloo\/wp-content\/uploads\/usu902\/2024\/06\/carrer-Gusi_0002_Capa-4-300x225.jpg 300w, https:\/\/agora.xtec.cat\/escolabaloo\/wp-content\/uploads\/usu902\/2024\/06\/carrer-Gusi_0002_Capa-4-200x150.jpg 200w\" sizes=\"auto, (max-width: 709px) 100vw, 709px\" \/><\/a>\n\t\t\t<\/dt><\/dl><dl class='gallery-item'>\n\t\t\t<dt class='gallery-icon landscape'>\n\t\t\t\t<a href='https:\/\/agora.xtec.cat\/escolabaloo\/5e-grup-models-t3\/attachment\/carrer-gusi_0004_capa-2\/'><img loading=\"lazy\" decoding=\"async\" width=\"709\" height=\"531\" src=\"https:\/\/agora.xtec.cat\/escolabaloo\/wp-content\/uploads\/usu902\/2024\/06\/carrer-Gusi_0004_Capa-2.jpg\" class=\"attachment-full size-full\" alt=\"\" srcset=\"https:\/\/agora.xtec.cat\/escolabaloo\/wp-content\/uploads\/usu902\/2024\/06\/carrer-Gusi_0004_Capa-2.jpg 709w, https:\/\/agora.xtec.cat\/escolabaloo\/wp-content\/uploads\/usu902\/2024\/06\/carrer-Gusi_0004_Capa-2-300x225.jpg 300w, https:\/\/agora.xtec.cat\/escolabaloo\/wp-content\/uploads\/usu902\/2024\/06\/carrer-Gusi_0004_Capa-2-200x150.jpg 200w\" sizes=\"auto, (max-width: 709px) 100vw, 709px\" \/><\/a>\n\t\t\t<\/dt><\/dl><br style=\"clear: both\" \/>\n\t\t<\/div>\n\n<p><img loading=\"lazy\" decoding=\"async\" class=\"aligncenter size-large wp-image-17196\" src=\"https:\/\/agora.xtec.cat\/escolabaloo\/wp-content\/uploads\/usu902\/2024\/06\/IMG_7508-989x1024.jpg\" alt=\"\" width=\"989\" height=\"1024\" srcset=\"https:\/\/agora.xtec.cat\/escolabaloo\/wp-content\/uploads\/usu902\/2024\/06\/IMG_7508-989x1024.jpg 989w, https:\/\/agora.xtec.cat\/escolabaloo\/wp-content\/uploads\/usu902\/2024\/06\/IMG_7508-290x300.jpg 290w, https:\/\/agora.xtec.cat\/escolabaloo\/wp-content\/uploads\/usu902\/2024\/06\/IMG_7508-768x795.jpg 768w, https:\/\/agora.xtec.cat\/escolabaloo\/wp-content\/uploads\/usu902\/2024\/06\/IMG_7508.jpg 1134w\" sizes=\"auto, (max-width: 989px) 100vw, 989px\" \/><\/p>\n<p>L&#8217;Albert tamb\u00e9 ens proposava que inventessim rutes que no havien de portar-nos a cap lloc concret, o s\u00ed! Utilitzar l&#8217;espai p\u00fablic, deixar senyals al carrer per arribar a indrets que ens agradaria mostrar als grups de l&#8217;Escola Lav\u00ednia. Per continuar el repte, primer vam fer un llistat de llocs propers a l&#8217;escola que ens agradaria treballar, punts del mapa que ens interessaven:<\/p>\n<ul>\n<li><em>El Pla de Montbau, l&#8217;Escola els Pins, el mirador del Carmel, el Restaurant <span class=\"hiddenSpellError\">Ginest\u00e0<\/span>, el Parc G\u00fcell, el Laberint d&#8217;Horta, el Parc de les Heures, l&#8217;escultura dels llumins de l&#8217;Oldenburg, la pla\u00e7a de Montbau, les casetes del Carles Soler del carrer Vayreda, la Casa Groga, el Supermercat Desi, el fabul\u00f3s <span class=\"hiddenSpellError\">Donner<\/span> pla\u00e7a Montbau, el Parc de les Fonts, l&#8217;antic camp de Penitents (Sant Gen\u00eds), la Pastisseria <span class=\"hiddenSpellError\">Arregui<\/span>, i el parc del passeig de la Vall d&#8217;Hebron.<\/em><\/li>\n<\/ul>\n<p>Varem buscar i dibuixar els recorreguts per arribar a alguns dels indrets amb els mapes online.<\/p>\n<p><img loading=\"lazy\" decoding=\"async\" class=\"aligncenter wp-image-17202 size-full\" src=\"https:\/\/agora.xtec.cat\/escolabaloo\/wp-content\/uploads\/usu902\/2024\/06\/Captura-de-Pantalla-2024-06-02-a-las-11.35.27.png\" alt=\"\" width=\"755\" height=\"558\" srcset=\"https:\/\/agora.xtec.cat\/escolabaloo\/wp-content\/uploads\/usu902\/2024\/06\/Captura-de-Pantalla-2024-06-02-a-las-11.35.27.png 755w, https:\/\/agora.xtec.cat\/escolabaloo\/wp-content\/uploads\/usu902\/2024\/06\/Captura-de-Pantalla-2024-06-02-a-las-11.35.27-300x222.png 300w\" sizes=\"auto, (max-width: 755px) 100vw, 755px\" \/><\/p>\n<p>La Laia, el Jord\u00e0 i l&#8217;Ona van buscar un recorregut per endinsar-se cap a Collserola, un cam\u00ed que estaria marcat amb p\u00f2sters de gossos. En Jord\u00e0 ens va dir que hi ha massa gent que va a Collserola a abandonar els gossos i aix\u00f2 no pot ser!<\/p>\n<p><img loading=\"lazy\" decoding=\"async\" class=\"aligncenter wp-image-17226 size-large\" src=\"https:\/\/agora.xtec.cat\/escolabaloo\/wp-content\/uploads\/usu902\/2024\/07\/PER-ENVIAR-A-LAVINIA-1024x841.jpg\" alt=\"\" width=\"1024\" height=\"841\" srcset=\"https:\/\/agora.xtec.cat\/escolabaloo\/wp-content\/uploads\/usu902\/2024\/07\/PER-ENVIAR-A-LAVINIA-1024x841.jpg 1024w, https:\/\/agora.xtec.cat\/escolabaloo\/wp-content\/uploads\/usu902\/2024\/07\/PER-ENVIAR-A-LAVINIA-300x246.jpg 300w, https:\/\/agora.xtec.cat\/escolabaloo\/wp-content\/uploads\/usu902\/2024\/07\/PER-ENVIAR-A-LAVINIA-768x631.jpg 768w, https:\/\/agora.xtec.cat\/escolabaloo\/wp-content\/uploads\/usu902\/2024\/07\/PER-ENVIAR-A-LAVINIA.jpg 1134w\" sizes=\"auto, (max-width: 1024px) 100vw, 1024px\" \/><\/p>\n<p>Per\u00f2 necessit\u00e0vem fer algun objecte amb les mans, alguna cosa que pogu\u00e9s deixar un rastre per indicar camins o altres propostes, com ara camins de vida. Vam fer segells!<\/p>\n\n\t\t<style type=\"text\/css\">\n\t\t\t#gallery-4 {\n\t\t\t\tmargin: auto;\n\t\t\t}\n\t\t\t#gallery-4 .gallery-item {\n\t\t\t\tfloat: left;\n\t\t\t\tmargin-top: 10px;\n\t\t\t\ttext-align: center;\n\t\t\t\twidth: 33%;\n\t\t\t}\n\t\t\t#gallery-4 img {\n\t\t\t\tborder: 2px solid #cfcfcf;\n\t\t\t}\n\t\t\t#gallery-4 .gallery-caption {\n\t\t\t\tmargin-left: 0;\n\t\t\t}\n\t\t\t\/* see gallery_shortcode() in wp-includes\/media.php *\/\n\t\t<\/style>\n\t\t<div id='gallery-4' class='gallery galleryid-16655 gallery-columns-3 gallery-size-full'><dl class='gallery-item'>\n\t\t\t<dt class='gallery-icon portrait'>\n\t\t\t\t<a href='https:\/\/agora.xtec.cat\/escolabaloo\/5e-grup-models-t3\/attachment\/segells_0005_capa-1\/'><img loading=\"lazy\" decoding=\"async\" width=\"532\" height=\"709\" src=\"https:\/\/agora.xtec.cat\/escolabaloo\/wp-content\/uploads\/usu902\/2024\/06\/segells_0005_Capa-1.jpg\" class=\"attachment-full size-full\" alt=\"\" srcset=\"https:\/\/agora.xtec.cat\/escolabaloo\/wp-content\/uploads\/usu902\/2024\/06\/segells_0005_Capa-1.jpg 532w, https:\/\/agora.xtec.cat\/escolabaloo\/wp-content\/uploads\/usu902\/2024\/06\/segells_0005_Capa-1-225x300.jpg 225w\" sizes=\"auto, (max-width: 532px) 100vw, 532px\" \/><\/a>\n\t\t\t<\/dt><\/dl><dl class='gallery-item'>\n\t\t\t<dt class='gallery-icon portrait'>\n\t\t\t\t<a href='https:\/\/agora.xtec.cat\/escolabaloo\/5e-grup-models-t3\/attachment\/segells_0004_capa-2\/'><img loading=\"lazy\" decoding=\"async\" width=\"532\" height=\"709\" src=\"https:\/\/agora.xtec.cat\/escolabaloo\/wp-content\/uploads\/usu902\/2024\/06\/segells_0004_Capa-2.jpg\" class=\"attachment-full size-full\" alt=\"\" srcset=\"https:\/\/agora.xtec.cat\/escolabaloo\/wp-content\/uploads\/usu902\/2024\/06\/segells_0004_Capa-2.jpg 532w, https:\/\/agora.xtec.cat\/escolabaloo\/wp-content\/uploads\/usu902\/2024\/06\/segells_0004_Capa-2-225x300.jpg 225w\" sizes=\"auto, (max-width: 532px) 100vw, 532px\" \/><\/a>\n\t\t\t<\/dt><\/dl><dl class='gallery-item'>\n\t\t\t<dt class='gallery-icon portrait'>\n\t\t\t\t<a href='https:\/\/agora.xtec.cat\/escolabaloo\/5e-grup-models-t3\/attachment\/segells_0006_capa-0\/'><img loading=\"lazy\" decoding=\"async\" width=\"532\" height=\"709\" src=\"https:\/\/agora.xtec.cat\/escolabaloo\/wp-content\/uploads\/usu902\/2024\/06\/segells_0006_Capa-0.jpg\" class=\"attachment-full size-full\" alt=\"\" srcset=\"https:\/\/agora.xtec.cat\/escolabaloo\/wp-content\/uploads\/usu902\/2024\/06\/segells_0006_Capa-0.jpg 532w, https:\/\/agora.xtec.cat\/escolabaloo\/wp-content\/uploads\/usu902\/2024\/06\/segells_0006_Capa-0-225x300.jpg 225w\" sizes=\"auto, (max-width: 532px) 100vw, 532px\" \/><\/a>\n\t\t\t<\/dt><\/dl><br style=\"clear: both\" \/>\n\t\t<\/div>\n\n<p><img loading=\"lazy\" decoding=\"async\" class=\"aligncenter size-full wp-image-17228\" src=\"https:\/\/agora.xtec.cat\/escolabaloo\/wp-content\/uploads\/usu902\/2024\/07\/PER-ENVIAR-A-LAVINIA2.jpg\" alt=\"\" width=\"881\" height=\"700\" srcset=\"https:\/\/agora.xtec.cat\/escolabaloo\/wp-content\/uploads\/usu902\/2024\/07\/PER-ENVIAR-A-LAVINIA2.jpg 881w, https:\/\/agora.xtec.cat\/escolabaloo\/wp-content\/uploads\/usu902\/2024\/07\/PER-ENVIAR-A-LAVINIA2-300x238.jpg 300w, https:\/\/agora.xtec.cat\/escolabaloo\/wp-content\/uploads\/usu902\/2024\/07\/PER-ENVIAR-A-LAVINIA2-768x610.jpg 768w\" sizes=\"auto, (max-width: 881px) 100vw, 881px\" \/><\/p>\n<p>DIMECRES 12 DE JUNY DE 2024<\/p>\n<figure class=\"figure wp-caption aligncenter\"><img loading=\"lazy\" decoding=\"async\" class=\"wp-image-17227 size-large\" src=\"https:\/\/agora.xtec.cat\/escolabaloo\/wp-content\/uploads\/usu902\/2024\/07\/TROBADA-1024x367.jpg\" alt=\"\" width=\"1024\" height=\"367\" srcset=\"https:\/\/agora.xtec.cat\/escolabaloo\/wp-content\/uploads\/usu902\/2024\/07\/TROBADA-1024x367.jpg 1024w, https:\/\/agora.xtec.cat\/escolabaloo\/wp-content\/uploads\/usu902\/2024\/07\/TROBADA-300x107.jpg 300w, https:\/\/agora.xtec.cat\/escolabaloo\/wp-content\/uploads\/usu902\/2024\/07\/TROBADA-768x275.jpg 768w, https:\/\/agora.xtec.cat\/escolabaloo\/wp-content\/uploads\/usu902\/2024\/07\/TROBADA.jpg 1134w\" sizes=\"auto, (max-width: 1024px) 100vw, 1024px\" \/><figcaption class=\"wp-caption-text\">Reunits a l&#8217;Espai Putxet<\/figcaption><\/figure>\n<p><img loading=\"lazy\" decoding=\"async\" class=\"aligncenter size-large wp-image-17229\" src=\"https:\/\/agora.xtec.cat\/escolabaloo\/wp-content\/uploads\/usu902\/2024\/07\/DOCUMENTACIO-5e-T3-tr-4-920x1024.jpg\" alt=\"\" width=\"920\" height=\"1024\" srcset=\"https:\/\/agora.xtec.cat\/escolabaloo\/wp-content\/uploads\/usu902\/2024\/07\/DOCUMENTACIO-5e-T3-tr-4-920x1024.jpg 920w, https:\/\/agora.xtec.cat\/escolabaloo\/wp-content\/uploads\/usu902\/2024\/07\/DOCUMENTACIO-5e-T3-tr-4-270x300.jpg 270w, https:\/\/agora.xtec.cat\/escolabaloo\/wp-content\/uploads\/usu902\/2024\/07\/DOCUMENTACIO-5e-T3-tr-4-768x855.jpg 768w, https:\/\/agora.xtec.cat\/escolabaloo\/wp-content\/uploads\/usu902\/2024\/07\/DOCUMENTACIO-5e-T3-tr-4.jpg 1134w\" sizes=\"auto, (max-width: 920px) 100vw, 920px\" \/><\/p>\n<p>Una abra\u00e7ada gran a la gent de l&#8217;<a href=\"https:\/\/www.espaiputget.com\/el-centre\/\">Espai Putxet<\/a> per acollir-nos a \u00faltima hora, molt amables i facilitadors! Tornarem!<\/p>\n<p>&nbsp;<\/p>\n","protected":false},"excerpt":{"rendered":"<p>L&#8217;ALBERT GUSI I LA CORRESPOND\u00c8NCIA AMB L&#8217;ESCOLA LAV\u00cdNIA<br \/>\nA finals del trimestre passat, el grup MODELS van rebre un missatge de l&#8217;Albert\u00a0Gusi, un v\u00eddeo on ens mostrava que tenia part dels nostres artefactes de dibuix i de la correspond\u00e8ncia amb l&#8217;<a href=\"https:\/\/agora.xtec.cat\/ceiplavinia\/lescola\/que-fem\/ambit-artistic\/\">Escola Lav\u00ednia<\/a>, un treball que&hellip;  <a href=\"https:\/\/agora.xtec.cat\/escolabaloo\/5e-grup-models-t3\/\" title=\"Read 5\u00c8 GRUP Models (T3)\">Llegeix m\u00e9s\u00bb<\/a><\/p>\n","protected":false},"author":1,"featured_media":0,"parent":0,"menu_order":0,"comment_status":"closed","ping_status":"closed","template":"","meta":{"_bbp_topic_count":0,"_bbp_reply_count":0,"_bbp_total_topic_count":0,"_bbp_total_reply_count":0,"_bbp_voice_count":0,"_bbp_anonymous_reply_count":0,"_bbp_topic_count_hidden":0,"_bbp_reply_count_hidden":0,"_bbp_forum_subforum_count":0,"footnotes":""},"class_list":["post-16655","page","type-page","status-publish","hentry"],"post_mailing_queue_ids":[],"_links":{"self":[{"href":"https:\/\/agora.xtec.cat\/escolabaloo\/wp-json\/wp\/v2\/pages\/16655","targetHints":{"allow":["GET"]}}],"collection":[{"href":"https:\/\/agora.xtec.cat\/escolabaloo\/wp-json\/wp\/v2\/pages"}],"about":[{"href":"https:\/\/agora.xtec.cat\/escolabaloo\/wp-json\/wp\/v2\/types\/page"}],"author":[{"embeddable":true,"href":"https:\/\/agora.xtec.cat\/escolabaloo\/wp-json\/wp\/v2\/users\/1"}],"replies":[{"embeddable":true,"href":"https:\/\/agora.xtec.cat\/escolabaloo\/wp-json\/wp\/v2\/comments?post=16655"}],"version-history":[{"count":6,"href":"https:\/\/agora.xtec.cat\/escolabaloo\/wp-json\/wp\/v2\/pages\/16655\/revisions"}],"predecessor-version":[{"id":17179,"href":"https:\/\/agora.xtec.cat\/escolabaloo\/wp-json\/wp\/v2\/pages\/16655\/revisions\/17179"}],"wp:attachment":[{"href":"https:\/\/agora.xtec.cat\/escolabaloo\/wp-json\/wp\/v2\/media?parent=16655"}],"curies":[{"name":"wp","href":"https:\/\/api.w.org\/{rel}","templated":true}]}}