{"id":712,"date":"2018-02-26T19:28:18","date_gmt":"2018-02-26T18:28:18","guid":{"rendered":"http:\/\/agora.xtec.cat\/escolabadalonaport\/?page_id=712"},"modified":"2025-04-04T13:14:34","modified_gmt":"2025-04-04T11:14:34","slug":"congres-de-les-ciencies","status":"publish","type":"page","link":"https:\/\/agora.xtec.cat\/escolabadalonaport\/projecte-educatiu\/congres-de-les-ciencies\/","title":{"rendered":"Congr\u00e9s de la Ci\u00e8ncia"},"content":{"rendered":"<p>El\u00a0Congr\u00e9s de Ci\u00e8ncia\u00a0vol potenciar i difondre el treball que es duu\u00a0a terme a les escoles en \u00a0l\u2019\u00e0mbit de l\u2019observaci\u00f3, la \u00a0recerca i l\u2019experimentaci\u00f3, especialment en l\u2019\u00e0rea de coneixement \u00a0del medi natural i social.<\/p>\n<p>Les pon\u00e8ncies presenten treballs d\u2019indagaci\u00f3 cient\u00edfica escolar en diferents \u00e0mbits de les \u00a0ci\u00e8ncies experimentals. Els nens i les nenes esdevenen els veritables protagonistes del Congr\u00e9s \u00a0actuant com a ponens encarregats de compartir les seves viv\u00e8ncies i aprenentatges amb el \u00a0p\u00fablic assistent.<\/p>\n<p><a href=\"https:\/\/agora.xtec.cat\/escolabadalonaport\/wp-content\/uploads\/usu1791\/2019\/05\/fe394b2b-496f-4a62-9d52-0eb54472a547.jpg\"><img loading=\"lazy\" decoding=\"async\" class=\"alignnone wp-image-4823 aligncenter\" src=\"https:\/\/agora.xtec.cat\/escolabadalonaport\/wp-content\/uploads\/usu1791\/2019\/05\/fe394b2b-496f-4a62-9d52-0eb54472a547-300x169.jpg\" alt=\"\" width=\"520\" height=\"293\" srcset=\"https:\/\/agora.xtec.cat\/escolabadalonaport\/wp-content\/uploads\/usu1791\/2019\/05\/fe394b2b-496f-4a62-9d52-0eb54472a547-300x169.jpg 300w, https:\/\/agora.xtec.cat\/escolabadalonaport\/wp-content\/uploads\/usu1791\/2019\/05\/fe394b2b-496f-4a62-9d52-0eb54472a547-768x432.jpg 768w, https:\/\/agora.xtec.cat\/escolabadalonaport\/wp-content\/uploads\/usu1791\/2019\/05\/fe394b2b-496f-4a62-9d52-0eb54472a547-1024x576.jpg 1024w, https:\/\/agora.xtec.cat\/escolabadalonaport\/wp-content\/uploads\/usu1791\/2019\/05\/fe394b2b-496f-4a62-9d52-0eb54472a547.jpg 1600w\" sizes=\"auto, (max-width: 520px) 100vw, 520px\" \/><\/a><\/p>\n","protected":false},"excerpt":{"rendered":"<p>El\u00a0Congr\u00e9s de Ci\u00e8ncia\u00a0vol potenciar i difondre el treball que es duu\u00a0a terme a les escoles en \u00a0l\u2019\u00e0mbit de l\u2019observaci\u00f3, la \u00a0recerca i l\u2019experimentaci\u00f3, especialment en l\u2019\u00e0rea de coneixement \u00a0del medi natural i social. Les pon\u00e8ncies presenten treballs d\u2019indagaci\u00f3 cient\u00edfica escolar en diferents \u00e0mbits de les \u00a0ci\u00e8ncies experimentals. Els nens i les nenes esdevenen els veritables [&hellip;]<\/p>\n","protected":false},"author":1,"featured_media":0,"parent":64,"menu_order":0,"comment_status":"closed","ping_status":"closed","template":"","meta":{"_bbp_topic_count":0,"_bbp_reply_count":0,"_bbp_total_topic_count":0,"_bbp_total_reply_count":0,"_bbp_voice_count":0,"_bbp_anonymous_reply_count":0,"_bbp_topic_count_hidden":0,"_bbp_reply_count_hidden":0,"_bbp_forum_subforum_count":0,"site-sidebar-layout":"default","site-content-layout":"","ast-site-content-layout":"default","site-content-style":"default","site-sidebar-style":"default","ast-global-header-display":"","ast-banner-title-visibility":"","ast-main-header-display":"","ast-hfb-above-header-display":"","ast-hfb-below-header-display":"","ast-hfb-mobile-header-display":"","site-post-title":"","ast-breadcrumbs-content":"","ast-featured-img":"","footer-sml-layout":"","theme-transparent-header-meta":"default","adv-header-id-meta":"","stick-header-meta":"","header-above-stick-meta":"","header-main-stick-meta":"","header-below-stick-meta":"","astra-migrate-meta-layouts":"set","ast-page-background-enabled":"default","ast-page-background-meta":{"desktop":{"background-color":"var(--ast-global-color-4)","background-image":"","background-repeat":"repeat","background-position":"center center","background-size":"auto","background-attachment":"scroll","background-type":"","background-media":"","overlay-type":"","overlay-color":"","overlay-opacity":"","overlay-gradient":""},"tablet":{"background-color":"","background-image":"","background-repeat":"repeat","background-position":"center center","background-size":"auto","background-attachment":"scroll","background-type":"","background-media":"","overlay-type":"","overlay-color":"","overlay-opacity":"","overlay-gradient":""},"mobile":{"background-color":"","background-image":"","background-repeat":"repeat","background-position":"center center","background-size":"auto","background-attachment":"scroll","background-type":"","background-media":"","overlay-type":"","overlay-color":"","overlay-opacity":"","overlay-gradient":""}},"ast-content-background-meta":{"desktop":{"background-color":"var(--ast-global-color-5)","background-image":"","background-repeat":"repeat","background-position":"center center","background-size":"auto","background-attachment":"scroll","background-type":"","background-media":"","overlay-type":"","overlay-color":"","overlay-opacity":"","overlay-gradient":""},"tablet":{"background-color":"var(--ast-global-color-5)","background-image":"","background-repeat":"repeat","background-position":"center center","background-size":"auto","background-attachment":"scroll","background-type":"","background-media":"","overlay-type":"","overlay-color":"","overlay-opacity":"","overlay-gradient":""},"mobile":{"background-color":"var(--ast-global-color-5)","background-image":"","background-repeat":"repeat","background-position":"center center","background-size":"auto","background-attachment":"scroll","background-type":"","background-media":"","overlay-type":"","overlay-color":"","overlay-opacity":"","overlay-gradient":""}},"footnotes":""},"class_list":["post-712","page","type-page","status-publish","hentry"],"post_mailing_queue_ids":[],"_links":{"self":[{"href":"https:\/\/agora.xtec.cat\/escolabadalonaport\/wp-json\/wp\/v2\/pages\/712","targetHints":{"allow":["GET"]}}],"collection":[{"href":"https:\/\/agora.xtec.cat\/escolabadalonaport\/wp-json\/wp\/v2\/pages"}],"about":[{"href":"https:\/\/agora.xtec.cat\/escolabadalonaport\/wp-json\/wp\/v2\/types\/page"}],"author":[{"embeddable":true,"href":"https:\/\/agora.xtec.cat\/escolabadalonaport\/wp-json\/wp\/v2\/users\/1"}],"replies":[{"embeddable":true,"href":"https:\/\/agora.xtec.cat\/escolabadalonaport\/wp-json\/wp\/v2\/comments?post=712"}],"version-history":[{"count":3,"href":"https:\/\/agora.xtec.cat\/escolabadalonaport\/wp-json\/wp\/v2\/pages\/712\/revisions"}],"predecessor-version":[{"id":8198,"href":"https:\/\/agora.xtec.cat\/escolabadalonaport\/wp-json\/wp\/v2\/pages\/712\/revisions\/8198"}],"up":[{"embeddable":true,"href":"https:\/\/agora.xtec.cat\/escolabadalonaport\/wp-json\/wp\/v2\/pages\/64"}],"wp:attachment":[{"href":"https:\/\/agora.xtec.cat\/escolabadalonaport\/wp-json\/wp\/v2\/media?parent=712"}],"curies":[{"name":"wp","href":"https:\/\/api.w.org\/{rel}","templated":true}]}}