{"id":36,"date":"2014-09-18T12:33:11","date_gmt":"2014-09-18T11:33:11","guid":{"rendered":"http:\/\/agora.xtec.cat\/escolabadalonaport\/?page_id=36"},"modified":"2025-09-04T12:00:25","modified_gmt":"2025-09-04T10:00:25","slug":"material-escolar","status":"publish","type":"page","link":"https:\/\/agora.xtec.cat\/escolabadalonaport\/lescola\/material-escolar\/","title":{"rendered":"Organigrama"},"content":{"rendered":"<p>I3: Olga Llorens. \u00a0 TEEI: Eva Maria Le\u00f3n<\/p>\n<p>I4: N\u00faria Andreo.<\/p>\n<p>I5: Cristina Barrag\u00e1n.<\/p>\n<p>Refor\u00e7 a Educaci\u00f3 Infantil i angl\u00e8s: Sandra Soto\/Montse Gilabert<\/p>\n<p>1r: Rita Costa<\/p>\n<p>2n: S\u00edlvia Fern\u00e0ndez i Laura Plans.<\/p>\n<p>Refor\u00e7 i mestra d&#8217;educaci\u00f3 especial: Loli Criado.<\/p>\n<p>3r: Sonsoles Pel\u00e1ez.<\/p>\n<p>4t:\u00a0 Lula Cordero\/Aida Duran<\/p>\n<p>Refor\u00e7 CM: Bego\u00f1a Sala<\/p>\n<p>M\u00fasica:\u00a0 Pol Maestro<\/p>\n<p>5\u00e8: Edurne \u00c1lvarez\/Alba Jalencas<\/p>\n<p>6\u00e8: Bel\u00e9n Donato.<\/p>\n<p>Aula d&#8217;acollida: Judit Ayll\u00f3n.<\/p>\n<p>Angl\u00e8s a Educaci\u00f3 Prim\u00e0ria: Laia Bargall\u00f3.<\/p>\n<p>Educaci\u00f3 F\u00edsica: Laura Plans.<\/p>\n<p>Secret\u00e0ria: Sandra Soto.<\/p>\n<p>Cap d&#8217;Estudis i MALL (mestra d&#8217;Audici\u00f3 i Llenguatge): Montse Gilabert.<\/p>\n<p>Directora (mestra escacs a Prim\u00e0ria): Lurdes Fern\u00e0ndez.<\/p>\n<p>Oficial d&#8217;Oficis: Herm\u00ednia Mu\u00f1oz.<\/p>\n<p>Administrativa: Laura Sanquirgo.<\/p>\n<p>Acollida: AFA.<\/p>\n<p>Monitores menjador: Iolanda Casas (coordinadora), Judith Balsa (vetlladora), Yolanda Canonge\u00a0 i Lydia Zapata (vetlladora).<\/p>\n<p>Psicopedagoga EAP: sense assignaci\u00f3<\/p>\n","protected":false},"excerpt":{"rendered":"<p>I3: Olga Llorens. \u00a0 TEEI: Eva Maria Le\u00f3n I4: N\u00faria Andreo. I5: Cristina Barrag\u00e1n. Refor\u00e7 a Educaci\u00f3 Infantil i angl\u00e8s: Sandra Soto\/Montse Gilabert 1r: Rita Costa 2n: S\u00edlvia Fern\u00e0ndez i Laura Plans. Refor\u00e7 i mestra d&#8217;educaci\u00f3 especial: Loli Criado. 3r: Sonsoles Pel\u00e1ez. 4t:\u00a0 Lula Cordero\/Aida Duran Refor\u00e7 CM: Bego\u00f1a Sala M\u00fasica:\u00a0 Pol Maestro 5\u00e8: Edurne [&hellip;]<\/p>\n","protected":false},"author":1,"featured_media":0,"parent":22,"menu_order":70,"comment_status":"closed","ping_status":"closed","template":"","meta":{"_bbp_topic_count":0,"_bbp_reply_count":0,"_bbp_total_topic_count":0,"_bbp_total_reply_count":0,"_bbp_voice_count":0,"_bbp_anonymous_reply_count":0,"_bbp_topic_count_hidden":0,"_bbp_reply_count_hidden":0,"_bbp_forum_subforum_count":0,"site-sidebar-layout":"default","site-content-layout":"","ast-site-content-layout":"default","site-content-style":"default","site-sidebar-style":"default","ast-global-header-display":"","ast-banner-title-visibility":"","ast-main-header-display":"","ast-hfb-above-header-display":"","ast-hfb-below-header-display":"","ast-hfb-mobile-header-display":"","site-post-title":"","ast-breadcrumbs-content":"","ast-featured-img":"","footer-sml-layout":"","theme-transparent-header-meta":"default","adv-header-id-meta":"","stick-header-meta":"","header-above-stick-meta":"","header-main-stick-meta":"","header-below-stick-meta":"","astra-migrate-meta-layouts":"set","ast-page-background-enabled":"default","ast-page-background-meta":{"desktop":{"background-color":"var(--ast-global-color-4)","background-image":"","background-repeat":"repeat","background-position":"center center","background-size":"auto","background-attachment":"scroll","background-type":"","background-media":"","overlay-type":"","overlay-color":"","overlay-opacity":"","overlay-gradient":""},"tablet":{"background-color":"","background-image":"","background-repeat":"repeat","background-position":"center center","background-size":"auto","background-attachment":"scroll","background-type":"","background-media":"","overlay-type":"","overlay-color":"","overlay-opacity":"","overlay-gradient":""},"mobile":{"background-color":"","background-image":"","background-repeat":"repeat","background-position":"center center","background-size":"auto","background-attachment":"scroll","background-type":"","background-media":"","overlay-type":"","overlay-color":"","overlay-opacity":"","overlay-gradient":""}},"ast-content-background-meta":{"desktop":{"background-color":"var(--ast-global-color-5)","background-image":"","background-repeat":"repeat","background-position":"center center","background-size":"auto","background-attachment":"scroll","background-type":"","background-media":"","overlay-type":"","overlay-color":"","overlay-opacity":"","overlay-gradient":""},"tablet":{"background-color":"var(--ast-global-color-5)","background-image":"","background-repeat":"repeat","background-position":"center center","background-size":"auto","background-attachment":"scroll","background-type":"","background-media":"","overlay-type":"","overlay-color":"","overlay-opacity":"","overlay-gradient":""},"mobile":{"background-color":"var(--ast-global-color-5)","background-image":"","background-repeat":"repeat","background-position":"center center","background-size":"auto","background-attachment":"scroll","background-type":"","background-media":"","overlay-type":"","overlay-color":"","overlay-opacity":"","overlay-gradient":""}},"footnotes":""},"class_list":["post-36","page","type-page","status-publish","hentry"],"post_mailing_queue_ids":[],"_links":{"self":[{"href":"https:\/\/agora.xtec.cat\/escolabadalonaport\/wp-json\/wp\/v2\/pages\/36","targetHints":{"allow":["GET"]}}],"collection":[{"href":"https:\/\/agora.xtec.cat\/escolabadalonaport\/wp-json\/wp\/v2\/pages"}],"about":[{"href":"https:\/\/agora.xtec.cat\/escolabadalonaport\/wp-json\/wp\/v2\/types\/page"}],"author":[{"embeddable":true,"href":"https:\/\/agora.xtec.cat\/escolabadalonaport\/wp-json\/wp\/v2\/users\/1"}],"replies":[{"embeddable":true,"href":"https:\/\/agora.xtec.cat\/escolabadalonaport\/wp-json\/wp\/v2\/comments?post=36"}],"version-history":[{"count":6,"href":"https:\/\/agora.xtec.cat\/escolabadalonaport\/wp-json\/wp\/v2\/pages\/36\/revisions"}],"predecessor-version":[{"id":13431,"href":"https:\/\/agora.xtec.cat\/escolabadalonaport\/wp-json\/wp\/v2\/pages\/36\/revisions\/13431"}],"up":[{"embeddable":true,"href":"https:\/\/agora.xtec.cat\/escolabadalonaport\/wp-json\/wp\/v2\/pages\/22"}],"wp:attachment":[{"href":"https:\/\/agora.xtec.cat\/escolabadalonaport\/wp-json\/wp\/v2\/media?parent=36"}],"curies":[{"name":"wp","href":"https:\/\/api.w.org\/{rel}","templated":true}]}}