{"id":64,"date":"2014-09-18T12:39:08","date_gmt":"2014-09-18T11:39:08","guid":{"rendered":"http:\/\/agora.xtec.cat\/escolabacdecerdanya\/?page_id=64"},"modified":"2019-04-20T20:18:40","modified_gmt":"2019-04-20T18:18:40","slug":"projecte-educatiu","status":"publish","type":"page","link":"https:\/\/agora.xtec.cat\/escolabacdecerdanya\/projecte-educatiu\/","title":{"rendered":"Projecte educatiu"},"content":{"rendered":"<p>L\u2019Escola Bac de Cerdanya t\u00e9 com ideari de centre l\u2019educaci\u00f3 integral dels nens i nenes de 3 a 12 anys en els aspectes de creixement intel\u00b7lectual i desenvolupament personal perqu\u00e8, quan acabin l\u2019etapa de prim\u00e0ria a l\u2019escola, esdevinguin nois i noies aut\u00f2noms amb una bona formaci\u00f3 acad\u00e8mica i recursos per aprendre; amb esperit cr\u00edtic i uns criteris de valors ben fonamentats.<br \/>\nL\u2019escola ofereix un horari lectiu de mat\u00ed i tarda amb serveis complementaris a les activitats lectives (servei de menjador amb cuina al propi centre, servei d\u2019acollida matinal i activitats extraescolars).<\/p>\n<p>Per aconseguir aquest ideari:<\/p>\n<ol>\n<li>L\u2019escola procurar\u00e0 incrementar <strong>la solidaritat humana<\/strong> sense cap discriminaci\u00f3 de ra\u00e7a, sexe, religi\u00f3, edat o llengua.<\/li>\n<li>L\u2019escola es defineix com <strong>apol\u00edtica i aconfessional<\/strong>, tot i que cal respectar diferents creences en les que el nen conviu a la societat.<\/li>\n<li>Amb la finalitat d\u2019aconseguir una veritable<strong> coeducaci\u00f3<\/strong> l\u2019escola parteix de continguts, objectius, activitats i tracte igual per a tots els infants.<\/li>\n<li>L\u2019escola procurar\u00e0 desenvolupar l<strong>\u2019esperit cr\u00edtic i observador<\/strong> dels alumnes, motivant una inquietud cultural que permeti aprofitar, m\u00e9s enll\u00e0 de la mateixa escola, tots els elements culturals de cara a una educaci\u00f3 permanent.<\/li>\n<li>Procurar\u00e0 al mateix temps una<strong> educaci\u00f3 integral<\/strong> en tots els aspectes: creatiu, art\u00edstic, f\u00edsic, cr\u00edtic, \u2026 partint sempre de la seva realitat m\u00e9s inmediata.<\/li>\n<li>Procurar\u00e0 <strong>acostar<\/strong> el nen a <strong>realitats m\u00e9s llunyanes<\/strong>, fomentar\u00e0 la relaci\u00f3 amb els altres nens, situacions, etc\u2026<\/li>\n<li>L\u2019escola estar\u00e0 centrada en els <strong>interessos del nen<\/strong> i en la <strong>realitat<\/strong>. L\u2019escola est\u00e0 vinculada amb l\u2019entorn; es tracta d\u2019una escola arrelada al medi, la hist\u00f2ria, el paisatge, les tradicions i la vida del poble.<\/li>\n<li>L\u2019escola promour\u00e0 una major implicaci\u00f3 de la comunitat escolar, i en especial de l\u2019alumnat i els mestres, en la <strong>millora del medi ambient<\/strong> per avan\u00e7ar cap a la sostenibilitat de l\u2019entorn escolar, donant prioritat a l\u2019estalvi.<\/li>\n<li>L\u2019escola anir\u00e0 sempre encaminada cap a una<strong> l\u00ednia activa<\/strong> buscant una actitud favorable, tant en els alumnes com en els mestres, despertant les iniciatives individuals i la col\u00b7laboraci\u00f3.<\/li>\n<li>La <strong>disciplina ser\u00e0 raonada<\/strong>, sempre partint d\u2019una educaci\u00f3 en el respecte als dem\u00e9s, la conviv\u00e8ncia i democr\u00e0cia, sense sortir de la normativa vigent en el moment d\u2019aplicar-la.<\/li>\n<li>Tenim en compte la <strong>diversitat de l\u2019alumnat<\/strong>. Partint de les necessitats de cada alumne\/a assumim tant el seu ritme d\u2019aprenentatge, i les possibilitats personals com el proc\u00e9s de maduraci\u00f3 individual.<\/li>\n<li>L\u2019escola es defineix com a <strong>catalana<\/strong> i, per tant:\n<ol>\n<li>Es fomentar\u00e0 en les realitats socials, hist\u00f2riques i culturals de Catalunya, com a punt de sortida d\u2019estudis d\u2019altres realitats \u00e0mplies.<\/li>\n<li>El catal\u00e0 ser\u00e0 obligatori per a tothom des d\u2019Educaci\u00f3 Infantil, el mitj\u00e0 de comunicaci\u00f3 ser\u00e0, precisament, la llengua catalana.<\/li>\n<\/ol>\n<\/li>\n<li>L\u2019escola aposta per al coneixement d\u2019altres <strong>lleng\u00fces estrangeres<\/strong>. \u00c9s per aix\u00f2 que, tal com s\u2019exposa al Projecte Ling\u00fc\u00edstic de Centre, actualment s\u2019imparteixen catal\u00e0, castell\u00e0, franc\u00e8s i angl\u00e8s al centre.<\/li>\n<li>L\u2019escola est\u00e0 oberta a les<strong> innovacions pedag\u00f2giques<\/strong>. Els mestres i l\u2019escola tenen dret al continu reciclatge per tal de poder garantir una reflexi\u00f3 sobre la pr\u00e0ctica docent participant en activitats de formaci\u00f3 permanent organitzades pel Departament d\u2019Ensenyament o altres institucions.<\/li>\n<li>L\u2019escola est\u00e0 <strong>oberta<\/strong> a qualsevol persona, entitat, corporaci\u00f3 grup o activitat, que aporti elements positius a qualsevol nivell: mestres, pares, alumnes.<\/li>\n<li>L&#8217;escola aposta per la implantaci\u00f3 de les <strong>noves tecnologies (TAC)<\/strong> a totes les aules del centre com una eina essencial d\u2019aprenentatge. Actualment l\u2019escola disposa de 10 pissarres digitals (amb l\u2019ordinador i projector corresponents), tablets, kits de rob\u00f2tica i una aula d\u2019inform\u00e0tica per la qual passen tots els cursos setmanalment.<\/li>\n<\/ol>\n","protected":false},"excerpt":{"rendered":"<p>L\u2019Escola Bac de Cerdanya t\u00e9 com ideari de centre l\u2019educaci\u00f3 integral dels nens i nenes de 3 a 12 anys en els aspectes de creixement intel\u00b7lectual i desenvolupament personal perqu\u00e8, quan acabin l\u2019etapa de prim\u00e0ria a l\u2019escola, esdevinguin nois i noies aut\u00f2noms amb una bona&hellip;  <a href=\"https:\/\/agora.xtec.cat\/escolabacdecerdanya\/projecte-educatiu\/\" title=\"Read Projecte educatiu\">Llegeix m\u00e9s\u00bb<\/a><\/p>\n","protected":false},"author":1,"featured_media":0,"parent":0,"menu_order":0,"comment_status":"closed","ping_status":"closed","template":"page-templates\/side-menu.php","meta":{"_bbp_topic_count":0,"_bbp_reply_count":0,"_bbp_total_topic_count":0,"_bbp_total_reply_count":0,"_bbp_voice_count":0,"_bbp_anonymous_reply_count":0,"_bbp_topic_count_hidden":0,"_bbp_reply_count_hidden":0,"_bbp_forum_subforum_count":0,"footnotes":""},"class_list":["post-64","page","type-page","status-publish","hentry"],"post_mailing_queue_ids":[],"_links":{"self":[{"href":"https:\/\/agora.xtec.cat\/escolabacdecerdanya\/wp-json\/wp\/v2\/pages\/64","targetHints":{"allow":["GET"]}}],"collection":[{"href":"https:\/\/agora.xtec.cat\/escolabacdecerdanya\/wp-json\/wp\/v2\/pages"}],"about":[{"href":"https:\/\/agora.xtec.cat\/escolabacdecerdanya\/wp-json\/wp\/v2\/types\/page"}],"author":[{"embeddable":true,"href":"https:\/\/agora.xtec.cat\/escolabacdecerdanya\/wp-json\/wp\/v2\/users\/1"}],"replies":[{"embeddable":true,"href":"https:\/\/agora.xtec.cat\/escolabacdecerdanya\/wp-json\/wp\/v2\/comments?post=64"}],"version-history":[{"count":3,"href":"https:\/\/agora.xtec.cat\/escolabacdecerdanya\/wp-json\/wp\/v2\/pages\/64\/revisions"}],"predecessor-version":[{"id":922,"href":"https:\/\/agora.xtec.cat\/escolabacdecerdanya\/wp-json\/wp\/v2\/pages\/64\/revisions\/922"}],"wp:attachment":[{"href":"https:\/\/agora.xtec.cat\/escolabacdecerdanya\/wp-json\/wp\/v2\/media?parent=64"}],"curies":[{"name":"wp","href":"https:\/\/api.w.org\/{rel}","templated":true}]}}

<p>L’Escola Bac de Cerdanya té com ideari de centre l’educació integral dels nens i nenes de 3 a 12 anys en els aspectes de creixement intel·lectual i desenvolupament personal perquè, quan acabin l’etapa de primària a l’escola, esdevinguin nois i noies autònoms amb una bona formació acadèmica i recursos per aprendre; amb esperit crític i uns criteris de valors ben fonamentats.<br />
L’escola ofereix un horari lectiu de matí i tarda amb serveis complementaris a les activitats lectives (servei de menjador amb cuina al propi centre, servei d’acollida matinal i activitats extraescolars).</p>
<p>Per aconseguir aquest ideari:</p>
<ol>
<li>L’escola procurarà incrementar <strong>la solidaritat humana</strong> sense cap discriminació de raça, sexe, religió, edat o llengua.</li>
<li>L’escola es defineix com <strong>apolítica i aconfessional</strong>, tot i que cal respectar diferents creences en les que el nen conviu a la societat.</li>
<li>Amb la finalitat d’aconseguir una veritable<strong> coeducació</strong> l’escola parteix de continguts, objectius, activitats i tracte igual per a tots els infants.</li>
<li>L’escola procurarà desenvolupar l<strong>’esperit crític i observador</strong> dels alumnes, motivant una inquietud cultural que permeti aprofitar, més enllà de la mateixa escola, tots els elements culturals de cara a una educació permanent.</li>
<li>Procurarà al mateix temps una<strong> educació integral</strong> en tots els aspectes: creatiu, artístic, físic, crític, … partint sempre de la seva realitat més inmediata.</li>
<li>Procurarà <strong>acostar</strong> el nen a <strong>realitats més llunyanes</strong>, fomentarà la relació amb els altres nens, situacions, etc…</li>
<li>L’escola estarà centrada en els <strong>interessos del nen</strong> i en la <strong>realitat</strong>. L’escola està vinculada amb l’entorn; es tracta d’una escola arrelada al medi, la història, el paisatge, les tradicions i la vida del poble.</li>
<li>L’escola promourà una major implicació de la comunitat escolar, i en especial de l’alumnat i els mestres, en la <strong>millora del medi ambient</strong> per avançar cap a la sostenibilitat de l’entorn escolar, donant prioritat a l’estalvi.</li>
<li>L’escola anirà sempre encaminada cap a una<strong> línia activa</strong> buscant una actitud favorable, tant en els alumnes com en els mestres, despertant les iniciatives individuals i la col·laboració.</li>
<li>La <strong>disciplina serà raonada</strong>, sempre partint d’una educació en el respecte als demés, la convivència i democràcia, sense sortir de la normativa vigent en el moment d’aplicar-la.</li>
<li>Tenim en compte la <strong>diversitat de l’alumnat</strong>. Partint de les necessitats de cada alumne/a assumim tant el seu ritme d’aprenentatge, i les possibilitats personals com el procés de maduració individual.</li>
<li>L’escola es defineix com a <strong>catalana</strong> i, per tant:
<ol>
<li>Es fomentarà en les realitats socials, històriques i culturals de Catalunya, com a punt de sortida d’estudis d’altres realitats àmplies.</li>
<li>El català serà obligatori per a tothom des d’Educació Infantil, el mitjà de comunicació serà, precisament, la llengua catalana.</li>
</ol>
</li>
<li>L’escola aposta per al coneixement d’altres <strong>llengües estrangeres</strong>. És per això que, tal com s’exposa al Projecte Lingüístic de Centre, actualment s’imparteixen català, castellà, francès i anglès al centre.</li>
<li>L’escola està oberta a les<strong> innovacions pedagògiques</strong>. Els mestres i l’escola tenen dret al continu reciclatge per tal de poder garantir una reflexió sobre la pràctica docent participant en activitats de formació permanent organitzades pel Departament d’Ensenyament o altres institucions.</li>
<li>L’escola està <strong>oberta</strong> a qualsevol persona, entitat, corporació grup o activitat, que aporti elements positius a qualsevol nivell: mestres, pares, alumnes.</li>
<li>L&#8217;escola aposta per la implantació de les <strong>noves tecnologies (TAC)</strong> a totes les aules del centre com una eina essencial d’aprenentatge. Actualment l’escola disposa de 10 pissarres digitals (amb l’ordinador i projector corresponents), tablets, kits de robòtica i una aula d’informàtica per la qual passen tots els cursos setmanalment.</li>
</ol>

<p>L’Escola Bac de Cerdanya té com ideari de centre l’educació integral dels nens i nenes de 3 a 12 anys en els aspectes de creixement intel·lectual i desenvolupament personal perquè, quan acabin l’etapa de primària a l’escola, esdevinguin nois i noies autònoms amb una bona&hellip;  <a href="https://agora.xtec.cat/escolabacdecerdanya/projecte-educatiu/" title="Read Projecte educatiu">Llegeix més»</a></p>
