{"id":4473,"date":"2022-03-04T09:57:58","date_gmt":"2022-03-04T08:57:58","guid":{"rendered":"https:\/\/agora.xtec.cat\/escolabacdecerdanya\/?page_id=4473"},"modified":"2023-02-28T09:43:37","modified_gmt":"2023-02-28T08:43:37","slug":"pla-destrategia-digital-de-centre","status":"publish","type":"page","link":"https:\/\/agora.xtec.cat\/escolabacdecerdanya\/lescola\/pla-destrategia-digital-de-centre\/","title":{"rendered":"Pla d&#8217;Estrat\u00e8gia Digital de Centre"},"content":{"rendered":"<p>L\u2019<strong><span style=\"color: #ff6600;\">estrat\u00e8gia digital de centre (EDC)<\/span><\/strong> defineix i concreta les l\u00ednies d\u2019actuaci\u00f3 d\u2019un centre que fan possible que docents, alumnat i centre assoleixin la compet\u00e8ncia digital. Per aconseguir aquesta compet\u00e8ncia digital, l\u2019EDC compr\u00e8n tots els \u00e0mbits del centre: organitzatius, metodol\u00f2gics, curriculars i comunicatius, els quals s\u2019han de veure necess\u00e0riament implicats i, si escau, transformats, des d\u2019una perspectiva d\u2019innovaci\u00f3 i de millora cont\u00ednua.<\/p>\n<p>Per saber m\u00e9s, cliqueu sobre:<a href=\"https:\/\/sites.google.com\/bacdecerdanya.cat\/estrategiadigital\/pla-destrat%C3%A8gia-digital-de-centre\" target=\"_blank\" rel=\"noopener\"><img loading=\"lazy\" decoding=\"async\" class=\"alignleft wp-image-5118 size-full\" src=\"https:\/\/agora.xtec.cat\/escolabacdecerdanya\/wp-content\/uploads\/usu1753\/2022\/12\/EDC-logo.png\" alt=\"\" width=\"1489\" height=\"461\" srcset=\"https:\/\/agora.xtec.cat\/escolabacdecerdanya\/wp-content\/uploads\/usu1753\/2022\/12\/EDC-logo.png 1489w, https:\/\/agora.xtec.cat\/escolabacdecerdanya\/wp-content\/uploads\/usu1753\/2022\/12\/EDC-logo-300x93.png 300w, https:\/\/agora.xtec.cat\/escolabacdecerdanya\/wp-content\/uploads\/usu1753\/2022\/12\/EDC-logo-1024x317.png 1024w, https:\/\/agora.xtec.cat\/escolabacdecerdanya\/wp-content\/uploads\/usu1753\/2022\/12\/EDC-logo-768x238.png 768w\" sizes=\"auto, (max-width: 1489px) 100vw, 1489px\" \/><\/a><\/p>\n","protected":false},"excerpt":{"rendered":"<p>L\u2019estrat\u00e8gia digital de centre (EDC) defineix i concreta les l\u00ednies d\u2019actuaci\u00f3 d\u2019un centre que fan possible que docents, alumnat i centre assoleixin la compet\u00e8ncia digital. Per aconseguir aquesta compet\u00e8ncia digital, l\u2019EDC compr\u00e8n tots els \u00e0mbits del centre: organitzatius, metodol\u00f2gics, curriculars i comunicatius, els quals s\u2019han&hellip;  <a href=\"https:\/\/agora.xtec.cat\/escolabacdecerdanya\/lescola\/pla-destrategia-digital-de-centre\/\" title=\"Read Pla d&#8217;Estrat\u00e8gia Digital de Centre\">Llegeix m\u00e9s\u00bb<\/a><\/p>\n","protected":false},"author":1,"featured_media":0,"parent":22,"menu_order":70,"comment_status":"closed","ping_status":"closed","template":"","meta":{"_bbp_topic_count":0,"_bbp_reply_count":0,"_bbp_total_topic_count":0,"_bbp_total_reply_count":0,"_bbp_voice_count":0,"_bbp_anonymous_reply_count":0,"_bbp_topic_count_hidden":0,"_bbp_reply_count_hidden":0,"_bbp_forum_subforum_count":0,"footnotes":""},"class_list":["post-4473","page","type-page","status-publish","hentry"],"post_mailing_queue_ids":[],"_links":{"self":[{"href":"https:\/\/agora.xtec.cat\/escolabacdecerdanya\/wp-json\/wp\/v2\/pages\/4473","targetHints":{"allow":["GET"]}}],"collection":[{"href":"https:\/\/agora.xtec.cat\/escolabacdecerdanya\/wp-json\/wp\/v2\/pages"}],"about":[{"href":"https:\/\/agora.xtec.cat\/escolabacdecerdanya\/wp-json\/wp\/v2\/types\/page"}],"author":[{"embeddable":true,"href":"https:\/\/agora.xtec.cat\/escolabacdecerdanya\/wp-json\/wp\/v2\/users\/1"}],"replies":[{"embeddable":true,"href":"https:\/\/agora.xtec.cat\/escolabacdecerdanya\/wp-json\/wp\/v2\/comments?post=4473"}],"version-history":[{"count":3,"href":"https:\/\/agora.xtec.cat\/escolabacdecerdanya\/wp-json\/wp\/v2\/pages\/4473\/revisions"}],"predecessor-version":[{"id":5257,"href":"https:\/\/agora.xtec.cat\/escolabacdecerdanya\/wp-json\/wp\/v2\/pages\/4473\/revisions\/5257"}],"up":[{"embeddable":true,"href":"https:\/\/agora.xtec.cat\/escolabacdecerdanya\/wp-json\/wp\/v2\/pages\/22"}],"wp:attachment":[{"href":"https:\/\/agora.xtec.cat\/escolabacdecerdanya\/wp-json\/wp\/v2\/media?parent=4473"}],"curies":[{"name":"wp","href":"https:\/\/api.w.org\/{rel}","templated":true}]}}

Pla d&#8217;Estratègia Digital de Centre

<p>L’<strong><span style="color: #ff6600;">estratègia digital de centre (EDC)</span></strong> defineix i concreta les línies d’actuació d’un centre que fan possible que docents, alumnat i centre assoleixin la competència digital. Per aconseguir aquesta competència digital, l’EDC comprèn tots els àmbits del centre: organitzatius, metodològics, curriculars i comunicatius, els quals s’han de veure necessàriament implicats i, si escau, transformats, des d’una perspectiva d’innovació i de millora contínua.</p>
<p>Per saber més, cliqueu sobre:<a href="https://sites.google.com/bacdecerdanya.cat/estrategiadigital/pla-destrat%C3%A8gia-digital-de-centre" target="_blank" rel="noopener"><img loading="lazy" decoding="async" class="alignleft wp-image-5118 size-full" src="https://agora.xtec.cat/escolabacdecerdanya/wp-content/uploads/usu1753/2022/12/EDC-logo.png" alt="" width="1489" height="461" srcset="https://agora.xtec.cat/escolabacdecerdanya/wp-content/uploads/usu1753/2022/12/EDC-logo.png 1489w, https://agora.xtec.cat/escolabacdecerdanya/wp-content/uploads/usu1753/2022/12/EDC-logo-300x93.png 300w, https://agora.xtec.cat/escolabacdecerdanya/wp-content/uploads/usu1753/2022/12/EDC-logo-1024x317.png 1024w, https://agora.xtec.cat/escolabacdecerdanya/wp-content/uploads/usu1753/2022/12/EDC-logo-768x238.png 768w" sizes="auto, (max-width: 1489px) 100vw, 1489px" /></a></p>

<p>L’estratègia digital de centre (EDC) defineix i concreta les línies d’actuació d’un centre que fan possible que docents, alumnat i centre assoleixin la competència digital. Per aconseguir aquesta competència digital, l’EDC comprèn tots els àmbits del centre: organitzatius, metodològics, curriculars i comunicatius, els quals s’han&hellip;  <a href="https://agora.xtec.cat/escolabacdecerdanya/lescola/pla-destrategia-digital-de-centre/" title="Read Pla d&#8217;Estratègia Digital de Centre">Llegeix més»</a></p>
