{"id":7001,"date":"2021-02-24T11:07:48","date_gmt":"2021-02-24T10:07:48","guid":{"rendered":"http:\/\/agora.xtec.cat\/escolaaquaalba\/?page_id=7001"},"modified":"2021-09-17T09:25:28","modified_gmt":"2021-09-17T07:25:28","slug":"pagaments-i-autoritzacions","status":"publish","type":"page","link":"https:\/\/agora.xtec.cat\/escolaaquaalba\/projecte-educatiu\/pagaments-i-autoritzacions\/","title":{"rendered":"Pagaments i autoritzacions"},"content":{"rendered":"<p>Els pagaments de material escolar, sortides, col\u00f2nies o altres activitats educatives, es realitzen mitjan\u00e7ant l&#8217;aplicaci\u00f3 <a href=\"https:\/\/tpvescola.com\/\">TPVEscola\u00a0<\/a>Aquesta aplicaci\u00f3 tamb\u00e9 permet signar documents i autoritzacions.<\/p>\n<p>Per poder accedir al compte del vostre fill\/a, heu d&#8217;introduir l&#8217;usuari i contrasenya que l&#8217;escola us facilita a comen\u00e7ament de curs. Si teniu dificultats per accedir-hi o n&#8217;heu perdut les dades, no dubteu a posar-vos en contacte amb la secretaria del centre, ja sigui per tel\u00e8fon (93 848 72 40) o mitjan\u00e7ant l&#8217;adre\u00e7a a8017979@xtec.cat.<\/p>\n<p><a href=\"https:\/\/tpvescola.com\/Default.aspx\"><img loading=\"lazy\" decoding=\"async\" class=\"wp-image-6948 aligncenter\" src=\"https:\/\/agora.xtec.cat\/escolaaquaalba\/wp-content\/uploads\/usu351\/2021\/02\/logo-tpv-escola.png\" alt=\"\" width=\"441\" height=\"138\" srcset=\"https:\/\/agora.xtec.cat\/escolaaquaalba\/wp-content\/uploads\/usu351\/2021\/02\/logo-tpv-escola.png 690w, https:\/\/agora.xtec.cat\/escolaaquaalba\/wp-content\/uploads\/usu351\/2021\/02\/logo-tpv-escola-300x94.png 300w\" sizes=\"auto, (max-width: 441px) 100vw, 441px\" \/><\/a><\/p>\n<p><a href=\"https:\/\/docs.google.com\/document\/d\/1rxa2yWJ_rqGfaXtfQ4xKmB7APF4Uw3CrvB8O6OlkmIY\/edit?usp=sharing\">Autoritzaci\u00f3 de recollida d&#8217;infants<\/a> (alumnes d&#8217;EI i CI).<\/p>\n<p><a href=\"https:\/\/docs.google.com\/document\/d\/1-r3cYQKryPkrOqFuiTL8WyhpBLgqYdUF5YH8N4hZtlY\/edit?usp=sharing\">Full de autoritzaci\u00f3 de sortida acompanyada<\/a> (alumnes a partir de 3r de prim\u00e0ria).<\/p>\n<p><a href=\"https:\/\/drive.google.com\/file\/d\/12lqBKNf9pGLOBpUmX-riqZsmjmdvB72O\/view?usp=sharing\">Autoritzaci\u00f3 d&#8217;\u00fas responsable de dispositius m\u00f2bils particulars.<\/a><\/p>\n<p>&nbsp;<\/p>\n","protected":false},"excerpt":{"rendered":"<p>Els pagaments de material escolar, sortides, col\u00f2nies o altres activitats educatives, es realitzen mitjan\u00e7ant l&#8217;aplicaci\u00f3 <a href=\"https:\/\/tpvescola.com\/\">TPVEscola\u00a0<\/a>Aquesta aplicaci\u00f3 tamb\u00e9 permet signar documents i autoritzacions.<br \/>\nPer poder accedir al compte del vostre fill\/a, heu d&#8217;introduir l&#8217;usuari i contrasenya que l&#8217;escola us facilita a comen\u00e7ament de curs. Si&hellip;  <a href=\"https:\/\/agora.xtec.cat\/escolaaquaalba\/projecte-educatiu\/pagaments-i-autoritzacions\/\" title=\"Read Pagaments i autoritzacions\">Llegeix m\u00e9s\u00bb<\/a><\/p>\n","protected":false},"author":1,"featured_media":0,"parent":64,"menu_order":60,"comment_status":"closed","ping_status":"closed","template":"page-templates\/side-menu.php","meta":{"_bbp_topic_count":0,"_bbp_reply_count":0,"_bbp_total_topic_count":0,"_bbp_total_reply_count":0,"_bbp_voice_count":0,"_bbp_anonymous_reply_count":0,"_bbp_topic_count_hidden":0,"_bbp_reply_count_hidden":0,"_bbp_forum_subforum_count":0,"footnotes":""},"class_list":["post-7001","page","type-page","status-publish","hentry"],"post_mailing_queue_ids":[],"_links":{"self":[{"href":"https:\/\/agora.xtec.cat\/escolaaquaalba\/wp-json\/wp\/v2\/pages\/7001","targetHints":{"allow":["GET"]}}],"collection":[{"href":"https:\/\/agora.xtec.cat\/escolaaquaalba\/wp-json\/wp\/v2\/pages"}],"about":[{"href":"https:\/\/agora.xtec.cat\/escolaaquaalba\/wp-json\/wp\/v2\/types\/page"}],"author":[{"embeddable":true,"href":"https:\/\/agora.xtec.cat\/escolaaquaalba\/wp-json\/wp\/v2\/users\/1"}],"replies":[{"embeddable":true,"href":"https:\/\/agora.xtec.cat\/escolaaquaalba\/wp-json\/wp\/v2\/comments?post=7001"}],"version-history":[{"count":3,"href":"https:\/\/agora.xtec.cat\/escolaaquaalba\/wp-json\/wp\/v2\/pages\/7001\/revisions"}],"predecessor-version":[{"id":8300,"href":"https:\/\/agora.xtec.cat\/escolaaquaalba\/wp-json\/wp\/v2\/pages\/7001\/revisions\/8300"}],"up":[{"embeddable":true,"href":"https:\/\/agora.xtec.cat\/escolaaquaalba\/wp-json\/wp\/v2\/pages\/64"}],"wp:attachment":[{"href":"https:\/\/agora.xtec.cat\/escolaaquaalba\/wp-json\/wp\/v2\/media?parent=7001"}],"curies":[{"name":"wp","href":"https:\/\/api.w.org\/{rel}","templated":true}]}}