{"id":10135,"date":"2025-03-13T13:45:39","date_gmt":"2025-03-13T12:45:39","guid":{"rendered":"https:\/\/agora.xtec.cat\/escolaaquaalba\/?page_id=10135"},"modified":"2026-02-25T10:40:28","modified_gmt":"2026-02-25T09:40:28","slug":"qui-som","status":"publish","type":"page","link":"https:\/\/agora.xtec.cat\/escolaaquaalba\/lescola\/qui-som\/","title":{"rendered":"Qui som?"},"content":{"rendered":"<p>Som una escola p\u00fablica, catalana, escola verda, democr\u00e0tica i laica, on la comunitat educativa fa cr\u00e9ixer el projecte. Cohesionadora de la seva comunitat i on totes les persones amb diferents religions i cultures hi tenen cabuda, es respecten i es valoren. I inclusiva, on totes les persones s\u00f3n ateses segons les seves necessitats. Aqua Alba vol integrar l\u2019entorn en la vida dels alumnes i a la vegada convertir l\u2019entorn en aula de vida i aprenentatge.<br \/>\nVolem ser una escola en qu\u00e8 tothom hi tingui cabuda; els alumnes de desenvolupar totes les capacitats i compet\u00e8ncies; els docents de progressar en la seva formaci\u00f3 i aprenentatge d\u2019experi\u00e8ncies; les fam\u00edlies per ser copart\u00edcipes en el seguiment del proc\u00e9s d\u2019aprenentatge i maduraci\u00f3 dels seus fills\/es i l\u2019administraci\u00f3 local per tenir en l\u2019escola una oportunitat de projecci\u00f3 en l\u2019entorn.<\/p>\n<p>L\u2019Equip Directiu est\u00e0 format per:<br \/>\n\u25cf Secret\u00e0ria de centre: Mayte Rodr\u00edguez<br \/>\n\u25cf Cap d\u2019estudis: S\u00f2nia Atencia<br \/>\n\u25cf Direcci\u00f3: Miquel C\u00e1novas<\/p>\n<p><span style=\"font-weight: 400;\">El Claustre de l\u2019escola a hores d\u2019ara est\u00e0 format per:<\/span><\/p>\n<ul>\n<li>Patricia Torrecillas i Vanesa Sirvent, tutora I3 i I4<\/li>\n<li>Sara Rodr\u00edguez, tutora I5<\/li>\n<li>Sonia Molina, tutora 1r<\/li>\n<li>Yolanda Frau, tutora 2n<\/li>\n<li>S\u00f2nia Vilar, tutora 3r<\/li>\n<li>Francesc Casals, tutor 4t<\/li>\n<li>Emili Garrido, tutor 5\u00e8<\/li>\n<li>Albert Ib\u00e1\u00f1ez, tutor 6\u00e8<\/li>\n<li>Angl\u00e8s, Miquel C\u00e1novas, Mayte Rodr\u00edguez, S\u00f2nia Atencia i Adri\u00e0 Buch<\/li>\n<li>Educaci\u00f3 f\u00edsica, Guillem Castro<\/li>\n<li>M\u00fasica, Arantxa del \u00c1lamo<\/li>\n<li>Atenci\u00f3 a la diversitat, Xavier Tom\u00e0s<\/li>\n<li>Vetlladores, Merche Romo i Noem\u00ed S\u00e1nchez<\/li>\n<\/ul>\n<p><span style=\"font-weight: 400;\">Altres professionals del centre:<\/span><\/p>\n<ul>\n<li style=\"font-weight: 400;\" aria-level=\"1\"><span style=\"font-weight: 400;\">Consergeria: Marc Gabasa<\/span><\/li>\n<li style=\"font-weight: 400;\" aria-level=\"1\"><span style=\"font-weight: 400;\">Administrativa: N\u00faria Pascual<\/span><\/li>\n<\/ul>\n","protected":false},"excerpt":{"rendered":"<p>Som una escola p\u00fablica, catalana, escola verda, democr\u00e0tica i laica, on la comunitat educativa fa cr\u00e9ixer el projecte. Cohesionadora de la seva comunitat i on totes les persones amb diferents religions i cultures hi tenen cabuda, es respecten i es valoren. I inclusiva, on totes&hellip;  <a href=\"https:\/\/agora.xtec.cat\/escolaaquaalba\/lescola\/qui-som\/\" title=\"Read Qui som?\">Llegeix m\u00e9s\u00bb<\/a><\/p>\n","protected":false},"author":1,"featured_media":0,"parent":22,"menu_order":15,"comment_status":"closed","ping_status":"closed","template":"page-templates\/side-menu.php","meta":{"_bbp_topic_count":0,"_bbp_reply_count":0,"_bbp_total_topic_count":0,"_bbp_total_reply_count":0,"_bbp_voice_count":0,"_bbp_anonymous_reply_count":0,"_bbp_topic_count_hidden":0,"_bbp_reply_count_hidden":0,"_bbp_forum_subforum_count":0,"footnotes":""},"class_list":["post-10135","page","type-page","status-publish","hentry"],"post_mailing_queue_ids":[],"_links":{"self":[{"href":"https:\/\/agora.xtec.cat\/escolaaquaalba\/wp-json\/wp\/v2\/pages\/10135","targetHints":{"allow":["GET"]}}],"collection":[{"href":"https:\/\/agora.xtec.cat\/escolaaquaalba\/wp-json\/wp\/v2\/pages"}],"about":[{"href":"https:\/\/agora.xtec.cat\/escolaaquaalba\/wp-json\/wp\/v2\/types\/page"}],"author":[{"embeddable":true,"href":"https:\/\/agora.xtec.cat\/escolaaquaalba\/wp-json\/wp\/v2\/users\/1"}],"replies":[{"embeddable":true,"href":"https:\/\/agora.xtec.cat\/escolaaquaalba\/wp-json\/wp\/v2\/comments?post=10135"}],"version-history":[{"count":6,"href":"https:\/\/agora.xtec.cat\/escolaaquaalba\/wp-json\/wp\/v2\/pages\/10135\/revisions"}],"predecessor-version":[{"id":10306,"href":"https:\/\/agora.xtec.cat\/escolaaquaalba\/wp-json\/wp\/v2\/pages\/10135\/revisions\/10306"}],"up":[{"embeddable":true,"href":"https:\/\/agora.xtec.cat\/escolaaquaalba\/wp-json\/wp\/v2\/pages\/22"}],"wp:attachment":[{"href":"https:\/\/agora.xtec.cat\/escolaaquaalba\/wp-json\/wp\/v2\/media?parent=10135"}],"curies":[{"name":"wp","href":"https:\/\/api.w.org\/{rel}","templated":true}]}}