{"id":458,"date":"2020-09-13T21:00:37","date_gmt":"2020-09-13T19:00:37","guid":{"rendered":"http:\/\/agora.xtec.cat\/escolaantonitapies\/?page_id=458"},"modified":"2025-09-05T14:01:37","modified_gmt":"2025-09-05T12:01:37","slug":"equip-huma","status":"publish","type":"page","link":"https:\/\/agora.xtec.cat\/escolaantonitapies\/lescola\/equip-huma\/","title":{"rendered":"Equip hum\u00e0 2025-26"},"content":{"rendered":"<h3 style=\"text-align: left;\"><strong>Equip\u00a0<\/strong><strong>directiu<\/strong><\/h3>\n<ul style=\"list-style-type: circle;\">\n<li><strong>Direcci\u00f3:<\/strong> Elvira Puigvert<\/li>\n<li><strong>Cap d&#8217;estudis:<\/strong> Ester Godall<\/li>\n<li><strong>Secret\u00e0ria:<\/strong> Luis Lorenzo<\/li>\n<\/ul>\n<h3><strong>Tutories i especialitats<\/strong><\/h3>\n<p><strong>Educaci\u00f3 Infantil: Cicle de petits\u00a0<\/strong><\/p>\n<ul style=\"list-style-type: circle;\">\n<li><strong>Infantil 3 anys A:<\/strong> Estela Guerrero<\/li>\n<li><strong>Infantil 3 anys B<\/strong>: \u00c0ngels Escard\u00f3<\/li>\n<li><strong>Infantil 4 anys A<\/strong>: Victoria Rocha<\/li>\n<li><strong>Infantil 4 anys B<\/strong>: Patr\u00edcia Farr\u00e9<\/li>\n<li><strong>Infantil 5 anys A<\/strong>: \u00c0ngels Preguezuelo<\/li>\n<li><strong>Infantil 5 anys B<\/strong>: Blanca Delgado<\/li>\n<\/ul>\n<p><strong>Educaci\u00f3 Prim\u00e0ria:<\/strong><\/p>\n<p><strong>Cicle de mitjans:<\/strong><\/p>\n<ul style=\"list-style-type: circle;\">\n<li><strong>Primer A: <\/strong>Arantxa Palomares<\/li>\n<li><strong>Primer B: <\/strong>Noem\u00ed Herrero<\/li>\n<li><strong>Segon A: <\/strong>Anna Visa<\/li>\n<li><strong>Segon B:<\/strong> Ana Aguilar<\/li>\n<li><strong>Tercer A:<\/strong> Judith Peral<\/li>\n<li><strong>Tercer B:<\/strong> Franc Robles<\/li>\n<\/ul>\n<p><strong>Cicle de grans:<\/strong><\/p>\n<ul style=\"list-style-type: circle;\">\n<li><strong>Quart A:<\/strong> Esther Ramos<\/li>\n<li><strong>Quart B: <\/strong>Jackie Paricio\/Andrea Mazuela<\/li>\n<li><strong>Cinqu\u00e8 A: <\/strong>Mary Lucas<\/li>\n<li><strong>Cinqu\u00e8 B: <\/strong>Rosa Gal\u00e1n<\/li>\n<li><strong>Sis\u00e8 A: <\/strong>Roc\u00edo Murillo<\/li>\n<li><strong>Sis\u00e8 B: <\/strong>Marta Tort<\/li>\n<\/ul>\n<p><strong>Especialistes i refor\u00e7os:<\/strong><\/p>\n<ul style=\"list-style-type: circle;\">\n<li><strong>Educaci\u00f3 Musical: <\/strong>Clara Fern\u00e1ndez Gonz\u00e1lez<\/li>\n<li><strong>Educaci\u00f3 F\u00edsica:<\/strong>Llu\u00eds Lorenzo i Paqui Moreno<\/li>\n<li><strong>Llengua Anglesa:<\/strong>Jaume Puig, Isabel Montero i Alba Naranjo<\/li>\n<li><strong>Educaci\u00f3 Especial:<\/strong>Imma Gonz\u00e1lez i Clara Fernandez Masip<\/li>\n<li><strong>Refor\u00e7 Infantil: <\/strong>Chelo S\u00e1nchez<\/li>\n<li><strong>Refor\u00e7\u00a0 Prim\u00e0ria: <\/strong>Ester Godall i Elvira Puigvert<\/li>\n<li><strong>T\u00e8cnica d&#8217;Educaci\u00f3 Infantil: <\/strong>Maribel Su\u00e1rez<\/li>\n<li><strong>Vetlladora: <\/strong>Ruth Valderrama<\/li>\n<\/ul>\n<p>&nbsp;<\/p>\n<h3><strong>Coordinadores de Cicle<\/strong><\/h3>\n<ul style=\"list-style-type: circle;\">\n<li><strong>Coordinadora petits: <\/strong>\u00c0ngels Escard\u00f3<\/li>\n<li><strong>Coordinadora mitjans<\/strong>: Imma Gonz\u00e1lez<\/li>\n<li><strong>Coordinadora grans: <\/strong>Roc\u00edo Murillo<\/li>\n<\/ul>\n<h3><strong>Altres coordinacions:<\/strong><\/h3>\n<ul style=\"list-style-type: circle;\">\n<li><strong style=\"font-family: inherit; font-size: 1em;\">Coordinadora TAC:<\/strong><span style=\"font-family: inherit; font-size: 1em;\"> Clara Fern\u00e1ndez Gonz\u00e1lez<\/span><\/li>\n<li><strong style=\"font-family: inherit; font-size: 1em;\">Coordinadora ling\u00fc\u00edstic:<\/strong><span style=\"font-family: inherit; font-size: 1em;\"> Rosa Gal\u00e1n<\/span><\/li>\n<li><strong style=\"font-family: inherit; font-size: 1em;\">Coordinadora de Riscos Laborals:<\/strong><span style=\"font-family: inherit; font-size: 1em;\"> \u00c0ngels Preguezuelo<\/span><\/li>\n<\/ul>\n<h3><strong>Administrativa:<\/strong><\/h3>\n<ul style=\"list-style-type: circle;\">\n<li>Elisenda Guiu<\/li>\n<\/ul>\n<h3><strong>Conserges:<\/strong><\/h3>\n<ul style=\"list-style-type: circle;\">\n<li>Rafa \u00c1lvarez &#8211; Josep Garc\u00eda &#8211; David Aguilera<\/li>\n<\/ul>\n<h3><strong>Menjador:<\/strong><\/h3>\n<ul style=\"list-style-type: circle;\">\n<li><strong>Coordinadora de menjador: <\/strong>\u00a0Laura<\/li>\n<li><strong>Cuina:<\/strong> Loli<\/li>\n<\/ul>\n<h3><strong>Neteja:<\/strong><\/h3>\n<ul>\n<li><strong>Netejadores:<\/strong> Rosi &#8211; Loli &#8211; Elena.<\/li>\n<\/ul>\n<div style=\"width: 100%;\">\n<div style=\"position: relative; padding-bottom: 56.25%; padding-top: 0; height: 0;\"><iframe loading=\"lazy\" style=\"position: absolute; top: 0; left: 0; width: 100%; height: 100%;\" title=\"Tarjeta as\u00ed soy yo\" src=\"https:\/\/view.genially.com\/66dff20564891b7922b90632\" width=\"1200\" height=\"675\" frameborder=\"0\" scrolling=\"yes\" allowfullscreen=\"allowfullscreen\"><\/iframe><\/div>\n<\/div>\n","protected":false},"excerpt":{"rendered":"<p>Equip\u00a0directiu Direcci\u00f3: Elvira Puigvert Cap d&#8217;estudis: Ester Godall Secret\u00e0ria: Luis Lorenzo Tutories i especialitats Educaci\u00f3 Infantil: Cicle de petits\u00a0 Infantil 3 anys A: Estela Guerrero Infantil 3 anys B: \u00c0ngels Escard\u00f3 Infantil 4 anys A: Victoria Rocha Infantil 4 anys B: Patr\u00edcia Farr\u00e9 Infantil 5 anys A: \u00c0ngels Preguezuelo Infantil 5 anys B: Blanca Delgado [&hellip;]<\/p>\n","protected":false},"author":1,"featured_media":0,"parent":22,"menu_order":5,"comment_status":"closed","ping_status":"closed","template":"page-templates\/side-menu.php","meta":{"_bbp_topic_count":0,"_bbp_reply_count":0,"_bbp_total_topic_count":0,"_bbp_total_reply_count":0,"_bbp_voice_count":0,"_bbp_anonymous_reply_count":0,"_bbp_topic_count_hidden":0,"_bbp_reply_count_hidden":0,"_bbp_forum_subforum_count":0,"site-sidebar-layout":"default","site-content-layout":"","ast-site-content-layout":"","site-content-style":"default","site-sidebar-style":"default","ast-global-header-display":"","ast-banner-title-visibility":"","ast-main-header-display":"","ast-hfb-above-header-display":"","ast-hfb-below-header-display":"","ast-hfb-mobile-header-display":"","site-post-title":"","ast-breadcrumbs-content":"","ast-featured-img":"","footer-sml-layout":"","theme-transparent-header-meta":"","adv-header-id-meta":"","stick-header-meta":"","header-above-stick-meta":"","header-main-stick-meta":"","header-below-stick-meta":"","astra-migrate-meta-layouts":"default","ast-page-background-enabled":"default","ast-page-background-meta":{"desktop":{"background-color":"var(--ast-global-color-4)","background-image":"","background-repeat":"repeat","background-position":"center center","background-size":"auto","background-attachment":"scroll","background-type":"","background-media":"","overlay-type":"","overlay-color":"","overlay-opacity":"","overlay-gradient":""},"tablet":{"background-color":"","background-image":"","background-repeat":"repeat","background-position":"center center","background-size":"auto","background-attachment":"scroll","background-type":"","background-media":"","overlay-type":"","overlay-color":"","overlay-opacity":"","overlay-gradient":""},"mobile":{"background-color":"","background-image":"","background-repeat":"repeat","background-position":"center center","background-size":"auto","background-attachment":"scroll","background-type":"","background-media":"","overlay-type":"","overlay-color":"","overlay-opacity":"","overlay-gradient":""}},"ast-content-background-meta":{"desktop":{"background-color":"var(--ast-global-color-5)","background-image":"","background-repeat":"repeat","background-position":"center center","background-size":"auto","background-attachment":"scroll","background-type":"","background-media":"","overlay-type":"","overlay-color":"","overlay-opacity":"","overlay-gradient":""},"tablet":{"background-color":"var(--ast-global-color-5)","background-image":"","background-repeat":"repeat","background-position":"center center","background-size":"auto","background-attachment":"scroll","background-type":"","background-media":"","overlay-type":"","overlay-color":"","overlay-opacity":"","overlay-gradient":""},"mobile":{"background-color":"var(--ast-global-color-5)","background-image":"","background-repeat":"repeat","background-position":"center center","background-size":"auto","background-attachment":"scroll","background-type":"","background-media":"","overlay-type":"","overlay-color":"","overlay-opacity":"","overlay-gradient":""}},"footnotes":""},"class_list":["post-458","page","type-page","status-publish","hentry"],"post_mailing_queue_ids":[],"_links":{"self":[{"href":"https:\/\/agora.xtec.cat\/escolaantonitapies\/wp-json\/wp\/v2\/pages\/458","targetHints":{"allow":["GET"]}}],"collection":[{"href":"https:\/\/agora.xtec.cat\/escolaantonitapies\/wp-json\/wp\/v2\/pages"}],"about":[{"href":"https:\/\/agora.xtec.cat\/escolaantonitapies\/wp-json\/wp\/v2\/types\/page"}],"author":[{"embeddable":true,"href":"https:\/\/agora.xtec.cat\/escolaantonitapies\/wp-json\/wp\/v2\/users\/1"}],"replies":[{"embeddable":true,"href":"https:\/\/agora.xtec.cat\/escolaantonitapies\/wp-json\/wp\/v2\/comments?post=458"}],"version-history":[{"count":6,"href":"https:\/\/agora.xtec.cat\/escolaantonitapies\/wp-json\/wp\/v2\/pages\/458\/revisions"}],"predecessor-version":[{"id":7857,"href":"https:\/\/agora.xtec.cat\/escolaantonitapies\/wp-json\/wp\/v2\/pages\/458\/revisions\/7857"}],"up":[{"embeddable":true,"href":"https:\/\/agora.xtec.cat\/escolaantonitapies\/wp-json\/wp\/v2\/pages\/22"}],"wp:attachment":[{"href":"https:\/\/agora.xtec.cat\/escolaantonitapies\/wp-json\/wp\/v2\/media?parent=458"}],"curies":[{"name":"wp","href":"https:\/\/api.w.org\/{rel}","templated":true}]}}