{"id":879,"date":"2016-03-05T23:37:14","date_gmt":"2016-03-05T22:37:14","guid":{"rendered":"http:\/\/agora.xtec.cat\/escolaantoniroig\/?page_id=879"},"modified":"2025-02-18T19:18:32","modified_gmt":"2025-02-18T18:18:32","slug":"contacte","status":"publish","type":"page","link":"https:\/\/agora.xtec.cat\/escolaantoniroig\/ampa-2\/contacte\/","title":{"rendered":"Contacte"},"content":{"rendered":"<p style=\"text-align: justify;\">Treballem en cont\u00ednua comunicaci\u00f3 amb les fam\u00edlies i el professorat per aconseguir la proximitat necess\u00e0ria que permetr\u00e0 assolir els objectius comuns.<\/p>\n<p>Atenci\u00f3 amb cita pr\u00e8via:<\/p>\n<ul>\n<li><strong><a href=\"https:\/\/agora.xtec.cat\/escolaantoniroig\/ampa-2\/contacte\/attachment\/whattsapp-2\/\" rel=\"attachment wp-att-9762\"><img loading=\"lazy\" decoding=\"async\" class=\" wp-image-9762 alignnone\" src=\"https:\/\/agora.xtec.cat\/escolaantoniroig\/wp-content\/uploads\/usu563\/2024\/09\/whattsapp.png\" alt=\"\" width=\"30\" height=\"28\" \/><\/a>654 30 62 57\u00a0<\/strong><\/li>\n<li><img loading=\"lazy\" decoding=\"async\" class=\" wp-image-2391 alignnone\" src=\"https:\/\/agora.xtec.cat\/escolaantoniroig\/wp-content\/uploads\/usu563\/2017\/05\/mail-1024x920.jpg\" alt=\"\" width=\"28\" height=\"25\" srcset=\"https:\/\/agora.xtec.cat\/escolaantoniroig\/wp-content\/uploads\/usu563\/2017\/05\/mail-1024x920.jpg 1024w, https:\/\/agora.xtec.cat\/escolaantoniroig\/wp-content\/uploads\/usu563\/2017\/05\/mail-300x269.jpg 300w, https:\/\/agora.xtec.cat\/escolaantoniroig\/wp-content\/uploads\/usu563\/2017\/05\/mail-768x690.jpg 768w, https:\/\/agora.xtec.cat\/escolaantoniroig\/wp-content\/uploads\/usu563\/2017\/05\/mail.jpg 1130w\" sizes=\"auto, (max-width: 28px) 100vw, 28px\" \/> <strong>afaantoniroig<span class=\"\">@gmail.com\u00a0<\/span><\/strong><\/li>\n<li><img loading=\"lazy\" decoding=\"async\" class=\"wp-image-4807 alignleft\" src=\"https:\/\/agora.xtec.cat\/escolaantoniroig\/wp-content\/uploads\/usu563\/2019\/03\/dinantia-e1553704187338.png\" alt=\"\" width=\"128\" height=\"34\" srcset=\"https:\/\/agora.xtec.cat\/escolaantoniroig\/wp-content\/uploads\/usu563\/2019\/03\/dinantia-e1553704187338.png 323w, https:\/\/agora.xtec.cat\/escolaantoniroig\/wp-content\/uploads\/usu563\/2019\/03\/dinantia-e1553704187338-300x80.png 300w\" sizes=\"auto, (max-width: 128px) 100vw, 128px\" \/><\/li>\n<\/ul>\n<table style=\"border-color: #2105f7; background-color: #d7f1f5;\">\n<tbody>\n<tr>\n<td>Per atendre els dubtes i consultes dels primers dies, estarem a l&#8217;AFA durant les<strong> dues primeres setmanes de setembre, del\u00a09\/09 al 16\/09 de 15.15h a 16.15h.<\/strong><\/td>\n<\/tr>\n<\/tbody>\n<\/table>\n<p>Us animem a que ens comuniqueu els vostres suggeriments, idees i comentaris.<\/p>\n<p>I podeu seguir-nos a les xarxes socials<\/p>\n<p><a href=\"https:\/\/www.instagram.com\/afaantoniroig\/\"><img loading=\"lazy\" decoding=\"async\" class=\" wp-image-6992 alignnone\" src=\"https:\/\/agora.xtec.cat\/escolaantoniroig\/wp-content\/uploads\/usu563\/2021\/06\/instagram.jpg\" alt=\"\" width=\"41\" height=\"31\" srcset=\"https:\/\/agora.xtec.cat\/escolaantoniroig\/wp-content\/uploads\/usu563\/2021\/06\/instagram.jpg 259w, https:\/\/agora.xtec.cat\/escolaantoniroig\/wp-content\/uploads\/usu563\/2021\/06\/instagram-200x150.jpg 200w\" sizes=\"auto, (max-width: 41px) 100vw, 41px\" \/><strong> afaantoniroig<\/strong><\/a><\/p>\n","protected":false},"excerpt":{"rendered":"<p>Treballem en cont\u00ednua comunicaci\u00f3 amb les fam\u00edlies i el professorat per aconseguir la proximitat necess\u00e0ria que permetr\u00e0 assolir els objectius [&hellip;]<\/p>\n","protected":false},"author":1,"featured_media":0,"parent":7765,"menu_order":2,"comment_status":"closed","ping_status":"closed","template":"","meta":{"_bbp_topic_count":0,"_bbp_reply_count":0,"_bbp_total_topic_count":0,"_bbp_total_reply_count":0,"_bbp_voice_count":0,"_bbp_anonymous_reply_count":0,"_bbp_topic_count_hidden":0,"_bbp_reply_count_hidden":0,"_bbp_forum_subforum_count":0,"site-sidebar-layout":"default","site-content-layout":"","ast-site-content-layout":"default","site-content-style":"default","site-sidebar-style":"default","ast-global-header-display":"","ast-banner-title-visibility":"","ast-main-header-display":"","ast-hfb-above-header-display":"","ast-hfb-below-header-display":"","ast-hfb-mobile-header-display":"","site-post-title":"","ast-breadcrumbs-content":"","ast-featured-img":"","footer-sml-layout":"","theme-transparent-header-meta":"","adv-header-id-meta":"","stick-header-meta":"","header-above-stick-meta":"","header-main-stick-meta":"","header-below-stick-meta":"","astra-migrate-meta-layouts":"set","ast-page-background-enabled":"default","ast-page-background-meta":{"desktop":{"background-color":"var(--ast-global-color-4)","background-image":"","background-repeat":"repeat","background-position":"center center","background-size":"auto","background-attachment":"scroll","background-type":"","background-media":"","overlay-type":"","overlay-color":"","overlay-opacity":"","overlay-gradient":""},"tablet":{"background-color":"","background-image":"","background-repeat":"repeat","background-position":"center center","background-size":"auto","background-attachment":"scroll","background-type":"","background-media":"","overlay-type":"","overlay-color":"","overlay-opacity":"","overlay-gradient":""},"mobile":{"background-color":"","background-image":"","background-repeat":"repeat","background-position":"center center","background-size":"auto","background-attachment":"scroll","background-type":"","background-media":"","overlay-type":"","overlay-color":"","overlay-opacity":"","overlay-gradient":""}},"ast-content-background-meta":{"desktop":{"background-color":"var(--ast-global-color-5)","background-image":"","background-repeat":"repeat","background-position":"center center","background-size":"auto","background-attachment":"scroll","background-type":"","background-media":"","overlay-type":"","overlay-color":"","overlay-opacity":"","overlay-gradient":""},"tablet":{"background-color":"var(--ast-global-color-5)","background-image":"","background-repeat":"repeat","background-position":"center center","background-size":"auto","background-attachment":"scroll","background-type":"","background-media":"","overlay-type":"","overlay-color":"","overlay-opacity":"","overlay-gradient":""},"mobile":{"background-color":"var(--ast-global-color-5)","background-image":"","background-repeat":"repeat","background-position":"center center","background-size":"auto","background-attachment":"scroll","background-type":"","background-media":"","overlay-type":"","overlay-color":"","overlay-opacity":"","overlay-gradient":""}},"footnotes":""},"class_list":["post-879","page","type-page","status-publish","hentry"],"post_mailing_queue_ids":[],"_links":{"self":[{"href":"https:\/\/agora.xtec.cat\/escolaantoniroig\/wp-json\/wp\/v2\/pages\/879","targetHints":{"allow":["GET"]}}],"collection":[{"href":"https:\/\/agora.xtec.cat\/escolaantoniroig\/wp-json\/wp\/v2\/pages"}],"about":[{"href":"https:\/\/agora.xtec.cat\/escolaantoniroig\/wp-json\/wp\/v2\/types\/page"}],"author":[{"embeddable":true,"href":"https:\/\/agora.xtec.cat\/escolaantoniroig\/wp-json\/wp\/v2\/users\/1"}],"replies":[{"embeddable":true,"href":"https:\/\/agora.xtec.cat\/escolaantoniroig\/wp-json\/wp\/v2\/comments?post=879"}],"version-history":[{"count":6,"href":"https:\/\/agora.xtec.cat\/escolaantoniroig\/wp-json\/wp\/v2\/pages\/879\/revisions"}],"predecessor-version":[{"id":10450,"href":"https:\/\/agora.xtec.cat\/escolaantoniroig\/wp-json\/wp\/v2\/pages\/879\/revisions\/10450"}],"up":[{"embeddable":true,"href":"https:\/\/agora.xtec.cat\/escolaantoniroig\/wp-json\/wp\/v2\/pages\/7765"}],"wp:attachment":[{"href":"https:\/\/agora.xtec.cat\/escolaantoniroig\/wp-json\/wp\/v2\/media?parent=879"}],"curies":[{"name":"wp","href":"https:\/\/api.w.org\/{rel}","templated":true}]}}