{"id":10159,"date":"2025-01-02T17:36:25","date_gmt":"2025-01-02T16:36:25","guid":{"rendered":"https:\/\/agora.xtec.cat\/escolaantoniroig\/?page_id=10159"},"modified":"2025-02-10T10:12:34","modified_gmt":"2025-02-10T09:12:34","slug":"entrades-i-sortides","status":"publish","type":"page","link":"https:\/\/agora.xtec.cat\/escolaantoniroig\/informacio-practica\/entrades-i-sortides\/","title":{"rendered":"Entrades i sortides"},"content":{"rendered":"\n<div class=\"wp-block-getwid-image-hotspot\" data-appearance-animation=\"none\" data-image-points=\"[{&quot;link&quot;:&quot;&quot;,&quot;icon&quot;:&quot;fas fa-arrow-alt-circle-down&quot;,&quot;title&quot;:&quot;EDUCACI\u00d3 INFANTIL&quot;,&quot;color&quot;:&quot;#ff0202&quot;,&quot;content&quot;:&quot;Avinguda Sant Jordi.\\nEntra i surt l'alumnat d'educaci\u00f3 infantil.\\n&quot;,&quot;backgroundColor&quot;:&quot;#0dd6ff&quot;,&quot;newTab&quot;:false,&quot;popUpOpen&quot;:false,&quot;popUpWidth&quot;:350,&quot;placement&quot;:&quot;top&quot;,&quot;position&quot;:{&quot;x&quot;:&quot;13.30%&quot;,&quot;y&quot;:&quot;14.00%&quot;}},{&quot;link&quot;:&quot;&quot;,&quot;icon&quot;:&quot;&quot;,&quot;title&quot;:&quot;1r, 2n i 3r&quot;,&quot;color&quot;:&quot;#fe0202&quot;,&quot;content&quot;:&quot;Carrer Beg\u00f2nia.\\nEntra i surt l'alumnat de 1r, 2n i 3r.&quot;,&quot;backgroundColor&quot;:&quot;var(--ast-global-color-0)&quot;,&quot;newTab&quot;:false,&quot;popUpOpen&quot;:false,&quot;popUpWidth&quot;:350,&quot;placement&quot;:&quot;top&quot;,&quot;position&quot;:{&quot;x&quot;:&quot;9.59%&quot;,&quot;y&quot;:&quot;55.42%&quot;}},{&quot;link&quot;:&quot;&quot;,&quot;icon&quot;:&quot;fas fa-arrow-alt-circle-up&quot;,&quot;title&quot;:&quot;4t, 5\u00e8 i 6\u00e8&quot;,&quot;color&quot;:&quot;#ff0000&quot;,&quot;content&quot;:&quot;Passatge Pet\u00fania.\\nEntra i surt l'alumnat de 4t, 5\u00e8 i 6\u00e8.&quot;,&quot;backgroundColor&quot;:&quot;var(--ast-global-color-0)&quot;,&quot;newTab&quot;:false,&quot;popUpOpen&quot;:false,&quot;popUpWidth&quot;:350,&quot;placement&quot;:&quot;top&quot;,&quot;position&quot;:{&quot;x&quot;:&quot;49.23%&quot;,&quot;y&quot;:&quot;85.16%&quot;}}]\" data-trigger=\"click\" data-theme=\"light\" data-tooltip-animation=\"shift-toward\" data-arrow=\"true\"><div class=\"wp-block-getwid-image-hotspot__wrapper\"><img loading=\"lazy\" decoding=\"async\" width=\"782\" height=\"548\" src=\"https:\/\/agora.xtec.cat\/escolaantoniroig\/wp-content\/uploads\/usu563\/2025\/01\/vista-escola.png\" alt=\"\" class=\"wp-block-getwid-image-hotspot__image wp-image-10158\" srcset=\"https:\/\/agora.xtec.cat\/escolaantoniroig\/wp-content\/uploads\/usu563\/2025\/01\/vista-escola.png 782w, https:\/\/agora.xtec.cat\/escolaantoniroig\/wp-content\/uploads\/usu563\/2025\/01\/vista-escola-300x210.png 300w, https:\/\/agora.xtec.cat\/escolaantoniroig\/wp-content\/uploads\/usu563\/2025\/01\/vista-escola-768x538.png 768w\" sizes=\"auto, (max-width: 782px) 100vw, 782px\" \/><div data-point-id=\"0\" class=\"wp-block-getwid-image-hotspot__dot has-animation-pulse\" style=\"left:13.30%;top:14.00%;background-color:#0dd6ff\"><div class=\"wp-block-getwid-image-hotspot__dot-wrapper\"><div style=\"color:#ff0202;font-size:25px\" class=\"wp-block-getwid-image-hotspot__dot-content\"><i class=\"fas fa-arrow-alt-circle-down wp-block-getwid-image-hotspot__dot-icon\"><\/i><\/div><\/div><div class=\"wp-block-getwid-image-hotspot__dot-description\"><div class=\"wp-block-getwid-image-hotspot__dot-title\">EDUCACI\u00d3 INFANTIL<\/div><\/div><\/div><div data-point-id=\"1\" class=\"wp-block-getwid-image-hotspot__dot has-animation-pulse\" style=\"left:9.59%;top:55.42%;background-color:var(--ast-global-color-0)\"><div class=\"wp-block-getwid-image-hotspot__dot-wrapper\"><div style=\"color:#fe0202;font-size:25px\" class=\"wp-block-getwid-image-hotspot__dot-content\"><i class=\"fas fa-arrow-alt-circle-right wp-block-getwid-image-hotspot__dot-icon\"><\/i><\/div><\/div><div class=\"wp-block-getwid-image-hotspot__dot-description\"><div class=\"wp-block-getwid-image-hotspot__dot-title\">1r, 2n i 3r<\/div><\/div><\/div><div data-point-id=\"2\" class=\"wp-block-getwid-image-hotspot__dot has-animation-pulse\" style=\"left:49.23%;top:85.16%;background-color:var(--ast-global-color-0)\"><div class=\"wp-block-getwid-image-hotspot__dot-wrapper\"><div style=\"color:#ff0000;font-size:25px\" class=\"wp-block-getwid-image-hotspot__dot-content\"><i class=\"fas fa-arrow-alt-circle-up wp-block-getwid-image-hotspot__dot-icon\"><\/i><\/div><\/div><div class=\"wp-block-getwid-image-hotspot__dot-description\"><div class=\"wp-block-getwid-image-hotspot__dot-title\">4t, 5\u00e8 i 6\u00e8<\/div><\/div><\/div><\/div><\/div>\n","protected":false},"excerpt":{"rendered":"","protected":false},"author":1,"featured_media":0,"parent":219,"menu_order":2,"comment_status":"closed","ping_status":"close","template":"","meta":{"_bbp_topic_count":0,"_bbp_reply_count":0,"_bbp_total_topic_count":0,"_bbp_total_reply_count":0,"_bbp_voice_count":0,"_bbp_anonymous_reply_count":0,"_bbp_topic_count_hidden":0,"_bbp_reply_count_hidden":0,"_bbp_forum_subforum_count":0,"site-sidebar-layout":"default","site-content-layout":"","ast-site-content-layout":"default","site-content-style":"default","site-sidebar-style":"default","ast-global-header-display":"","ast-banner-title-visibility":"","ast-main-header-display":"","ast-hfb-above-header-display":"","ast-hfb-below-header-display":"","ast-hfb-mobile-header-display":"","site-post-title":"","ast-breadcrumbs-content":"","ast-featured-img":"","footer-sml-layout":"","theme-transparent-header-meta":"","adv-header-id-meta":"","stick-header-meta":"","header-above-stick-meta":"","header-main-stick-meta":"","header-below-stick-meta":"","astra-migrate-meta-layouts":"set","ast-page-background-enabled":"default","ast-page-background-meta":{"desktop":{"background-color":"var(--ast-global-color-4)","background-image":"","background-repeat":"repeat","background-position":"center center","background-size":"auto","background-attachment":"scroll","background-type":"","background-media":"","overlay-type":"","overlay-color":"","overlay-opacity":"","overlay-gradient":""},"tablet":{"background-color":"","background-image":"","background-repeat":"repeat","background-position":"center center","background-size":"auto","background-attachment":"scroll","background-type":"","background-media":"","overlay-type":"","overlay-color":"","overlay-opacity":"","overlay-gradient":""},"mobile":{"background-color":"","background-image":"","background-repeat":"repeat","background-position":"center center","background-size":"auto","background-attachment":"scroll","background-type":"","background-media":"","overlay-type":"","overlay-color":"","overlay-opacity":"","overlay-gradient":""}},"ast-content-background-meta":{"desktop":{"background-color":"var(--ast-global-color-5)","background-image":"","background-repeat":"repeat","background-position":"center center","background-size":"auto","background-attachment":"scroll","background-type":"","background-media":"","overlay-type":"","overlay-color":"","overlay-opacity":"","overlay-gradient":""},"tablet":{"background-color":"var(--ast-global-color-5)","background-image":"","background-repeat":"repeat","background-position":"center center","background-size":"auto","background-attachment":"scroll","background-type":"","background-media":"","overlay-type":"","overlay-color":"","overlay-opacity":"","overlay-gradient":""},"mobile":{"background-color":"var(--ast-global-color-5)","background-image":"","background-repeat":"repeat","background-position":"center center","background-size":"auto","background-attachment":"scroll","background-type":"","background-media":"","overlay-type":"","overlay-color":"","overlay-opacity":"","overlay-gradient":""}},"footnotes":""},"class_list":["post-10159","page","type-page","status-publish","hentry"],"post_mailing_queue_ids":[],"_links":{"self":[{"href":"https:\/\/agora.xtec.cat\/escolaantoniroig\/wp-json\/wp\/v2\/pages\/10159","targetHints":{"allow":["GET"]}}],"collection":[{"href":"https:\/\/agora.xtec.cat\/escolaantoniroig\/wp-json\/wp\/v2\/pages"}],"about":[{"href":"https:\/\/agora.xtec.cat\/escolaantoniroig\/wp-json\/wp\/v2\/types\/page"}],"author":[{"embeddable":true,"href":"https:\/\/agora.xtec.cat\/escolaantoniroig\/wp-json\/wp\/v2\/users\/1"}],"replies":[{"embeddable":true,"href":"https:\/\/agora.xtec.cat\/escolaantoniroig\/wp-json\/wp\/v2\/comments?post=10159"}],"version-history":[{"count":2,"href":"https:\/\/agora.xtec.cat\/escolaantoniroig\/wp-json\/wp\/v2\/pages\/10159\/revisions"}],"predecessor-version":[{"id":10161,"href":"https:\/\/agora.xtec.cat\/escolaantoniroig\/wp-json\/wp\/v2\/pages\/10159\/revisions\/10161"}],"up":[{"embeddable":true,"href":"https:\/\/agora.xtec.cat\/escolaantoniroig\/wp-json\/wp\/v2\/pages\/219"}],"wp:attachment":[{"href":"https:\/\/agora.xtec.cat\/escolaantoniroig\/wp-json\/wp\/v2\/media?parent=10159"}],"curies":[{"name":"wp","href":"https:\/\/api.w.org\/{rel}","templated":true}]}}