{"id":1442,"date":"2025-05-28T10:21:13","date_gmt":"2025-05-28T08:21:13","guid":{"rendered":"https:\/\/agora.xtec.cat\/escolaantina\/?page_id=1442"},"modified":"2025-05-28T10:22:56","modified_gmt":"2025-05-28T08:22:56","slug":"val-escolar","status":"publish","type":"page","link":"https:\/\/agora.xtec.cat\/escolaantina\/secretaria\/val-escolar\/","title":{"rendered":"Val escolar"},"content":{"rendered":"<p>El\u00a0<strong>val escolar de 60 euros<\/strong>\u00a0s\u2019adre\u00e7a a les fam\u00edlies dels alumnes que al curs 2025-2026 facin prim\u00e0ria o secund\u00e0ria en centres p\u00fablics o concertats.<\/p>\n<p><a href=\"https:\/\/agora.xtec.cat\/escolaantina\/wp-content\/uploads\/usu3027\/2025\/05\/hero-val-escolar.webp\"><img loading=\"lazy\" decoding=\"async\" class=\"alignnone size-full wp-image-1443\" src=\"https:\/\/agora.xtec.cat\/escolaantina\/wp-content\/uploads\/usu3027\/2025\/05\/hero-val-escolar.webp\" alt=\"\" width=\"1400\" height=\"242\" srcset=\"https:\/\/agora.xtec.cat\/escolaantina\/wp-content\/uploads\/usu3027\/2025\/05\/hero-val-escolar.webp 1400w, https:\/\/agora.xtec.cat\/escolaantina\/wp-content\/uploads\/usu3027\/2025\/05\/hero-val-escolar-300x52.webp 300w, https:\/\/agora.xtec.cat\/escolaantina\/wp-content\/uploads\/usu3027\/2025\/05\/hero-val-escolar-1024x177.webp 1024w, https:\/\/agora.xtec.cat\/escolaantina\/wp-content\/uploads\/usu3027\/2025\/05\/hero-val-escolar-768x133.webp 768w\" sizes=\"auto, (max-width: 1400px) 100vw, 1400px\" \/><\/a><\/p>\n<p>Cliqueu a <a href=\"https:\/\/valescolar.cat\/\">l&#8217;ENLLA\u00c7<\/a> per a accedir a tota la informaci\u00f3. Teniu acc\u00e9s a les instruccions per a bescanviar el val escolar aix\u00ed com un cercador per a buscar els establiments adherits.<\/p>\n<p><a href=\"https:\/\/agora.xtec.cat\/escolaantina\/wp-content\/uploads\/usu3027\/2025\/05\/Sense-titol-1.jpg\"><img loading=\"lazy\" decoding=\"async\" class=\"alignnone size-full wp-image-1445\" src=\"https:\/\/agora.xtec.cat\/escolaantina\/wp-content\/uploads\/usu3027\/2025\/05\/Sense-titol-1.jpg\" alt=\"\" width=\"1339\" height=\"712\" srcset=\"https:\/\/agora.xtec.cat\/escolaantina\/wp-content\/uploads\/usu3027\/2025\/05\/Sense-titol-1.jpg 1339w, https:\/\/agora.xtec.cat\/escolaantina\/wp-content\/uploads\/usu3027\/2025\/05\/Sense-titol-1-300x160.jpg 300w, https:\/\/agora.xtec.cat\/escolaantina\/wp-content\/uploads\/usu3027\/2025\/05\/Sense-titol-1-1024x545.jpg 1024w, https:\/\/agora.xtec.cat\/escolaantina\/wp-content\/uploads\/usu3027\/2025\/05\/Sense-titol-1-768x408.jpg 768w\" sizes=\"auto, (max-width: 1339px) 100vw, 1339px\" \/><\/a><\/p>\n","protected":false},"excerpt":{"rendered":"<p>El\u00a0val escolar de 60 euros\u00a0s\u2019adre\u00e7a a les fam\u00edlies dels alumnes que al curs 2025-2026 facin prim\u00e0ria o secund\u00e0ria en centres [&hellip;]<\/p>\n","protected":false},"author":1,"featured_media":0,"parent":652,"menu_order":0,"comment_status":"closed","ping_status":"closed","template":"","meta":{"_bbp_topic_count":0,"_bbp_reply_count":0,"_bbp_total_topic_count":0,"_bbp_total_reply_count":0,"_bbp_voice_count":0,"_bbp_anonymous_reply_count":0,"_bbp_topic_count_hidden":0,"_bbp_reply_count_hidden":0,"_bbp_forum_subforum_count":0,"site-sidebar-layout":"default","site-content-layout":"","ast-site-content-layout":"default","site-content-style":"default","site-sidebar-style":"default","ast-global-header-display":"","ast-banner-title-visibility":"","ast-main-header-display":"","ast-hfb-above-header-display":"","ast-hfb-below-header-display":"","ast-hfb-mobile-header-display":"","site-post-title":"","ast-breadcrumbs-content":"","ast-featured-img":"","footer-sml-layout":"","theme-transparent-header-meta":"default","adv-header-id-meta":"","stick-header-meta":"","header-above-stick-meta":"","header-main-stick-meta":"","header-below-stick-meta":"","astra-migrate-meta-layouts":"set","ast-page-background-enabled":"default","ast-page-background-meta":{"desktop":{"background-color":"var(--ast-global-color-4)","background-image":"","background-repeat":"repeat","background-position":"center center","background-size":"auto","background-attachment":"scroll","background-type":"","background-media":"","overlay-type":"","overlay-color":"","overlay-opacity":"","overlay-gradient":""},"tablet":{"background-color":"","background-image":"","background-repeat":"repeat","background-position":"center center","background-size":"auto","background-attachment":"scroll","background-type":"","background-media":"","overlay-type":"","overlay-color":"","overlay-opacity":"","overlay-gradient":""},"mobile":{"background-color":"","background-image":"","background-repeat":"repeat","background-position":"center center","background-size":"auto","background-attachment":"scroll","background-type":"","background-media":"","overlay-type":"","overlay-color":"","overlay-opacity":"","overlay-gradient":""}},"ast-content-background-meta":{"desktop":{"background-color":"var(--ast-global-color-5)","background-image":"","background-repeat":"repeat","background-position":"center center","background-size":"auto","background-attachment":"scroll","background-type":"","background-media":"","overlay-type":"","overlay-color":"","overlay-opacity":"","overlay-gradient":""},"tablet":{"background-color":"var(--ast-global-color-5)","background-image":"","background-repeat":"repeat","background-position":"center center","background-size":"auto","background-attachment":"scroll","background-type":"","background-media":"","overlay-type":"","overlay-color":"","overlay-opacity":"","overlay-gradient":""},"mobile":{"background-color":"var(--ast-global-color-5)","background-image":"","background-repeat":"repeat","background-position":"center center","background-size":"auto","background-attachment":"scroll","background-type":"","background-media":"","overlay-type":"","overlay-color":"","overlay-opacity":"","overlay-gradient":""}},"footnotes":""},"class_list":["post-1442","page","type-page","status-publish","hentry"],"post_mailing_queue_ids":[],"_links":{"self":[{"href":"https:\/\/agora.xtec.cat\/escolaantina\/wp-json\/wp\/v2\/pages\/1442","targetHints":{"allow":["GET"]}}],"collection":[{"href":"https:\/\/agora.xtec.cat\/escolaantina\/wp-json\/wp\/v2\/pages"}],"about":[{"href":"https:\/\/agora.xtec.cat\/escolaantina\/wp-json\/wp\/v2\/types\/page"}],"author":[{"embeddable":true,"href":"https:\/\/agora.xtec.cat\/escolaantina\/wp-json\/wp\/v2\/users\/1"}],"replies":[{"embeddable":true,"href":"https:\/\/agora.xtec.cat\/escolaantina\/wp-json\/wp\/v2\/comments?post=1442"}],"version-history":[{"count":2,"href":"https:\/\/agora.xtec.cat\/escolaantina\/wp-json\/wp\/v2\/pages\/1442\/revisions"}],"predecessor-version":[{"id":1446,"href":"https:\/\/agora.xtec.cat\/escolaantina\/wp-json\/wp\/v2\/pages\/1442\/revisions\/1446"}],"up":[{"embeddable":true,"href":"https:\/\/agora.xtec.cat\/escolaantina\/wp-json\/wp\/v2\/pages\/652"}],"wp:attachment":[{"href":"https:\/\/agora.xtec.cat\/escolaantina\/wp-json\/wp\/v2\/media?parent=1442"}],"curies":[{"name":"wp","href":"https:\/\/api.w.org\/{rel}","templated":true}]}}