{"id":473,"date":"2016-10-13T23:34:25","date_gmt":"2016-10-13T21:34:25","guid":{"rendered":"http:\/\/agora.xtec.cat\/escolaanicet\/?page_id=473"},"modified":"2017-07-11T11:13:25","modified_gmt":"2017-07-11T09:13:25","slug":"revista-les-bombolles","status":"publish","type":"page","link":"https:\/\/agora.xtec.cat\/escolaanicet\/serveis\/revista-les-bombolles\/","title":{"rendered":"Revista &#8220;Les bombolles&#8221;"},"content":{"rendered":"<p><em><span style=\"color: #800000;\">A partir del curs 2016\/17 &#8220;Les Bombolles&#8221; deixar\u00e0 de publicar-se. Entenem que tota la informaci\u00f3 que hi trobem la podem veure a la web o als blocs de l&#8217;escola. Perdoneu les mol\u00e8sties.<\/span><\/em><\/p>\n<p><a href=\"https:\/\/es.calameo.com\/read\/00441251741ba97ba29fe\" target=\"_blank\" rel=\"noopener noreferrer\"><img loading=\"lazy\" decoding=\"async\" class=\"alignleft\" src=\"https:\/\/lh3.googleusercontent.com\/TPh2f80-k-3SVnUzsO491OQecWNSu_C3A0ezpNLMRdOy8cHacZO9NNTszVq0h6zM6jzPnF1hWY3kl5u0zxaH3UPNHN3-Ln21Trcwkeq5QDV9RmAQXhznHXWJtj8tmhbBQ0_Jbg5xAYZagIh64Ua0ipjjerDhZwltDX0_4EjytClf4UNxB_u8QFK43e89ajem--EdrnCaGxch9kjsnTxY6Ul6IQqkYywcDGddWDq4UaIG4wsD2U1pRuSNjT4Qy8WY18fXPdij7Qykal487lbeIppXSoluNrSD1lPPLZV-R_WV-a9bt1VPAC4CpiRxb0Gtn9-ZLTtM3hGeRzHnB2nPVFb9CfheYzwvH0lcnj3bq055XIXh9_gZD6tE-Z0nqSV1ijzAjQUBMBqgIxapNt3lvzBl8j-GqJnDzkuT1cGm0y3gq4qfQwUXku_9r4hWhk9iQnyJtabiZDgWyX6WqNpvhrxARE4QpXb7arqJtfBMPB3oRYbqjLiYgLQqD9ONdTRsm9v5jN0ll7KFp82szksOehK7pQQ-7dtoB0XZeqe73C8GhyUG8A2PhrwL6ZhuysBBVR3B8oeiGWLrvX4RJH3ZBmqFkPwmFwOMvo-r9tAXX_BFw3fcKi0AuLgBg8CkGTS3LyfLWlXTPLMPnYZKpsB1X_nu9zCZMWPDueQDqPH5WQ=w423-h590-no\" width=\"228\" height=\"318\" \/><\/a><a href=\"https:\/\/en.calameo.com\/read\/00441251750e7e2e70c9b\" target=\"_blank\" rel=\"noopener noreferrer\"><img loading=\"lazy\" decoding=\"async\" class=\"alignleft\" src=\"https:\/\/sites.google.com\/a\/xtec.cat\/informacions-anicet-de-pages-i-de-puig\/_\/rsrc\/1450698497008\/revista-escolar\/portada%20revista%201r%20trim%202015.jpg?height=320&amp;width=225\" width=\"225\" height=\"319\" \/><\/a><a href=\"http:\/\/es.calameo.com\/read\/00441251721e034223f35\" target=\"_blank\" rel=\"noopener noreferrer\"><img loading=\"lazy\" decoding=\"async\" class=\"alignleft\" src=\"https:\/\/sites.google.com\/a\/xtec.cat\/informacions-anicet-de-pages-i-de-puig\/_\/rsrc\/1458319481770\/revista-escolar\/portada%20revista%202n%20trim%202015_16.jpg?height=320&amp;width=225\" width=\"225\" height=\"319\" \/><\/a><a href=\"https:\/\/es.calameo.com\/read\/0044125172182edcccd46\" target=\"_blank\" rel=\"noopener noreferrer\"><img loading=\"lazy\" decoding=\"async\" class=\"alignleft\" src=\"https:\/\/sites.google.com\/a\/xtec.cat\/informacions-anicet-de-pages-i-de-puig\/_\/rsrc\/1467793868265\/revista-escolar\/bombolles%208.3.jpg?height=320&amp;width=226\" width=\"226\" height=\"319\" \/><\/a><a href=\"http:\/\/es.calameo.com\/read\/00441251715392ceafe4a\" target=\"_blank\" rel=\"noopener noreferrer\"><img loading=\"lazy\" decoding=\"async\" class=\"alignleft\" src=\"https:\/\/sites.google.com\/a\/xtec.cat\/informacions-anicet-de-pages-i-de-puig\/_\/rsrc\/1436873187444\/revista-escolar\/portada%20revista.jpg?height=320&amp;width=225\" width=\"225\" height=\"319\" \/><\/a><\/p>\n<div dir=\"ltr\"><\/div>\n<div dir=\"ltr\"><\/div>\n<div dir=\"ltr\"><\/div>\n<div dir=\"ltr\"><\/div>\n<div dir=\"ltr\"><\/div>\n<div dir=\"ltr\"><\/div>\n<div dir=\"ltr\"><\/div>\n<div dir=\"ltr\"><\/div>\n<div dir=\"ltr\"><\/div>\n<div dir=\"ltr\"><\/div>\n<div dir=\"ltr\"><\/div>\n<div dir=\"ltr\"><\/div>\n<div dir=\"ltr\"><\/div>\n<div dir=\"ltr\"><\/div>\n<div dir=\"ltr\"><\/div>\n<div dir=\"ltr\"><\/div>\n<div dir=\"ltr\"><\/div>\n<div dir=\"ltr\"><\/div>\n<div dir=\"ltr\"><\/div>\n<div dir=\"ltr\"><a href=\"http:\/\/es.calameo.com\/read\/0008871125715409066fb\" target=\"_blank\" rel=\"noopener noreferrer\"><img loading=\"lazy\" decoding=\"async\" class=\"alignleft\" src=\"https:\/\/sites.google.com\/a\/xtec.cat\/informacions-anicet-de-pages-i-de-puig\/_\/rsrc\/1405328481376\/revista-escolar\/portada%20revista%2013_14.jpg?height=320&amp;width=225\" width=\"225\" height=\"319\" \/><\/a><a href=\"http:\/\/es.calameo.com\/read\/0008871126a34d48ef745\" target=\"_blank\" rel=\"noopener noreferrer\"><img loading=\"lazy\" decoding=\"async\" class=\"alignleft\" src=\"https:\/\/sites.google.com\/a\/xtec.cat\/informacions-anicet-de-pages-i-de-puig\/_\/rsrc\/1378812680785\/revista-escolar\/bombolles%205.jpg?height=344&amp;width=222\" width=\"222\" height=\"309\" \/><\/a><a href=\"http:\/\/es.calameo.com\/read\/000887112de88b085a588\" target=\"_blank\" rel=\"noopener noreferrer\"><img loading=\"lazy\" decoding=\"async\" class=\"alignleft\" src=\"https:\/\/sites.google.com\/a\/xtec.cat\/informacions-anicet-de-pages-i-de-puig\/_\/rsrc\/1378765065281\/revista-escolar\/bombolles%204.jpg?height=697&amp;width=548\" width=\"247\" height=\"314\" \/><\/a><\/div>\n<p>&nbsp;<\/p>\n<div dir=\"ltr\"><\/div>\n<div dir=\"ltr\"><\/div>\n<div dir=\"ltr\"><\/div>\n<div dir=\"ltr\"><\/div>\n<div dir=\"ltr\"><\/div>\n<div dir=\"ltr\"><\/div>\n<div dir=\"ltr\"><\/div>\n<div dir=\"ltr\"><\/div>\n<div dir=\"ltr\"><\/div>\n<div dir=\"ltr\"><\/div>\n<div dir=\"ltr\"><\/div>\n<div dir=\"ltr\"><\/div>\n<div dir=\"ltr\"><\/div>\n<div dir=\"ltr\"><\/div>\n<div dir=\"ltr\"><\/div>\n<div dir=\"ltr\"><\/div>\n<div dir=\"ltr\"><\/div>\n<div dir=\"ltr\"><\/div>\n<div dir=\"ltr\"><\/div>\n<div dir=\"ltr\"><\/div>\n<div dir=\"ltr\"><\/div>\n<div dir=\"ltr\"><\/div>\n<div dir=\"ltr\"><\/div>\n<div dir=\"ltr\"><\/div>\n<div dir=\"ltr\"><\/div>\n<div dir=\"ltr\"><\/div>\n<div dir=\"ltr\"><\/div>\n<div dir=\"ltr\"><\/div>\n<div dir=\"ltr\"><\/div>\n<div dir=\"ltr\"><\/div>\n<div dir=\"ltr\"><\/div>\n<div dir=\"ltr\"><\/div>\n<div dir=\"ltr\"><\/div>\n<div dir=\"ltr\"><\/div>\n<div dir=\"ltr\"><\/div>\n<div dir=\"ltr\"><\/div>\n<div dir=\"ltr\"><\/div>\n<div dir=\"ltr\"><\/div>\n<div dir=\"ltr\"><\/div>\n<div dir=\"ltr\"><\/div>\n<div dir=\"ltr\"><\/div>\n<div dir=\"ltr\"><\/div>\n<div dir=\"ltr\">ENLLA\u00c7OS ALS PDF:<\/div>\n<div dir=\"ltr\"><\/div>\n<div dir=\"ltr\"><strong>2015\/16<\/strong><\/div>\n<div dir=\"ltr\"><a href=\"https:\/\/drive.google.com\/file\/d\/0B7YSj2ePDljeOC1oaWJCX1M4ZVU\/view\" target=\"_blank\" rel=\"noopener noreferrer\">Les Bombolles 8.1<\/a><\/div>\n<div dir=\"ltr\"><a href=\"https:\/\/drive.google.com\/file\/d\/0B7YSj2ePDljeY29SUkVJZ0VJZzQ\/view\" target=\"_blank\" rel=\"noopener noreferrer\">Les Bombolles 8.2<\/a><\/div>\n<div dir=\"ltr\"><a href=\"https:\/\/drive.google.com\/file\/d\/0B7YSj2ePDljeT1Z4eThDMDBiUjQ\/view\" target=\"_blank\" rel=\"noopener noreferrer\">Les Bombolles 8.3<\/a><\/div>\n<div dir=\"ltr\"><\/div>\n<div dir=\"ltr\">\n<div dir=\"ltr\"><strong>2014\/15<\/strong><\/div>\n<div dir=\"ltr\"><a href=\"https:\/\/drive.google.com\/file\/d\/0B7YSj2ePDljecXMzTUdDbEJOODA\/view\" target=\"_blank\" rel=\"noopener noreferrer\">Les Bombolles\u00a07<\/a><\/div>\n<\/div>\n<div dir=\"ltr\"><\/div>\n<div dir=\"ltr\">\n<div dir=\"ltr\"><strong>2013\/14<\/strong><\/div>\n<div dir=\"ltr\"><a href=\"https:\/\/drive.google.com\/file\/d\/0B7YSj2ePDljeWGhWcjN5UkMySXc\/edit\" target=\"_blank\" rel=\"noopener noreferrer\">Les Bombolles\u00a06<\/a><\/div>\n<\/div>\n<div dir=\"ltr\"><\/div>\n<div dir=\"ltr\"><\/div>\n","protected":false},"excerpt":{"rendered":"<p>A partir del curs 2016\/17 &#8220;Les Bombolles&#8221; deixar\u00e0 de publicar-se. Entenem que tota la informaci\u00f3 que hi trobem la podem veure a la web o als blocs de l&#8217;escola. Perdoneu les mol\u00e8sties. &nbsp; ENLLA\u00c7OS ALS PDF: 2015\/16 Les Bombolles 8.1 Les Bombolles 8.2 Les Bombolles 8.3 2014\/15 Les Bombolles\u00a07 2013\/14 Les Bombolles\u00a06<\/p>\n","protected":false},"author":1,"featured_media":0,"parent":66,"menu_order":0,"comment_status":"closed","ping_status":"closed","template":"page-templates\/side-menu.php","meta":{"_bbp_topic_count":0,"_bbp_reply_count":0,"_bbp_total_topic_count":0,"_bbp_total_reply_count":0,"_bbp_voice_count":0,"_bbp_anonymous_reply_count":0,"_bbp_topic_count_hidden":0,"_bbp_reply_count_hidden":0,"_bbp_forum_subforum_count":0,"site-sidebar-layout":"default","site-content-layout":"","ast-site-content-layout":"","site-content-style":"default","site-sidebar-style":"default","ast-global-header-display":"","ast-banner-title-visibility":"","ast-main-header-display":"","ast-hfb-above-header-display":"","ast-hfb-below-header-display":"","ast-hfb-mobile-header-display":"","site-post-title":"","ast-breadcrumbs-content":"","ast-featured-img":"","footer-sml-layout":"","theme-transparent-header-meta":"","adv-header-id-meta":"","stick-header-meta":"","header-above-stick-meta":"","header-main-stick-meta":"","header-below-stick-meta":"","astra-migrate-meta-layouts":"default","ast-page-background-enabled":"default","ast-page-background-meta":{"desktop":{"background-color":"var(--ast-global-color-4)","background-image":"","background-repeat":"repeat","background-position":"center center","background-size":"auto","background-attachment":"scroll","background-type":"","background-media":"","overlay-type":"","overlay-color":"","overlay-opacity":"","overlay-gradient":""},"tablet":{"background-color":"","background-image":"","background-repeat":"repeat","background-position":"center center","background-size":"auto","background-attachment":"scroll","background-type":"","background-media":"","overlay-type":"","overlay-color":"","overlay-opacity":"","overlay-gradient":""},"mobile":{"background-color":"","background-image":"","background-repeat":"repeat","background-position":"center center","background-size":"auto","background-attachment":"scroll","background-type":"","background-media":"","overlay-type":"","overlay-color":"","overlay-opacity":"","overlay-gradient":""}},"ast-content-background-meta":{"desktop":{"background-color":"var(--ast-global-color-5)","background-image":"","background-repeat":"repeat","background-position":"center center","background-size":"auto","background-attachment":"scroll","background-type":"","background-media":"","overlay-type":"","overlay-color":"","overlay-opacity":"","overlay-gradient":""},"tablet":{"background-color":"var(--ast-global-color-5)","background-image":"","background-repeat":"repeat","background-position":"center center","background-size":"auto","background-attachment":"scroll","background-type":"","background-media":"","overlay-type":"","overlay-color":"","overlay-opacity":"","overlay-gradient":""},"mobile":{"background-color":"var(--ast-global-color-5)","background-image":"","background-repeat":"repeat","background-position":"center center","background-size":"auto","background-attachment":"scroll","background-type":"","background-media":"","overlay-type":"","overlay-color":"","overlay-opacity":"","overlay-gradient":""}},"footnotes":""},"class_list":["post-473","page","type-page","status-publish","hentry"],"post_mailing_queue_ids":[],"_links":{"self":[{"href":"https:\/\/agora.xtec.cat\/escolaanicet\/wp-json\/wp\/v2\/pages\/473","targetHints":{"allow":["GET"]}}],"collection":[{"href":"https:\/\/agora.xtec.cat\/escolaanicet\/wp-json\/wp\/v2\/pages"}],"about":[{"href":"https:\/\/agora.xtec.cat\/escolaanicet\/wp-json\/wp\/v2\/types\/page"}],"author":[{"embeddable":true,"href":"https:\/\/agora.xtec.cat\/escolaanicet\/wp-json\/wp\/v2\/users\/1"}],"replies":[{"embeddable":true,"href":"https:\/\/agora.xtec.cat\/escolaanicet\/wp-json\/wp\/v2\/comments?post=473"}],"version-history":[{"count":4,"href":"https:\/\/agora.xtec.cat\/escolaanicet\/wp-json\/wp\/v2\/pages\/473\/revisions"}],"predecessor-version":[{"id":768,"href":"https:\/\/agora.xtec.cat\/escolaanicet\/wp-json\/wp\/v2\/pages\/473\/revisions\/768"}],"up":[{"embeddable":true,"href":"https:\/\/agora.xtec.cat\/escolaanicet\/wp-json\/wp\/v2\/pages\/66"}],"wp:attachment":[{"href":"https:\/\/agora.xtec.cat\/escolaanicet\/wp-json\/wp\/v2\/media?parent=473"}],"curies":[{"name":"wp","href":"https:\/\/api.w.org\/{rel}","templated":true}]}}