{"id":34,"date":"2014-09-18T12:32:18","date_gmt":"2014-09-18T11:32:18","guid":{"rendered":"http:\/\/agora.xtec.cat\/escolaangels\/?page_id=34"},"modified":"2024-09-30T09:24:16","modified_gmt":"2024-09-30T07:24:16","slug":"oferta-educativa","status":"publish","type":"page","link":"https:\/\/agora.xtec.cat\/escolaangels\/lescola\/oferta-educativa\/","title":{"rendered":"Oferta educativa"},"content":{"rendered":"<p><img loading=\"lazy\" decoding=\"async\" class=\"alignleft\" src=\"https:\/\/pbs.twimg.com\/media\/D9lwto2W4AAHfe3?format=jpg&amp;name=medium\" width=\"235\" height=\"176\" \/>A l\u2019escola s\u2019imparteixen les etapes d\u2019educaci\u00f3 infantil (3-6 anys) i educaci\u00f3 prim\u00e0ria (6-12 anys). Hi ha 3 grups a cada curs, a excepci\u00f3 de 3r i 4t de prim\u00e0ria que n\u2019hi ha quatre. Tenim una aula SIEI per donar la millor atenci\u00f3 educativa als alumnes que necessiten aquest recurs. Som a la vora de 740 alumnes i m\u00e9s de 50 educadors (mestres, vetlladors, auxiliars&#8230;)<\/p>\n","protected":false},"excerpt":{"rendered":"<p>A l\u2019escola s\u2019imparteixen les etapes d\u2019educaci\u00f3 infantil (3-6 anys) i educaci\u00f3 prim\u00e0ria (6-12 anys). Hi ha 3 grups a cada curs, a excepci\u00f3 de 3r i 4t de prim\u00e0ria que n\u2019hi ha quatre. Tenim una aula SIEI per donar la millor atenci\u00f3 educativa als alumnes&hellip;  <a href=\"https:\/\/agora.xtec.cat\/escolaangels\/lescola\/oferta-educativa\/\" title=\"Read Oferta educativa\">Llegeix m\u00e9s\u00bb<\/a><\/p>\n","protected":false},"author":1,"featured_media":0,"parent":22,"menu_order":60,"comment_status":"closed","ping_status":"closed","template":"page-templates\/side-menu.php","meta":{"_bbp_topic_count":0,"_bbp_reply_count":0,"_bbp_total_topic_count":0,"_bbp_total_reply_count":0,"_bbp_voice_count":0,"_bbp_anonymous_reply_count":0,"_bbp_topic_count_hidden":0,"_bbp_reply_count_hidden":0,"_bbp_forum_subforum_count":0,"footnotes":""},"class_list":["post-34","page","type-page","status-publish","hentry"],"post_mailing_queue_ids":[],"_links":{"self":[{"href":"https:\/\/agora.xtec.cat\/escolaangels\/wp-json\/wp\/v2\/pages\/34","targetHints":{"allow":["GET"]}}],"collection":[{"href":"https:\/\/agora.xtec.cat\/escolaangels\/wp-json\/wp\/v2\/pages"}],"about":[{"href":"https:\/\/agora.xtec.cat\/escolaangels\/wp-json\/wp\/v2\/types\/page"}],"author":[{"embeddable":true,"href":"https:\/\/agora.xtec.cat\/escolaangels\/wp-json\/wp\/v2\/users\/1"}],"replies":[{"embeddable":true,"href":"https:\/\/agora.xtec.cat\/escolaangels\/wp-json\/wp\/v2\/comments?post=34"}],"version-history":[{"count":4,"href":"https:\/\/agora.xtec.cat\/escolaangels\/wp-json\/wp\/v2\/pages\/34\/revisions"}],"predecessor-version":[{"id":3853,"href":"https:\/\/agora.xtec.cat\/escolaangels\/wp-json\/wp\/v2\/pages\/34\/revisions\/3853"}],"up":[{"embeddable":true,"href":"https:\/\/agora.xtec.cat\/escolaangels\/wp-json\/wp\/v2\/pages\/22"}],"wp:attachment":[{"href":"https:\/\/agora.xtec.cat\/escolaangels\/wp-json\/wp\/v2\/media?parent=34"}],"curies":[{"name":"wp","href":"https:\/\/api.w.org\/{rel}","templated":true}]}}