{"id":1618,"date":"2022-01-10T21:59:18","date_gmt":"2022-01-10T20:59:18","guid":{"rendered":"https:\/\/agora.xtec.cat\/escolaangels\/?page_id=1618"},"modified":"2022-01-31T13:42:03","modified_gmt":"2022-01-31T12:42:03","slug":"projecte-cete","status":"publish","type":"page","link":"https:\/\/agora.xtec.cat\/escolaangels\/projecte-educatiu\/projecte-biblioteca-escolar\/projecte-be\/projecte-cete\/","title":{"rendered":"Projecte CETE"},"content":{"rendered":"<div>\n<p style=\"text-align: left;\">Benvolgudes fam\u00edlies,<br \/>\nLa biblioteca de la nostra escola va ser seleccionada per formar part en un projecte CETE+ Erasmus+. Un total de 6 escoles catalanes participem en aquest gran projecte coordinat pel Microconsorci Biblioteca escolar PuntEdu del Departament d\u2019Educaci\u00f3.<\/p>\n<p style=\"text-align: left;\">El projecte CETE+ (Consorci Europeu per a la Transformaci\u00f3 Educativa) \u00e9s un projecte subvencionat per la Uni\u00f3 Europea amb l&#8217;objectiu de millorar l&#8217;aprenentatge de l&#8217;alumnat i dels centres educatius que hi participem.<\/p>\n<p style=\"text-align: left;\">Des de l\u2019escola estem molt contents i contentes poder formar part d\u2019aquesta nova iniciativa.<br \/>\nEls nens i les nenes de 5\u00e8 han comen\u00e7at a posar fil a l\u2019agulla amb la participaci\u00f3 al Concurs del Logotip d\u2019Erasmus +.<br \/>\nA continuaci\u00f3 us adjuntem les bases per a la seva participaci\u00f3.<br \/>\n\u00c0nims, nois i noies!<\/p>\n<\/div>\n<div><\/div>\n<div><\/div>\n<div>\u00a0 \u00a0 \u00a0 \u00a0 \u00a0 \u00a0<iframe loading=\"lazy\" src=\"https:\/\/drive.google.com\/file\/d\/1s3okXoDjDWgYEaxb7zpbkokJzjbJ5-Wc\/preview\" width=\"640\" height=\"780\"><\/iframe><\/div>\n<div><\/div>\n<div><\/div>\n<p>&nbsp;<\/p>\n","protected":false},"excerpt":{"rendered":"<p>Benvolgudes fam\u00edlies,<br \/>\nLa biblioteca de la nostra escola va ser seleccionada per formar part en un projecte CETE+ Erasmus+. Un total de 6 escoles catalanes participem en aquest gran projecte coordinat pel Microconsorci Biblioteca escolar PuntEdu del Departament d\u2019Educaci\u00f3.<br \/>\nEl projecte CETE+ (Consorci Europeu per a la&hellip;  <a href=\"https:\/\/agora.xtec.cat\/escolaangels\/projecte-educatiu\/projecte-biblioteca-escolar\/projecte-be\/projecte-cete\/\" title=\"Read Projecte CETE\">Llegeix m\u00e9s\u00bb<\/a><\/p>\n","protected":false},"author":1,"featured_media":0,"parent":1031,"menu_order":0,"comment_status":"closed","ping_status":"closed","template":"page-templates\/side-menu.php","meta":{"_bbp_topic_count":0,"_bbp_reply_count":0,"_bbp_total_topic_count":0,"_bbp_total_reply_count":0,"_bbp_voice_count":0,"_bbp_anonymous_reply_count":0,"_bbp_topic_count_hidden":0,"_bbp_reply_count_hidden":0,"_bbp_forum_subforum_count":0,"footnotes":""},"class_list":["post-1618","page","type-page","status-publish","hentry"],"post_mailing_queue_ids":[],"_links":{"self":[{"href":"https:\/\/agora.xtec.cat\/escolaangels\/wp-json\/wp\/v2\/pages\/1618","targetHints":{"allow":["GET"]}}],"collection":[{"href":"https:\/\/agora.xtec.cat\/escolaangels\/wp-json\/wp\/v2\/pages"}],"about":[{"href":"https:\/\/agora.xtec.cat\/escolaangels\/wp-json\/wp\/v2\/types\/page"}],"author":[{"embeddable":true,"href":"https:\/\/agora.xtec.cat\/escolaangels\/wp-json\/wp\/v2\/users\/1"}],"replies":[{"embeddable":true,"href":"https:\/\/agora.xtec.cat\/escolaangels\/wp-json\/wp\/v2\/comments?post=1618"}],"version-history":[{"count":3,"href":"https:\/\/agora.xtec.cat\/escolaangels\/wp-json\/wp\/v2\/pages\/1618\/revisions"}],"predecessor-version":[{"id":1666,"href":"https:\/\/agora.xtec.cat\/escolaangels\/wp-json\/wp\/v2\/pages\/1618\/revisions\/1666"}],"up":[{"embeddable":true,"href":"https:\/\/agora.xtec.cat\/escolaangels\/wp-json\/wp\/v2\/pages\/1031"}],"wp:attachment":[{"href":"https:\/\/agora.xtec.cat\/escolaangels\/wp-json\/wp\/v2\/media?parent=1618"}],"curies":[{"name":"wp","href":"https:\/\/api.w.org\/{rel}","templated":true}]}}

<div>
<p style="text-align: left;">Benvolgudes famílies,<br />
La biblioteca de la nostra escola va ser seleccionada per formar part en un projecte CETE+ Erasmus+. Un total de 6 escoles catalanes participem en aquest gran projecte coordinat pel Microconsorci Biblioteca escolar PuntEdu del Departament d’Educació.</p>
<p style="text-align: left;">El projecte CETE+ (Consorci Europeu per a la Transformació Educativa) és un projecte subvencionat per la Unió Europea amb l&#8217;objectiu de millorar l&#8217;aprenentatge de l&#8217;alumnat i dels centres educatius que hi participem.</p>
<p style="text-align: left;">Des de l’escola estem molt contents i contentes poder formar part d’aquesta nova iniciativa.<br />
Els nens i les nenes de 5è han començat a posar fil a l’agulla amb la participació al Concurs del Logotip d’Erasmus +.<br />
A continuació us adjuntem les bases per a la seva participació.<br />
Ànims, nois i noies!</p>
</div>
<div></div>
<div></div>
<div>           <iframe loading="lazy" src="https://drive.google.com/file/d/1s3okXoDjDWgYEaxb7zpbkokJzjbJ5-Wc/preview" width="640" height="780"></iframe></div>
<div></div>
<div></div>
<p>&nbsp;</p>

<p>Benvolgudes famílies,<br />
La biblioteca de la nostra escola va ser seleccionada per formar part en un projecte CETE+ Erasmus+. Un total de 6 escoles catalanes participem en aquest gran projecte coordinat pel Microconsorci Biblioteca escolar PuntEdu del Departament d’Educació.<br />
El projecte CETE+ (Consorci Europeu per a la&hellip;  <a href="https://agora.xtec.cat/escolaangels/projecte-educatiu/projecte-biblioteca-escolar/projecte-be/projecte-cete/" title="Read Projecte CETE">Llegeix més»</a></p>
