{"id":73,"date":"2014-09-18T14:01:51","date_gmt":"2014-09-18T13:01:51","guid":{"rendered":"http:\/\/agora.xtec.cat\/escolaandersen\/?page_id=73"},"modified":"2024-10-07T17:00:28","modified_gmt":"2024-10-07T15:00:28","slug":"menjador-escolar","status":"publish","type":"page","link":"https:\/\/agora.xtec.cat\/escolaandersen\/serveis\/menjador-escolar\/","title":{"rendered":"Menjador escolar"},"content":{"rendered":"<p dir=\"ltr\">El menjador de l\u2019escola \u00e9s gestionat per l\u2019empresa<a href=\"http:\/\/www.7itria.cat\/\"> 7 i Tria.\u00a0 <\/a>Els men\u00fas s\u2019elaboren amb l\u2019acord de l\u2019empresa i l\u2019escola, de manera que l\u2019Equip Directiu i la Comissi\u00f3 de menjador van vetllant cont\u00ednuament perqu\u00e8 els men\u00fas siguin el m\u00e0xim d\u2019equilibrats i la qualitat dels aliments vagi millorant.<\/p>\n<p dir=\"ltr\">Els \u00e0pats es cuinen \u00edntegrament a la nostra cuina i s\u2019intenta que els productes siguin de proximitat i, sempre que es pugui, ecol\u00f2gics. Els men\u00fas s\u00f3n variats i equilibrats i es procura que tots l&#8217;alumnat mengi tota mena d\u2019aliments i que l\u2019estona de menjador sigui agradable i el m\u00e0xim d\u2019educativa.<\/p>\n<p dir=\"ltr\">L&#8217;equip de cuina i de monitors\/es enguany \u00e9s el seg\u00fcent:<\/p>\n<p><iframe loading=\"lazy\" title=\"YouTube video player\" src=\"https:\/\/drive.google.com\/file\/d\/10kfy5jHvGGffwxMgXC_HMXP6PZG3i_R0\/preview?usp=sharing\" width=\"760\" height=\"515\" frameborder=\"0\" allowfullscreen=\"allowfullscreen\"><span data-mce-type=\"bookmark\" style=\"display: inline-block; width: 0px; overflow: hidden; line-height: 0;\" class=\"mce_SELRES_start\">\ufeff<\/span><span data-mce-type=\"bookmark\" style=\"display: inline-block; width: 0px; overflow: hidden; line-height: 0;\" class=\"mce_SELRES_start\">\ufeff<\/span><span data-mce-type=\"bookmark\" style=\"display: inline-block; width: 0px; overflow: hidden; line-height: 0;\" class=\"mce_SELRES_start\">\ufeff<\/span><span data-mce-type=\"bookmark\" style=\"display: inline-block; width: 0px; overflow: hidden; line-height: 0;\" class=\"mce_SELRES_start\">\ufeff<\/span><span data-mce-type=\"bookmark\" style=\"display: inline-block; width: 0px; overflow: hidden; line-height: 0;\" class=\"mce_SELRES_start\">\ufeff<\/span><\/iframe><\/p>\n","protected":false},"excerpt":{"rendered":"<p>El menjador de l\u2019escola \u00e9s gestionat per l\u2019empresa<a href=\"http:\/\/www.7itria.cat\/\"> 7 i Tria.\u00a0 <\/a>Els men\u00fas s\u2019elaboren amb l\u2019acord de l\u2019empresa i l\u2019escola, de manera que l\u2019Equip Directiu i la Comissi\u00f3 de menjador van vetllant cont\u00ednuament perqu\u00e8 els men\u00fas siguin el m\u00e0xim d\u2019equilibrats i la qualitat dels&hellip;  <a href=\"https:\/\/agora.xtec.cat\/escolaandersen\/serveis\/menjador-escolar\/\" title=\"Read Menjador escolar\">Llegeix m\u00e9s\u00bb<\/a><\/p>\n","protected":false},"author":1,"featured_media":0,"parent":66,"menu_order":30,"comment_status":"closed","ping_status":"closed","template":"page-templates\/side-menu.php","meta":{"_bbp_topic_count":0,"_bbp_reply_count":0,"_bbp_total_topic_count":0,"_bbp_total_reply_count":0,"_bbp_voice_count":0,"_bbp_anonymous_reply_count":0,"_bbp_topic_count_hidden":0,"_bbp_reply_count_hidden":0,"_bbp_forum_subforum_count":0,"footnotes":""},"class_list":["post-73","page","type-page","status-publish","hentry"],"post_mailing_queue_ids":[],"_links":{"self":[{"href":"https:\/\/agora.xtec.cat\/escolaandersen\/wp-json\/wp\/v2\/pages\/73","targetHints":{"allow":["GET"]}}],"collection":[{"href":"https:\/\/agora.xtec.cat\/escolaandersen\/wp-json\/wp\/v2\/pages"}],"about":[{"href":"https:\/\/agora.xtec.cat\/escolaandersen\/wp-json\/wp\/v2\/types\/page"}],"author":[{"embeddable":true,"href":"https:\/\/agora.xtec.cat\/escolaandersen\/wp-json\/wp\/v2\/users\/1"}],"replies":[{"embeddable":true,"href":"https:\/\/agora.xtec.cat\/escolaandersen\/wp-json\/wp\/v2\/comments?post=73"}],"version-history":[{"count":6,"href":"https:\/\/agora.xtec.cat\/escolaandersen\/wp-json\/wp\/v2\/pages\/73\/revisions"}],"predecessor-version":[{"id":1880,"href":"https:\/\/agora.xtec.cat\/escolaandersen\/wp-json\/wp\/v2\/pages\/73\/revisions\/1880"}],"up":[{"embeddable":true,"href":"https:\/\/agora.xtec.cat\/escolaandersen\/wp-json\/wp\/v2\/pages\/66"}],"wp:attachment":[{"href":"https:\/\/agora.xtec.cat\/escolaandersen\/wp-json\/wp\/v2\/media?parent=73"}],"curies":[{"name":"wp","href":"https:\/\/api.w.org\/{rel}","templated":true}]}}

<p dir="ltr">El menjador de l’escola és gestionat per l’empresa<a href="http://www.7itria.cat/"> 7 i Tria.  </a>Els menús s’elaboren amb l’acord de l’empresa i l’escola, de manera que l’Equip Directiu i la Comissió de menjador van vetllant contínuament perquè els menús siguin el màxim d’equilibrats i la qualitat dels aliments vagi millorant.</p>
<p dir="ltr">Els àpats es cuinen íntegrament a la nostra cuina i s’intenta que els productes siguin de proximitat i, sempre que es pugui, ecològics. Els menús són variats i equilibrats i es procura que tots l&#8217;alumnat mengi tota mena d’aliments i que l’estona de menjador sigui agradable i el màxim d’educativa.</p>
<p dir="ltr">L&#8217;equip de cuina i de monitors/es enguany és el següent:</p>
<p><iframe loading="lazy" title="YouTube video player" src="https://drive.google.com/file/d/10kfy5jHvGGffwxMgXC_HMXP6PZG3i_R0/preview?usp=sharing" width="760" height="515" frameborder="0" allowfullscreen="allowfullscreen"><span data-mce-type="bookmark" style="display: inline-block; width: 0px; overflow: hidden; line-height: 0;" class="mce_SELRES_start">﻿</span><span data-mce-type="bookmark" style="display: inline-block; width: 0px; overflow: hidden; line-height: 0;" class="mce_SELRES_start">﻿</span><span data-mce-type="bookmark" style="display: inline-block; width: 0px; overflow: hidden; line-height: 0;" class="mce_SELRES_start">﻿</span><span data-mce-type="bookmark" style="display: inline-block; width: 0px; overflow: hidden; line-height: 0;" class="mce_SELRES_start">﻿</span><span data-mce-type="bookmark" style="display: inline-block; width: 0px; overflow: hidden; line-height: 0;" class="mce_SELRES_start">﻿</span></iframe></p>

<p>El menjador de l’escola és gestionat per l’empresa<a href="http://www.7itria.cat/"> 7 i Tria.  </a>Els menús s’elaboren amb l’acord de l’empresa i l’escola, de manera que l’Equip Directiu i la Comissió de menjador van vetllant contínuament perquè els menús siguin el màxim d’equilibrats i la qualitat dels&hellip;  <a href="https://agora.xtec.cat/escolaandersen/serveis/menjador-escolar/" title="Read Menjador escolar">Llegeix més»</a></p>
