{"id":71,"date":"2014-09-18T12:44:56","date_gmt":"2014-09-18T11:44:56","guid":{"rendered":"http:\/\/agora.xtec.cat\/escolaandersen\/?page_id=71"},"modified":"2025-10-29T06:22:58","modified_gmt":"2025-10-29T05:22:58","slug":"serveis-digitals","status":"publish","type":"page","link":"https:\/\/agora.xtec.cat\/escolaandersen\/serveis\/serveis-digitals\/","title":{"rendered":"Bus Bici"},"content":{"rendered":"<p><span style=\"font-weight: 400;\">Us convidem a formar part de la iniciativa del Bus-bici que es porta a terme a la ciutat de Vic els divendres. Aquesta iniciativa <\/span>pret\u00e9n impulsar l\u2019\u00fas de la bicicleta per anar a l\u2019escola i compta amb el suport d\u2019Osona Bici i Canvis en Cadena, per fomentar un transport sostenible.<\/p>\n<p>L\u2019objectiu \u00e9s animar a tothom a moure\u2019ns per la ciutat d\u2019una manera diferent i sostenible. Tanmateix \u00e9s una activitat que ajuda a reduir l\u2019\u00fas del cotxe i millora la qualitat de vida a la ciutat. Cuidar el medi ambient est\u00e0 a les mans de tots i totes! Us animem a provar-ho!<\/p>\n<p><img decoding=\"async\" class=\"an1\" draggable=\"false\" src=\"https:\/\/fonts.gstatic.com\/s\/e\/notoemoji\/16.0\/1f6b4_200d_2642_fe0f\/72.png\" alt=\"\ud83d\udeb4\u200d\u2642\ufe0f\" data-emoji=\"\ud83d\udeb4\u200d\u2642\ufe0f\" aria-label=\"\ud83d\udeb4\u200d\u2642\ufe0f\" \/>\u00a0*Amb bici a l\u2019escola: aix\u00f2 s\u00ed que mola!*<img decoding=\"async\" class=\"an1\" draggable=\"false\" src=\"https:\/\/fonts.gstatic.com\/s\/e\/notoemoji\/16.0\/1f6b4_200d_2640_fe0f\/72.png\" alt=\"\ud83d\udeb4\u200d\u2640\ufe0f\" data-emoji=\"\ud83d\udeb4\u200d\u2640\ufe0f\" aria-label=\"\ud83d\udeb4\u200d\u2640\ufe0f\" \/><\/p>\n<p>Hem comen\u00e7at el *Busbici* del curs 2025\/26 el *divendres 17 d\u2019octubre* amb dues l\u00ednies i nous horaris que aqu\u00ed us adjuntem.<\/p>\n<p>Recordeu que heu de ser *puntuals* (si no us tocar\u00e0 pedalar fort per atrapar-nos).<\/p>\n<p><img decoding=\"async\" class=\"an1\" draggable=\"false\" src=\"https:\/\/fonts.gstatic.com\/s\/e\/notoemoji\/16.0\/26a0_fe0f\/72.png\" alt=\"\u26a0\ufe0f\" data-emoji=\"\u26a0\ufe0f\" aria-label=\"\u26a0\ufe0f\" \/>\u00a0*Atenci\u00f3*: els menors de 8 anys han de venir acompanyats per adults.<\/p>\n<p><img decoding=\"async\" class=\"an1\" draggable=\"false\" src=\"https:\/\/fonts.gstatic.com\/s\/e\/notoemoji\/16.0\/2139_fe0f\/72.png\" alt=\"\u2139\ufe0f\" data-emoji=\"\u2139\ufe0f\" aria-label=\"\u2139\ufe0f\" \/>\u00a0Per inscriure-us i per si voleu m\u00e9s informaci\u00f3 empleneu el seg\u00fcent formulari i\/o contacteu amb els referents de l\u2019AFA:<\/p>\n<p><a title=\"\" href=\"https:\/\/forms.gle\/edJsWZ3djS2LZwQj9\" target=\"_blank\" rel=\"noopener noreferrer\" data-saferedirecturl=\"https:\/\/www.google.com\/url?q=https:\/\/forms.gle\/edJsWZ3djS2LZwQj9&amp;source=gmail&amp;ust=1761801392259000&amp;usg=AOvVaw1jS_A9l7XilfAliWqv41se\" data-original-title=\"https:\/\/forms.gle\/edJsWZ3djS2LZwQj9\">https:\/\/forms.gle\/<wbr \/>edJsWZ3djS2LZwQj9<\/a><\/p>\n<p>Llu\u00eds Marco (pare d\u2019en Ton de 4t i de la Joana de 2n)<br \/>\nArnau Amat (pare de l\u2019Otger de 3r i de la Queralt de I5)<\/p>\n<p>*A cop de pedal, salut ambiental*\u00a0<img decoding=\"async\" class=\"an1\" draggable=\"false\" src=\"https:\/\/fonts.gstatic.com\/s\/e\/notoemoji\/16.0\/1f30d\/72.png\" alt=\"\ud83c\udf0d\" data-emoji=\"\ud83c\udf0d\" aria-label=\"\ud83c\udf0d\" \/><img decoding=\"async\" class=\"an1\" draggable=\"false\" src=\"https:\/\/fonts.gstatic.com\/s\/e\/notoemoji\/16.0\/1f331\/72.png\" alt=\"\ud83c\udf31\" data-emoji=\"\ud83c\udf31\" aria-label=\"\ud83c\udf31\" \/><img decoding=\"async\" class=\"an1\" draggable=\"false\" src=\"https:\/\/fonts.gstatic.com\/s\/e\/notoemoji\/16.0\/1f6b4_200d_2642_fe0f\/72.png\" alt=\"\ud83d\udeb4\u200d\u2642\ufe0f\" data-emoji=\"\ud83d\udeb4\u200d\u2642\ufe0f\" aria-label=\"\ud83d\udeb4\u200d\u2642\ufe0f\" \/><img decoding=\"async\" class=\"an1\" draggable=\"false\" src=\"https:\/\/fonts.gstatic.com\/s\/e\/notoemoji\/16.0\/1f6b4\/72.png\" alt=\"\ud83d\udeb4\" data-emoji=\"\ud83d\udeb4\" aria-label=\"\ud83d\udeb4\" \/><img decoding=\"async\" class=\"an1\" draggable=\"false\" src=\"https:\/\/fonts.gstatic.com\/s\/e\/notoemoji\/16.0\/1f6b4_200d_2640_fe0f\/72.png\" alt=\"\ud83d\udeb4\u200d\u2640\ufe0f\" data-emoji=\"\ud83d\udeb4\u200d\u2640\ufe0f\" aria-label=\"\ud83d\udeb4\u200d\u2640\ufe0f\" \/><\/p>\n<p><a href=\"https:\/\/agora.xtec.cat\/escolaandersen\/wp-content\/uploads\/usu2380\/2025\/10\/6e943737-4b33-47e7-b2e7-d1635215774b-1.jpg\"><img loading=\"lazy\" decoding=\"async\" class=\"alignnone size-large wp-image-2471\" src=\"https:\/\/agora.xtec.cat\/escolaandersen\/wp-content\/uploads\/usu2380\/2025\/10\/6e943737-4b33-47e7-b2e7-d1635215774b-1-1024x755.jpg\" alt=\"\" width=\"1024\" height=\"755\" srcset=\"https:\/\/agora.xtec.cat\/escolaandersen\/wp-content\/uploads\/usu2380\/2025\/10\/6e943737-4b33-47e7-b2e7-d1635215774b-1-1024x755.jpg 1024w, https:\/\/agora.xtec.cat\/escolaandersen\/wp-content\/uploads\/usu2380\/2025\/10\/6e943737-4b33-47e7-b2e7-d1635215774b-1-300x221.jpg 300w, https:\/\/agora.xtec.cat\/escolaandersen\/wp-content\/uploads\/usu2380\/2025\/10\/6e943737-4b33-47e7-b2e7-d1635215774b-1-768x566.jpg 768w, https:\/\/agora.xtec.cat\/escolaandersen\/wp-content\/uploads\/usu2380\/2025\/10\/6e943737-4b33-47e7-b2e7-d1635215774b-1.jpg 1080w\" sizes=\"auto, (max-width: 1024px) 100vw, 1024px\" \/><\/a><\/p>\n","protected":false},"excerpt":{"rendered":"<p>Us convidem a formar part de la iniciativa del Bus-bici que es porta a terme a la ciutat de Vic els divendres. Aquesta iniciativa pret\u00e9n impulsar l\u2019\u00fas de la bicicleta per anar a l\u2019escola i compta amb el suport d\u2019Osona Bici i Canvis en Cadena,&hellip;  <a href=\"https:\/\/agora.xtec.cat\/escolaandersen\/serveis\/serveis-digitals\/\" title=\"Read Bus Bici\">Llegeix m\u00e9s\u00bb<\/a><\/p>\n","protected":false},"author":1,"featured_media":0,"parent":66,"menu_order":10,"comment_status":"closed","ping_status":"closed","template":"page-templates\/side-menu.php","meta":{"_bbp_topic_count":0,"_bbp_reply_count":0,"_bbp_total_topic_count":0,"_bbp_total_reply_count":0,"_bbp_voice_count":0,"_bbp_anonymous_reply_count":0,"_bbp_topic_count_hidden":0,"_bbp_reply_count_hidden":0,"_bbp_forum_subforum_count":0,"footnotes":""},"class_list":["post-71","page","type-page","status-publish","hentry"],"post_mailing_queue_ids":[],"_links":{"self":[{"href":"https:\/\/agora.xtec.cat\/escolaandersen\/wp-json\/wp\/v2\/pages\/71","targetHints":{"allow":["GET"]}}],"collection":[{"href":"https:\/\/agora.xtec.cat\/escolaandersen\/wp-json\/wp\/v2\/pages"}],"about":[{"href":"https:\/\/agora.xtec.cat\/escolaandersen\/wp-json\/wp\/v2\/types\/page"}],"author":[{"embeddable":true,"href":"https:\/\/agora.xtec.cat\/escolaandersen\/wp-json\/wp\/v2\/users\/1"}],"replies":[{"embeddable":true,"href":"https:\/\/agora.xtec.cat\/escolaandersen\/wp-json\/wp\/v2\/comments?post=71"}],"version-history":[{"count":4,"href":"https:\/\/agora.xtec.cat\/escolaandersen\/wp-json\/wp\/v2\/pages\/71\/revisions"}],"predecessor-version":[{"id":2474,"href":"https:\/\/agora.xtec.cat\/escolaandersen\/wp-json\/wp\/v2\/pages\/71\/revisions\/2474"}],"up":[{"embeddable":true,"href":"https:\/\/agora.xtec.cat\/escolaandersen\/wp-json\/wp\/v2\/pages\/66"}],"wp:attachment":[{"href":"https:\/\/agora.xtec.cat\/escolaandersen\/wp-json\/wp\/v2\/media?parent=71"}],"curies":[{"name":"wp","href":"https:\/\/api.w.org\/{rel}","templated":true}]}}

<p><span style="font-weight: 400;">Us convidem a formar part de la iniciativa del Bus-bici que es porta a terme a la ciutat de Vic els divendres. Aquesta iniciativa </span>pretén impulsar l’ús de la bicicleta per anar a l’escola i compta amb el suport d’Osona Bici i Canvis en Cadena, per fomentar un transport sostenible.</p>
<p>L’objectiu és animar a tothom a moure’ns per la ciutat d’una manera diferent i sostenible. Tanmateix és una activitat que ajuda a reduir l’ús del cotxe i millora la qualitat de vida a la ciutat. Cuidar el medi ambient està a les mans de tots i totes! Us animem a provar-ho!</p>
<p><img decoding="async" class="an1" draggable="false" src="https://fonts.gstatic.com/s/e/notoemoji/16.0/1f6b4_200d_2642_fe0f/72.png" alt="🚴‍♂️" data-emoji="🚴‍♂️" aria-label="🚴‍♂️" /> *Amb bici a l’escola: això sí que mola!*<img decoding="async" class="an1" draggable="false" src="https://fonts.gstatic.com/s/e/notoemoji/16.0/1f6b4_200d_2640_fe0f/72.png" alt="🚴‍♀️" data-emoji="🚴‍♀️" aria-label="🚴‍♀️" /></p>
<p>Hem començat el *Busbici* del curs 2025/26 el *divendres 17 d’octubre* amb dues línies i nous horaris que aquí us adjuntem.</p>
<p>Recordeu que heu de ser *puntuals* (si no us tocarà pedalar fort per atrapar-nos).</p>
<p><img decoding="async" class="an1" draggable="false" src="https://fonts.gstatic.com/s/e/notoemoji/16.0/26a0_fe0f/72.png" alt="⚠️" data-emoji="⚠️" aria-label="⚠️" /> *Atenció*: els menors de 8 anys han de venir acompanyats per adults.</p>
<p><img decoding="async" class="an1" draggable="false" src="https://fonts.gstatic.com/s/e/notoemoji/16.0/2139_fe0f/72.png" alt="ℹ️" data-emoji="ℹ️" aria-label="ℹ️" /> Per inscriure-us i per si voleu més informació empleneu el següent formulari i/o contacteu amb els referents de l’AFA:</p>
<p><a title="" href="https://forms.gle/edJsWZ3djS2LZwQj9" target="_blank" rel="noopener noreferrer" data-saferedirecturl="https://www.google.com/url?q=https://forms.gle/edJsWZ3djS2LZwQj9&amp;source=gmail&amp;ust=1761801392259000&amp;usg=AOvVaw1jS_A9l7XilfAliWqv41se" data-original-title="https://forms.gle/edJsWZ3djS2LZwQj9">https://forms.gle/<wbr />edJsWZ3djS2LZwQj9</a></p>
<p>Lluís Marco (pare d’en Ton de 4t i de la Joana de 2n)<br />
Arnau Amat (pare de l’Otger de 3r i de la Queralt de I5)</p>
<p>*A cop de pedal, salut ambiental* <img decoding="async" class="an1" draggable="false" src="https://fonts.gstatic.com/s/e/notoemoji/16.0/1f30d/72.png" alt="🌍" data-emoji="🌍" aria-label="🌍" /><img decoding="async" class="an1" draggable="false" src="https://fonts.gstatic.com/s/e/notoemoji/16.0/1f331/72.png" alt="🌱" data-emoji="🌱" aria-label="🌱" /><img decoding="async" class="an1" draggable="false" src="https://fonts.gstatic.com/s/e/notoemoji/16.0/1f6b4_200d_2642_fe0f/72.png" alt="🚴‍♂️" data-emoji="🚴‍♂️" aria-label="🚴‍♂️" /><img decoding="async" class="an1" draggable="false" src="https://fonts.gstatic.com/s/e/notoemoji/16.0/1f6b4/72.png" alt="🚴" data-emoji="🚴" aria-label="🚴" /><img decoding="async" class="an1" draggable="false" src="https://fonts.gstatic.com/s/e/notoemoji/16.0/1f6b4_200d_2640_fe0f/72.png" alt="🚴‍♀️" data-emoji="🚴‍♀️" aria-label="🚴‍♀️" /></p>
<p><a href="https://agora.xtec.cat/escolaandersen/wp-content/uploads/usu2380/2025/10/6e943737-4b33-47e7-b2e7-d1635215774b-1.jpg"><img loading="lazy" decoding="async" class="alignnone size-large wp-image-2471" src="https://agora.xtec.cat/escolaandersen/wp-content/uploads/usu2380/2025/10/6e943737-4b33-47e7-b2e7-d1635215774b-1-1024x755.jpg" alt="" width="1024" height="755" srcset="https://agora.xtec.cat/escolaandersen/wp-content/uploads/usu2380/2025/10/6e943737-4b33-47e7-b2e7-d1635215774b-1-1024x755.jpg 1024w, https://agora.xtec.cat/escolaandersen/wp-content/uploads/usu2380/2025/10/6e943737-4b33-47e7-b2e7-d1635215774b-1-300x221.jpg 300w, https://agora.xtec.cat/escolaandersen/wp-content/uploads/usu2380/2025/10/6e943737-4b33-47e7-b2e7-d1635215774b-1-768x566.jpg 768w, https://agora.xtec.cat/escolaandersen/wp-content/uploads/usu2380/2025/10/6e943737-4b33-47e7-b2e7-d1635215774b-1.jpg 1080w" sizes="auto, (max-width: 1024px) 100vw, 1024px" /></a></p>

<p>Us convidem a formar part de la iniciativa del Bus-bici que es porta a terme a la ciutat de Vic els divendres. Aquesta iniciativa pretén impulsar l’ús de la bicicleta per anar a l’escola i compta amb el suport d’Osona Bici i Canvis en Cadena,&hellip;  <a href="https://agora.xtec.cat/escolaandersen/serveis/serveis-digitals/" title="Read Bus Bici">Llegeix més»</a></p>
