{"id":581,"date":"2023-08-01T13:26:20","date_gmt":"2023-08-01T11:26:20","guid":{"rendered":"https:\/\/agora.xtec.cat\/escolaandersen\/?page_id=581"},"modified":"2025-10-01T10:24:10","modified_gmt":"2025-10-01T08:24:10","slug":"qui-som","status":"publish","type":"page","link":"https:\/\/agora.xtec.cat\/escolaandersen\/amics-de-landersen\/qui-som\/","title":{"rendered":"&#8211; Qui som?"},"content":{"rendered":"<p>AMICS DE L\u2019ANDERSEN \u00e9s una associaci\u00f3 que t\u00e9 com a finalitat donar suport al projecte educatiu de l\u2019Escola Andersen, una escola amb una l\u00ednia pedag\u00f2gica que defensa fermament el dret de tots els alumnes a participar en totes les activitats i sortides escolars.<\/p>\n<p>L\u2019associaci\u00f3 va n\u00e9ixer fa m\u00e9s de 10 anys amb la voluntat de contrarestar la tend\u00e8ncia pol\u00edtica, econ\u00f2mica i social a reduir dr\u00e0sticament les beques i ajudes, que sovint nom\u00e9s garanteixen l\u2019escolaritzaci\u00f3 p\u00fablica, per\u00f2 no una educaci\u00f3 p\u00fablica de qualitat. Tenim clar que assegurar la igualtat d\u2019oportunitats \u00e9s essencial per construir una societat justa, i per aix\u00f2 volem contribuir a fer realitat all\u00f2 que estableix l\u2019article 21.1 de l\u2019Estatut de Catalunya:<br \/>\n\u201cTotes les persones tenen dret a una educaci\u00f3 de qualitat i a accedir-hi en condicions d\u2019igualtat. La Generalitat ha d\u2019establir un model educatiu d\u2019inter\u00e8s p\u00fablic que garanteixi aquests drets.\u201d<\/p>\n<p>L\u2019associaci\u00f3 actua de manera independent, per\u00f2 coordinada amb l\u2019AFA i l\u2019escola, i es constitueix com una plataforma de solidaritat i mecenatge. T\u00e9 per objectiu recaptar i gestionar, de forma justa, recursos econ\u00f2mics destinats a garantir la participaci\u00f3 de tot l\u2019alumnat en activitats i sortides escolars.<\/p>\n<p>Els beneficiaris seran sempre els alumnes de l\u2019escola. La destinaci\u00f3 dels recursos recaptats es determinar\u00e0 conjuntament amb l\u2019escola i l\u2019AFA, i comptar\u00e0 amb l\u2019assessorament dels serveis socials de l\u2019Ajuntament de Vic.<\/p>\n<p>&nbsp;<\/p>\n","protected":false},"excerpt":{"rendered":"<p>AMICS DE L\u2019ANDERSEN \u00e9s una associaci\u00f3 que t\u00e9 com a finalitat donar suport al projecte educatiu de l\u2019Escola Andersen, una escola amb una l\u00ednia pedag\u00f2gica que defensa fermament el dret de tots els alumnes a participar en totes les activitats i sortides escolars.<br \/>\nL\u2019associaci\u00f3 va n\u00e9ixer&hellip;  <a href=\"https:\/\/agora.xtec.cat\/escolaandersen\/amics-de-landersen\/qui-som\/\" title=\"Read &#8211; Qui som?\">Llegeix m\u00e9s\u00bb<\/a><\/p>\n","protected":false},"author":1,"featured_media":0,"parent":579,"menu_order":0,"comment_status":"closed","ping_status":"closed","template":"page-templates\/side-menu.php","meta":{"_bbp_topic_count":0,"_bbp_reply_count":0,"_bbp_total_topic_count":0,"_bbp_total_reply_count":0,"_bbp_voice_count":0,"_bbp_anonymous_reply_count":0,"_bbp_topic_count_hidden":0,"_bbp_reply_count_hidden":0,"_bbp_forum_subforum_count":0,"footnotes":""},"class_list":["post-581","page","type-page","status-publish","hentry"],"post_mailing_queue_ids":[],"_links":{"self":[{"href":"https:\/\/agora.xtec.cat\/escolaandersen\/wp-json\/wp\/v2\/pages\/581","targetHints":{"allow":["GET"]}}],"collection":[{"href":"https:\/\/agora.xtec.cat\/escolaandersen\/wp-json\/wp\/v2\/pages"}],"about":[{"href":"https:\/\/agora.xtec.cat\/escolaandersen\/wp-json\/wp\/v2\/types\/page"}],"author":[{"embeddable":true,"href":"https:\/\/agora.xtec.cat\/escolaandersen\/wp-json\/wp\/v2\/users\/1"}],"replies":[{"embeddable":true,"href":"https:\/\/agora.xtec.cat\/escolaandersen\/wp-json\/wp\/v2\/comments?post=581"}],"version-history":[{"count":4,"href":"https:\/\/agora.xtec.cat\/escolaandersen\/wp-json\/wp\/v2\/pages\/581\/revisions"}],"predecessor-version":[{"id":2412,"href":"https:\/\/agora.xtec.cat\/escolaandersen\/wp-json\/wp\/v2\/pages\/581\/revisions\/2412"}],"up":[{"embeddable":true,"href":"https:\/\/agora.xtec.cat\/escolaandersen\/wp-json\/wp\/v2\/pages\/579"}],"wp:attachment":[{"href":"https:\/\/agora.xtec.cat\/escolaandersen\/wp-json\/wp\/v2\/media?parent=581"}],"curies":[{"name":"wp","href":"https:\/\/api.w.org\/{rel}","templated":true}]}}

<p>AMICS DE L’ANDERSEN és una associació que té com a finalitat donar suport al projecte educatiu de l’Escola Andersen, una escola amb una línia pedagògica que defensa fermament el dret de tots els alumnes a participar en totes les activitats i sortides escolars.</p>
<p>L’associació va néixer fa més de 10 anys amb la voluntat de contrarestar la tendència política, econòmica i social a reduir dràsticament les beques i ajudes, que sovint només garanteixen l’escolarització pública, però no una educació pública de qualitat. Tenim clar que assegurar la igualtat d’oportunitats és essencial per construir una societat justa, i per això volem contribuir a fer realitat allò que estableix l’article 21.1 de l’Estatut de Catalunya:<br />
“Totes les persones tenen dret a una educació de qualitat i a accedir-hi en condicions d’igualtat. La Generalitat ha d’establir un model educatiu d’interès públic que garanteixi aquests drets.”</p>
<p>L’associació actua de manera independent, però coordinada amb l’AFA i l’escola, i es constitueix com una plataforma de solidaritat i mecenatge. Té per objectiu recaptar i gestionar, de forma justa, recursos econòmics destinats a garantir la participació de tot l’alumnat en activitats i sortides escolars.</p>
<p>Els beneficiaris seran sempre els alumnes de l’escola. La destinació dels recursos recaptats es determinarà conjuntament amb l’escola i l’AFA, i comptarà amb l’assessorament dels serveis socials de l’Ajuntament de Vic.</p>
<p>&nbsp;</p>

<p>AMICS DE L’ANDERSEN és una associació que té com a finalitat donar suport al projecte educatiu de l’Escola Andersen, una escola amb una línia pedagògica que defensa fermament el dret de tots els alumnes a participar en totes les activitats i sortides escolars.<br />
L’associació va néixer&hellip;  <a href="https://agora.xtec.cat/escolaandersen/amics-de-landersen/qui-som/" title="Read &#8211; Qui som?">Llegeix més»</a></p>
