{"id":579,"date":"2023-08-01T13:25:44","date_gmt":"2023-08-01T11:25:44","guid":{"rendered":"https:\/\/agora.xtec.cat\/escolaandersen\/?page_id=579"},"modified":"2023-10-20T12:22:12","modified_gmt":"2023-10-20T10:22:12","slug":"amics-de-landersen","status":"publish","type":"page","link":"https:\/\/agora.xtec.cat\/escolaandersen\/amics-de-landersen\/","title":{"rendered":"Amics de l&#8217;Andersen"},"content":{"rendered":"<p>AMICS DE L\u2019ANDERSEN \u00e9s una associaci\u00f3 que t\u00e9 com a finalitat donar suport al projecte educatiu de l\u2019escola Andersen, la l\u00ednia pedag\u00f2gica de la qual deixa ben clar que tots l&#8217;alumnat t\u00e9 dret a disposar de llibres i material escolar, i a participar en totes les activitats i sortides.<\/p>\n<p>L\u2019associaci\u00f3 AMICS DE L\u2019ANDERSEN ha nascut amb l\u2019\u00e0nim de contrarestar la tend\u00e8ncia pol\u00edtica, econ\u00f2mica i social actual de reducci\u00f3 dr\u00e0stica de beques i ajudes, que condueixen a garantir nom\u00e9s l\u2019escolaritzaci\u00f3 p\u00fablica, per\u00f2 no l\u2019educaci\u00f3 p\u00fablica de qualitat. Tenim clar que assegurar la igualtat d\u2019oportunitats \u00e9s el puntal per a una societat justa i volem contribuir a aconseguir all\u00f2 que s\u2019expressa en el punt 1 de l\u2019article 21 de\u00a0<strong>l\u2019Estatut de Catalunya: \u201cTotes les persones tenen dret a una educaci\u00f3 de qualitat i a accedir-hi en condicions d\u2019igualtat. La Generalitat ha d\u2019establir un model educatiu d\u2019inter\u00e8s p\u00fablic que garanteixi aquests drets\u201d<\/strong>.<\/p>\n<p>L\u2019associaci\u00f3 pret\u00e9n funcionar, de forma independent de l\u2019AFA i de l\u2019Escola, com a plataforma d\u2019una xarxa de solidaritat i mecenatge, per intentar recaptar i gestionar de forma justa recursos econ\u00f2mics. Els recursos recaptats es destinaran b\u00e0sicament a llibres, material escolar, activitats i sortides. Els beneficiaris seran sempre els i les alumnes de l\u2019escola. La prioritzaci\u00f3 del dest\u00ed dels recursos ser\u00e0 sempre d\u2019acord amb el Consell Escolar i l\u2019AFA, i comptar\u00e0 amb l\u2019assessorament extern dels serveis socials de l\u2019Ajuntament de Vic.<\/p>\n<p style=\"text-align: center;\"><a href=\"https:\/\/agora.xtec.cat\/escolaandersen\/wp-content\/uploads\/usu2380\/2023\/08\/ESTATUTSAMICSANDERSEN.pdf\">ESTATUTSAMICSANDERSEN<\/a><\/p>\n","protected":false},"excerpt":{"rendered":"<p>AMICS DE L\u2019ANDERSEN \u00e9s una associaci\u00f3 que t\u00e9 com a finalitat donar suport al projecte educatiu de l\u2019escola Andersen, la l\u00ednia pedag\u00f2gica de la qual deixa ben clar que tots l&#8217;alumnat t\u00e9 dret a disposar de llibres i material escolar, i a participar en totes&hellip;  <a href=\"https:\/\/agora.xtec.cat\/escolaandersen\/amics-de-landersen\/\" title=\"Read Amics de l&#8217;Andersen\">Llegeix m\u00e9s\u00bb<\/a><\/p>\n","protected":false},"author":1,"featured_media":0,"parent":0,"menu_order":0,"comment_status":"closed","ping_status":"closed","template":"page-templates\/side-menu.php","meta":{"_bbp_topic_count":0,"_bbp_reply_count":0,"_bbp_total_topic_count":0,"_bbp_total_reply_count":0,"_bbp_voice_count":0,"_bbp_anonymous_reply_count":0,"_bbp_topic_count_hidden":0,"_bbp_reply_count_hidden":0,"_bbp_forum_subforum_count":0,"footnotes":""},"class_list":["post-579","page","type-page","status-publish","hentry"],"post_mailing_queue_ids":[],"_links":{"self":[{"href":"https:\/\/agora.xtec.cat\/escolaandersen\/wp-json\/wp\/v2\/pages\/579","targetHints":{"allow":["GET"]}}],"collection":[{"href":"https:\/\/agora.xtec.cat\/escolaandersen\/wp-json\/wp\/v2\/pages"}],"about":[{"href":"https:\/\/agora.xtec.cat\/escolaandersen\/wp-json\/wp\/v2\/types\/page"}],"author":[{"embeddable":true,"href":"https:\/\/agora.xtec.cat\/escolaandersen\/wp-json\/wp\/v2\/users\/1"}],"replies":[{"embeddable":true,"href":"https:\/\/agora.xtec.cat\/escolaandersen\/wp-json\/wp\/v2\/comments?post=579"}],"version-history":[{"count":5,"href":"https:\/\/agora.xtec.cat\/escolaandersen\/wp-json\/wp\/v2\/pages\/579\/revisions"}],"predecessor-version":[{"id":783,"href":"https:\/\/agora.xtec.cat\/escolaandersen\/wp-json\/wp\/v2\/pages\/579\/revisions\/783"}],"wp:attachment":[{"href":"https:\/\/agora.xtec.cat\/escolaandersen\/wp-json\/wp\/v2\/media?parent=579"}],"curies":[{"name":"wp","href":"https:\/\/api.w.org\/{rel}","templated":true}]}}

<p>AMICS DE L’ANDERSEN és una associació que té com a finalitat donar suport al projecte educatiu de l’escola Andersen, la línia pedagògica de la qual deixa ben clar que tots l&#8217;alumnat té dret a disposar de llibres i material escolar, i a participar en totes les activitats i sortides.</p>
<p>L’associació AMICS DE L’ANDERSEN ha nascut amb l’ànim de contrarestar la tendència política, econòmica i social actual de reducció dràstica de beques i ajudes, que condueixen a garantir només l’escolarització pública, però no l’educació pública de qualitat. Tenim clar que assegurar la igualtat d’oportunitats és el puntal per a una societat justa i volem contribuir a aconseguir allò que s’expressa en el punt 1 de l’article 21 de <strong>l’Estatut de Catalunya: “Totes les persones tenen dret a una educació de qualitat i a accedir-hi en condicions d’igualtat. La Generalitat ha d’establir un model educatiu d’interès públic que garanteixi aquests drets”</strong>.</p>
<p>L’associació pretén funcionar, de forma independent de l’AFA i de l’Escola, com a plataforma d’una xarxa de solidaritat i mecenatge, per intentar recaptar i gestionar de forma justa recursos econòmics. Els recursos recaptats es destinaran bàsicament a llibres, material escolar, activitats i sortides. Els beneficiaris seran sempre els i les alumnes de l’escola. La priorització del destí dels recursos serà sempre d’acord amb el Consell Escolar i l’AFA, i comptarà amb l’assessorament extern dels serveis socials de l’Ajuntament de Vic.</p>
<p style="text-align: center;"><a href="https://agora.xtec.cat/escolaandersen/wp-content/uploads/usu2380/2023/08/ESTATUTSAMICSANDERSEN.pdf">ESTATUTSAMICSANDERSEN</a></p>

<p>AMICS DE L’ANDERSEN és una associació que té com a finalitat donar suport al projecte educatiu de l’escola Andersen, la línia pedagògica de la qual deixa ben clar que tots l&#8217;alumnat té dret a disposar de llibres i material escolar, i a participar en totes&hellip;  <a href="https://agora.xtec.cat/escolaandersen/amics-de-landersen/" title="Read Amics de l&#8217;Andersen">Llegeix més»</a></p>
