{"id":569,"date":"2023-08-01T13:24:02","date_gmt":"2023-08-01T11:24:02","guid":{"rendered":"https:\/\/agora.xtec.cat\/escolaandersen\/?page_id=569"},"modified":"2023-11-11T22:16:29","modified_gmt":"2023-11-11T21:16:29","slug":"quota-de-lafa","status":"publish","type":"page","link":"https:\/\/agora.xtec.cat\/escolaandersen\/afa\/quota-de-lafa\/","title":{"rendered":"&#8211; Quota de l&#8217;AFA"},"content":{"rendered":"<p>Us adjuntem un diagrama orientatiu on queda reflectit com es distribueixen els diners que es gestionen des de l\u2019AFA.<\/p>\n<p>Com podeu veure la partida m\u00e9s gran \u00e9s la de llibres. Es garanteix aix\u00ed, que tots l&#8217;alumnat del centre pugui disposar dels llibres i material escolar. Una altra part important es destina a les sortides i a la nataci\u00f3.<\/p>\n<p><a href=\"https:\/\/agora.xtec.cat\/escolaandersen\/wp-content\/uploads\/usu2380\/2023\/11\/partidesafa.png\"><img loading=\"lazy\" decoding=\"async\" class=\"alignnone size-full wp-image-917\" src=\"https:\/\/agora.xtec.cat\/escolaandersen\/wp-content\/uploads\/usu2380\/2023\/11\/partidesafa.png\" alt=\"\" width=\"460\" height=\"443\" srcset=\"https:\/\/agora.xtec.cat\/escolaandersen\/wp-content\/uploads\/usu2380\/2023\/11\/partidesafa.png 460w, https:\/\/agora.xtec.cat\/escolaandersen\/wp-content\/uploads\/usu2380\/2023\/11\/partidesafa-300x289.png 300w\" sizes=\"auto, (max-width: 460px) 100vw, 460px\" \/><\/a><\/p>\n<p>&nbsp;<\/p>\n<p>1) Tots els llibres, fitxes i material escolar.<br \/>\n2) Persona de refor\u00e7.<br \/>\n3) Totes les sortides (autob\u00fas incl\u00f2s), m\u00e9s entrades (Aquarium, Palau de la M\u00fasica\u2026).<br \/>\n4) Cursets de nataci\u00f3.<br \/>\n5) Previsi\u00f3 impagats.<br \/>\n6) 0,7% solidari, imprevistos, etc.<br \/>\n7) Serveis administratius.<br \/>\n8) Descompte a fam\u00edlies nombroses.<\/p>\n","protected":false},"excerpt":{"rendered":"<p>Us adjuntem un diagrama orientatiu on queda reflectit com es distribueixen els diners que es gestionen des de l\u2019AFA.<br \/>\nCom podeu veure la partida m\u00e9s gran \u00e9s la de llibres. Es garanteix aix\u00ed, que tots l&#8217;alumnat del centre pugui disposar dels llibres i material escolar. Una&hellip;  <a href=\"https:\/\/agora.xtec.cat\/escolaandersen\/afa\/quota-de-lafa\/\" title=\"Read &#8211; Quota de l&#8217;AFA\">Llegeix m\u00e9s\u00bb<\/a><\/p>\n","protected":false},"author":1,"featured_media":0,"parent":563,"menu_order":0,"comment_status":"closed","ping_status":"closed","template":"page-templates\/side-menu.php","meta":{"_bbp_topic_count":0,"_bbp_reply_count":0,"_bbp_total_topic_count":0,"_bbp_total_reply_count":0,"_bbp_voice_count":0,"_bbp_anonymous_reply_count":0,"_bbp_topic_count_hidden":0,"_bbp_reply_count_hidden":0,"_bbp_forum_subforum_count":0,"footnotes":""},"class_list":["post-569","page","type-page","status-publish","hentry"],"post_mailing_queue_ids":[],"_links":{"self":[{"href":"https:\/\/agora.xtec.cat\/escolaandersen\/wp-json\/wp\/v2\/pages\/569","targetHints":{"allow":["GET"]}}],"collection":[{"href":"https:\/\/agora.xtec.cat\/escolaandersen\/wp-json\/wp\/v2\/pages"}],"about":[{"href":"https:\/\/agora.xtec.cat\/escolaandersen\/wp-json\/wp\/v2\/types\/page"}],"author":[{"embeddable":true,"href":"https:\/\/agora.xtec.cat\/escolaandersen\/wp-json\/wp\/v2\/users\/1"}],"replies":[{"embeddable":true,"href":"https:\/\/agora.xtec.cat\/escolaandersen\/wp-json\/wp\/v2\/comments?post=569"}],"version-history":[{"count":4,"href":"https:\/\/agora.xtec.cat\/escolaandersen\/wp-json\/wp\/v2\/pages\/569\/revisions"}],"predecessor-version":[{"id":918,"href":"https:\/\/agora.xtec.cat\/escolaandersen\/wp-json\/wp\/v2\/pages\/569\/revisions\/918"}],"up":[{"embeddable":true,"href":"https:\/\/agora.xtec.cat\/escolaandersen\/wp-json\/wp\/v2\/pages\/563"}],"wp:attachment":[{"href":"https:\/\/agora.xtec.cat\/escolaandersen\/wp-json\/wp\/v2\/media?parent=569"}],"curies":[{"name":"wp","href":"https:\/\/api.w.org\/{rel}","templated":true}]}}

<p>Us adjuntem un diagrama orientatiu on queda reflectit com es distribueixen els diners que es gestionen des de l’AFA.</p>
<p>Com podeu veure la partida més gran és la de llibres. Es garanteix així, que tots l&#8217;alumnat del centre pugui disposar dels llibres i material escolar. Una altra part important es destina a les sortides i a la natació.</p>
<p><a href="https://agora.xtec.cat/escolaandersen/wp-content/uploads/usu2380/2023/11/partidesafa.png"><img loading="lazy" decoding="async" class="alignnone size-full wp-image-917" src="https://agora.xtec.cat/escolaandersen/wp-content/uploads/usu2380/2023/11/partidesafa.png" alt="" width="460" height="443" srcset="https://agora.xtec.cat/escolaandersen/wp-content/uploads/usu2380/2023/11/partidesafa.png 460w, https://agora.xtec.cat/escolaandersen/wp-content/uploads/usu2380/2023/11/partidesafa-300x289.png 300w" sizes="auto, (max-width: 460px) 100vw, 460px" /></a></p>
<p>&nbsp;</p>
<p>1) Tots els llibres, fitxes i material escolar.<br />
2) Persona de reforç.<br />
3) Totes les sortides (autobús inclòs), més entrades (Aquarium, Palau de la Música…).<br />
4) Cursets de natació.<br />
5) Previsió impagats.<br />
6) 0,7% solidari, imprevistos, etc.<br />
7) Serveis administratius.<br />
8) Descompte a famílies nombroses.</p>

<p>Us adjuntem un diagrama orientatiu on queda reflectit com es distribueixen els diners que es gestionen des de l’AFA.<br />
Com podeu veure la partida més gran és la de llibres. Es garanteix així, que tots l&#8217;alumnat del centre pugui disposar dels llibres i material escolar. Una&hellip;  <a href="https://agora.xtec.cat/escolaandersen/afa/quota-de-lafa/" title="Read &#8211; Quota de l&#8217;AFA">Llegeix més»</a></p>
