{"id":567,"date":"2023-08-01T13:23:37","date_gmt":"2023-08-01T11:23:37","guid":{"rendered":"https:\/\/agora.xtec.cat\/escolaandersen\/?page_id=567"},"modified":"2023-11-11T22:10:48","modified_gmt":"2023-11-11T21:10:48","slug":"que-fem","status":"publish","type":"page","link":"https:\/\/agora.xtec.cat\/escolaandersen\/afa\/que-fem\/","title":{"rendered":"&#8211; Qu\u00e8 fem?"},"content":{"rendered":"<h4>Activitats de suport econ\u00f2mic i organitzatiu a l\u2019escola:<\/h4>\n<hr \/>\n<p>SORTIDES. L\u2019AFA es fa c\u00e0rrec del que costa portar els infants d\u2019excursi\u00f3, al teatre, a concerts, visites a museus, etc. tant del despla\u00e7ament com de les entrades.<\/p>\n<p>NATACI\u00d3. A partir de I4, tots els infants aprenen a nedar. El que costa aix\u00f2 tamb\u00e9 va a c\u00e0rrec de l\u2019AFA.<\/p>\n<p>PERSONA DE SUPORT. L\u2019AFA cobreix el cost d\u2019un educador social.<\/p>\n<p>TARDES DE JUNY.\u00a0En les tardes de jornada intensiva del juny l\u2019AFA organitza un servei de monitoratge amb activitats adequades a cada edat. Aquest servei nom\u00e9s el paguen les fam\u00edlies que el fan servir.<\/p>\n<p>GESTI\u00d3 DELS LLIBRES I DEL MATERIAL ESCOLAR.\u00a0L\u2019AFA gestiona un sistema\u00a0de reutilitzaci\u00f3 de llibres i optimitzaci\u00f3 de recursos i materials que ens permet abaixar el cost d\u2019aquests conceptes per les fam\u00edlies.<\/p>\n<h4>Activitats l\u00fadiques, formatives i participatives:<\/h4>\n<hr \/>\n<p>MERCAT DE LES 3r. S\u2019organitza un diumenge de tardor, com a cloenda de la setmana que l\u2019escola dedica a treballar temes relacionats amb el medi ambient i el reciclatge. Durant la setmana tothom porta objectes, joguines, contes, etc. que ja no utilitzen, i el diumenge organitzem un mercat, a preus simb\u00f2lics, de tot el material recollit. Els diners obtinguts serveixen per dotar l\u2019escola d\u2019alguna instal\u00b7laci\u00f3 relacionada amb la sostenibilitat (hort, deixalleria, etc).<\/p>\n<p>SORTIDA A LA NATURA. Un diumenge de primavera fem una sortida matinal caminant, per un recorregut apte per a totes les edats, i duem a terme activitats diverses relacionades amb el reconeixement i la cura del nostre entorn.<\/p>\n<p>JORNADA DE MEDI AMBIENT.\u00a0Un diumenge de primavera es fan activitats de manteniment i reparaci\u00f3 de l\u2019entorn de l\u2019escola.<\/p>\n<p>LA FESTA MAJOR DE L\u2019ANDERSEN. Per acabar el curs amb bon peu es fa una gran festa.\u00a0 Cada any mirem que hi hagi coses noves, per\u00f2 no poden faltar els jocs per als petits i els no tan petits, un bon sopar i molta gresca per a tothom amb animaci\u00f3 musical.<\/p>\n<p><strong>ALTRES ACTIVITATS<\/strong>: com a suport al treball de l&#8217;alumnat, sovint l\u2019AFA organitza activitats monogr\u00e0fiques dirigides a les fam\u00edlies, que poden servir per completar els aprenentatges, o perqu\u00e8 aquest alumnat presenti i comparteixi els treballs fets: Nit astron\u00f2mica, sortides d\u2019observaci\u00f3 de la natura, Scratch day, etc.<\/p>\n","protected":false},"excerpt":{"rendered":"<p>Activitats de suport econ\u00f2mic i organitzatiu a l\u2019escola:<\/p>\n<p>SORTIDES. L\u2019AFA es fa c\u00e0rrec del que costa portar els infants d\u2019excursi\u00f3, al teatre, a concerts, visites a museus, etc. tant del despla\u00e7ament com de les entrades.<br \/>\nNATACI\u00d3. A partir de I4, tots els infants aprenen a nedar. El&hellip;  <a href=\"https:\/\/agora.xtec.cat\/escolaandersen\/afa\/que-fem\/\" title=\"Read &#8211; Qu\u00e8 fem?\">Llegeix m\u00e9s\u00bb<\/a><\/p>\n","protected":false},"author":1,"featured_media":0,"parent":563,"menu_order":0,"comment_status":"closed","ping_status":"closed","template":"page-templates\/side-menu.php","meta":{"_bbp_topic_count":0,"_bbp_reply_count":0,"_bbp_total_topic_count":0,"_bbp_total_reply_count":0,"_bbp_voice_count":0,"_bbp_anonymous_reply_count":0,"_bbp_topic_count_hidden":0,"_bbp_reply_count_hidden":0,"_bbp_forum_subforum_count":0,"footnotes":""},"class_list":["post-567","page","type-page","status-publish","hentry"],"post_mailing_queue_ids":[],"_links":{"self":[{"href":"https:\/\/agora.xtec.cat\/escolaandersen\/wp-json\/wp\/v2\/pages\/567","targetHints":{"allow":["GET"]}}],"collection":[{"href":"https:\/\/agora.xtec.cat\/escolaandersen\/wp-json\/wp\/v2\/pages"}],"about":[{"href":"https:\/\/agora.xtec.cat\/escolaandersen\/wp-json\/wp\/v2\/types\/page"}],"author":[{"embeddable":true,"href":"https:\/\/agora.xtec.cat\/escolaandersen\/wp-json\/wp\/v2\/users\/1"}],"replies":[{"embeddable":true,"href":"https:\/\/agora.xtec.cat\/escolaandersen\/wp-json\/wp\/v2\/comments?post=567"}],"version-history":[{"count":4,"href":"https:\/\/agora.xtec.cat\/escolaandersen\/wp-json\/wp\/v2\/pages\/567\/revisions"}],"predecessor-version":[{"id":781,"href":"https:\/\/agora.xtec.cat\/escolaandersen\/wp-json\/wp\/v2\/pages\/567\/revisions\/781"}],"up":[{"embeddable":true,"href":"https:\/\/agora.xtec.cat\/escolaandersen\/wp-json\/wp\/v2\/pages\/563"}],"wp:attachment":[{"href":"https:\/\/agora.xtec.cat\/escolaandersen\/wp-json\/wp\/v2\/media?parent=567"}],"curies":[{"name":"wp","href":"https:\/\/api.w.org\/{rel}","templated":true}]}}

&#8211; Què fem?

<h4>Activitats de suport econòmic i organitzatiu a l’escola:</h4>
<hr />
<p>SORTIDES. L’AFA es fa càrrec del que costa portar els infants d’excursió, al teatre, a concerts, visites a museus, etc. tant del desplaçament com de les entrades.</p>
<p>NATACIÓ. A partir de I4, tots els infants aprenen a nedar. El que costa això també va a càrrec de l’AFA.</p>
<p>PERSONA DE SUPORT. L’AFA cobreix el cost d’un educador social.</p>
<p>TARDES DE JUNY. En les tardes de jornada intensiva del juny l’AFA organitza un servei de monitoratge amb activitats adequades a cada edat. Aquest servei només el paguen les famílies que el fan servir.</p>
<p>GESTIÓ DELS LLIBRES I DEL MATERIAL ESCOLAR. L’AFA gestiona un sistema de reutilització de llibres i optimització de recursos i materials que ens permet abaixar el cost d’aquests conceptes per les famílies.</p>
<h4>Activitats lúdiques, formatives i participatives:</h4>
<hr />
<p>MERCAT DE LES 3r. S’organitza un diumenge de tardor, com a cloenda de la setmana que l’escola dedica a treballar temes relacionats amb el medi ambient i el reciclatge. Durant la setmana tothom porta objectes, joguines, contes, etc. que ja no utilitzen, i el diumenge organitzem un mercat, a preus simbòlics, de tot el material recollit. Els diners obtinguts serveixen per dotar l’escola d’alguna instal·lació relacionada amb la sostenibilitat (hort, deixalleria, etc).</p>
<p>SORTIDA A LA NATURA. Un diumenge de primavera fem una sortida matinal caminant, per un recorregut apte per a totes les edats, i duem a terme activitats diverses relacionades amb el reconeixement i la cura del nostre entorn.</p>
<p>JORNADA DE MEDI AMBIENT. Un diumenge de primavera es fan activitats de manteniment i reparació de l’entorn de l’escola.</p>
<p>LA FESTA MAJOR DE L’ANDERSEN. Per acabar el curs amb bon peu es fa una gran festa.  Cada any mirem que hi hagi coses noves, però no poden faltar els jocs per als petits i els no tan petits, un bon sopar i molta gresca per a tothom amb animació musical.</p>
<p><strong>ALTRES ACTIVITATS</strong>: com a suport al treball de l&#8217;alumnat, sovint l’AFA organitza activitats monogràfiques dirigides a les famílies, que poden servir per completar els aprenentatges, o perquè aquest alumnat presenti i comparteixi els treballs fets: Nit astronòmica, sortides d’observació de la natura, Scratch day, etc.</p>

<p>Activitats de suport econòmic i organitzatiu a l’escola:</p>
<p>SORTIDES. L’AFA es fa càrrec del que costa portar els infants d’excursió, al teatre, a concerts, visites a museus, etc. tant del desplaçament com de les entrades.<br />
NATACIÓ. A partir de I4, tots els infants aprenen a nedar. El&hellip;  <a href="https://agora.xtec.cat/escolaandersen/afa/que-fem/" title="Read &#8211; Què fem?">Llegeix més»</a></p>
