{"id":565,"date":"2023-08-01T13:23:25","date_gmt":"2023-08-01T11:23:25","guid":{"rendered":"https:\/\/agora.xtec.cat\/escolaandersen\/?page_id=565"},"modified":"2023-11-11T22:10:32","modified_gmt":"2023-11-11T21:10:32","slug":"qui-som","status":"publish","type":"page","link":"https:\/\/agora.xtec.cat\/escolaandersen\/afa\/qui-som\/","title":{"rendered":"&#8211; Qui som?"},"content":{"rendered":"<p>L\u2019AFA \u00e9s l\u2019associaci\u00f3 de totes les fam\u00edlies que portem els fills i filles a aquesta escola. La finalitat de l\u2019AFA \u00e9s sobretot, donar suport a les tasques educatives i organitzar activitats que serveixin per apropar-nos i implicar-nos m\u00e9s dins la comunitat educativa.<br \/>\nEl m\u00e0xim \u00f2rgan de l\u2019AFA \u00e9s l\u2019Assemblea General, en qu\u00e8, de manera ordin\u00e0ria, es reuneixen totes les fam\u00edlies de l\u2019escola un cop cada any, a principi del curs. Si conv\u00e9, es convoca de manera extraordin\u00e0ria. El que es fa a l\u2019Assemblea \u00e9s aprovar l\u2019acta del curs anterior, els pressupostos, exposar quins s\u00f3n els objectius que es pretenen assolir i informar de manera general de les activitats previstes per a l\u2019any en curs.<br \/>\nLa Junta \u00e9s l\u2019\u00f2rgan \u201cexecutiu\u201d de l\u2019AFA. Les persones que en formem part ens repartim les diferents \u00e0rees o Comissions.<\/p>\n<p>Les reunions de la junta de l\u2019AFA s\u00f3n obertes a la participaci\u00f3 de tothom que ho desitgi; generalment es fan el primer dimecres de cada mes, a les nou del vespre. Us convidem a participar-hi. Necessitem la vostra col\u00b7laboraci\u00f3, ja sigui participant directament en el funcionament de l\u2019AFA, o fent-nos arribar qualsevol mena de dubte, queixa o suggeriment i, \u00e9s clar, participant en les activitats que s\u2019organitzen.<\/p>\n","protected":false},"excerpt":{"rendered":"<p>L\u2019AFA \u00e9s l\u2019associaci\u00f3 de totes les fam\u00edlies que portem els fills i filles a aquesta escola. La finalitat de l\u2019AFA \u00e9s sobretot, donar suport a les tasques educatives i organitzar activitats que serveixin per apropar-nos i implicar-nos m\u00e9s dins la comunitat educativa.<br \/>\nEl m\u00e0xim \u00f2rgan de&hellip;  <a href=\"https:\/\/agora.xtec.cat\/escolaandersen\/afa\/qui-som\/\" title=\"Read &#8211; Qui som?\">Llegeix m\u00e9s\u00bb<\/a><\/p>\n","protected":false},"author":1,"featured_media":0,"parent":563,"menu_order":0,"comment_status":"closed","ping_status":"closed","template":"page-templates\/side-menu.php","meta":{"_bbp_topic_count":0,"_bbp_reply_count":0,"_bbp_total_topic_count":0,"_bbp_total_reply_count":0,"_bbp_voice_count":0,"_bbp_anonymous_reply_count":0,"_bbp_topic_count_hidden":0,"_bbp_reply_count_hidden":0,"_bbp_forum_subforum_count":0,"footnotes":""},"class_list":["post-565","page","type-page","status-publish","hentry"],"post_mailing_queue_ids":[],"_links":{"self":[{"href":"https:\/\/agora.xtec.cat\/escolaandersen\/wp-json\/wp\/v2\/pages\/565","targetHints":{"allow":["GET"]}}],"collection":[{"href":"https:\/\/agora.xtec.cat\/escolaandersen\/wp-json\/wp\/v2\/pages"}],"about":[{"href":"https:\/\/agora.xtec.cat\/escolaandersen\/wp-json\/wp\/v2\/types\/page"}],"author":[{"embeddable":true,"href":"https:\/\/agora.xtec.cat\/escolaandersen\/wp-json\/wp\/v2\/users\/1"}],"replies":[{"embeddable":true,"href":"https:\/\/agora.xtec.cat\/escolaandersen\/wp-json\/wp\/v2\/comments?post=565"}],"version-history":[{"count":3,"href":"https:\/\/agora.xtec.cat\/escolaandersen\/wp-json\/wp\/v2\/pages\/565\/revisions"}],"predecessor-version":[{"id":778,"href":"https:\/\/agora.xtec.cat\/escolaandersen\/wp-json\/wp\/v2\/pages\/565\/revisions\/778"}],"up":[{"embeddable":true,"href":"https:\/\/agora.xtec.cat\/escolaandersen\/wp-json\/wp\/v2\/pages\/563"}],"wp:attachment":[{"href":"https:\/\/agora.xtec.cat\/escolaandersen\/wp-json\/wp\/v2\/media?parent=565"}],"curies":[{"name":"wp","href":"https:\/\/api.w.org\/{rel}","templated":true}]}}

<p>L’AFA és l’associació de totes les famílies que portem els fills i filles a aquesta escola. La finalitat de l’AFA és sobretot, donar suport a les tasques educatives i organitzar activitats que serveixin per apropar-nos i implicar-nos més dins la comunitat educativa.<br />
El màxim òrgan de l’AFA és l’Assemblea General, en què, de manera ordinària, es reuneixen totes les famílies de l’escola un cop cada any, a principi del curs. Si convé, es convoca de manera extraordinària. El que es fa a l’Assemblea és aprovar l’acta del curs anterior, els pressupostos, exposar quins són els objectius que es pretenen assolir i informar de manera general de les activitats previstes per a l’any en curs.<br />
La Junta és l’òrgan “executiu” de l’AFA. Les persones que en formem part ens repartim les diferents àrees o Comissions.</p>
<p>Les reunions de la junta de l’AFA són obertes a la participació de tothom que ho desitgi; generalment es fan el primer dimecres de cada mes, a les nou del vespre. Us convidem a participar-hi. Necessitem la vostra col·laboració, ja sigui participant directament en el funcionament de l’AFA, o fent-nos arribar qualsevol mena de dubte, queixa o suggeriment i, és clar, participant en les activitats que s’organitzen.</p>

<p>L’AFA és l’associació de totes les famílies que portem els fills i filles a aquesta escola. La finalitat de l’AFA és sobretot, donar suport a les tasques educatives i organitzar activitats que serveixin per apropar-nos i implicar-nos més dins la comunitat educativa.<br />
El màxim òrgan de&hellip;  <a href="https://agora.xtec.cat/escolaandersen/afa/qui-som/" title="Read &#8211; Qui som?">Llegeix més»</a></p>
