{"id":557,"date":"2023-08-01T13:22:05","date_gmt":"2023-08-01T11:22:05","guid":{"rendered":"https:\/\/agora.xtec.cat\/escolaandersen\/?page_id=557"},"modified":"2024-05-23T12:54:58","modified_gmt":"2024-05-23T10:54:58","slug":"treballem-en-xarxa","status":"publish","type":"page","link":"https:\/\/agora.xtec.cat\/escolaandersen\/projectes-i-plans-dinnovacio\/treballem-en-xarxa\/","title":{"rendered":"&#8211; Treballem en xarxa"},"content":{"rendered":"<p><strong>ESPORT A L&#8217;ESCOLA<\/strong><\/p>\n<p>El Pla Catal\u00e0 d\u2019Esport a l\u2019Escola \u00e9s el programa de la Generalitat de Catalunya que t\u00e9 com a objectiu principal posar a l\u2019abast de tot l\u2019alumnat dels centres educatius de Catalunya la pr\u00e0ctica d\u2019activitats f\u00edsiques i esportives fora de l\u2019horari lectiu, per tal de lluitar contra el redu\u00eft \u00edndex de participaci\u00f3 de l\u2019alumnat en l\u2019esport escolar i l\u2019increment dels h\u00e0bits\u00a0sedentaris i de l\u2019obesitat -amb una incid\u00e8ncia preocupant en la poblaci\u00f3 infantil i juvenil i de fomentar la demanda social creixent en mat\u00e8ria de salut i benestar.<\/p>\n<p>Dins del Pla Catal\u00e0 de l\u2019esport, hi ha l\u2019Esport a l\u2019escola, es fa una matinal a quart a nivell comarcal.<\/p>\n<p><strong>PACK DE CULTURA CATALANA<\/strong><\/p>\n<p>L\u2019alumnat de 3r participa en aquest projecte anualment al llarg d\u2019un trimestre. \u00c9s un projecte iniciat per la ciutat de Vic i que ofereix als i les alumnes participants, con\u00e8ixer i acostar-se a algunes de les manifestacions pr\u00f2pies del patrimoni cultural catal\u00e0.<br \/>\nEs tracta de 3 tallers diferents: gegants, sardanes i castells.<\/p>\n<p>Objectius<br \/>\n1. Acostar la cultura i les tradicions catalanes als nens i nenes de tercer.<br \/>\n2. Afavorir el coneixement de la cultura i les tradicions com a element de cohesi\u00f3 i comprom\u00eds amb l\u2019entorn.<br \/>\n3. Donar a con\u00e8ixer algunes de les activitats m\u00e9s genu\u00efnes de la cultura catalana.<br \/>\n4. Practicar en grups els castells, els gegants i les sardanes per tal d\u2019identificar-los i aprendre\u2019ls.<\/p>\n<p><strong>EDUCACI\u00d3 VI\u00c0RIA<\/strong><\/p>\n<p><strong>CONGR\u00c9S DE LA CI\u00c8NCIA A LA UVIC<\/strong><\/p>\n<p><strong>OLIMPIVIC<\/strong><\/p>\n<p>L\u2019Olimpivic \u00e9s una trobada esportiva i l\u00fadica de l\u2019alumnat de 6\u00e8 de prim\u00e0ria de totes les escoles de la ciutat.<\/p>\n<p><strong>CONSISTORI INFANTIL<\/strong><\/p>\n<p>El Consistori Infantil \u00e9s un \u00f2rgan consultiu i participatiu format per representants dels i les alumnes de sis\u00e8 de prim\u00e0ria de les diferents escoles de Vic, amb l\u2019objectiu de donar a con\u00e8ixer la instituci\u00f3 de l\u2019Ajuntament, les seves funcions, la seva organitzaci\u00f3 i el seu funcionament als nens i nenes. La ciutat de Vic compta amb un Consistori Infantil, un \u00f2rgan consultiu i participatiu format per representants de l\u2019alumnat de sis\u00e8 de prim\u00e0ria de totes les escoles de Vic (un representant de cada aula de les escoles de la ciutat).<\/p>\n","protected":false},"excerpt":{"rendered":"<p>ESPORT A L&#8217;ESCOLA<br \/>\nEl Pla Catal\u00e0 d\u2019Esport a l\u2019Escola \u00e9s el programa de la Generalitat de Catalunya que t\u00e9 com a objectiu principal posar a l\u2019abast de tot l\u2019alumnat dels centres educatius de Catalunya la pr\u00e0ctica d\u2019activitats f\u00edsiques i esportives fora de l\u2019horari lectiu, per tal&hellip;  <a href=\"https:\/\/agora.xtec.cat\/escolaandersen\/projectes-i-plans-dinnovacio\/treballem-en-xarxa\/\" title=\"Read &#8211; Treballem en xarxa\">Llegeix m\u00e9s\u00bb<\/a><\/p>\n","protected":false},"author":1,"featured_media":0,"parent":546,"menu_order":0,"comment_status":"closed","ping_status":"closed","template":"","meta":{"_bbp_topic_count":0,"_bbp_reply_count":0,"_bbp_total_topic_count":0,"_bbp_total_reply_count":0,"_bbp_voice_count":0,"_bbp_anonymous_reply_count":0,"_bbp_topic_count_hidden":0,"_bbp_reply_count_hidden":0,"_bbp_forum_subforum_count":0,"footnotes":""},"class_list":["post-557","page","type-page","status-publish","hentry"],"post_mailing_queue_ids":[],"_links":{"self":[{"href":"https:\/\/agora.xtec.cat\/escolaandersen\/wp-json\/wp\/v2\/pages\/557","targetHints":{"allow":["GET"]}}],"collection":[{"href":"https:\/\/agora.xtec.cat\/escolaandersen\/wp-json\/wp\/v2\/pages"}],"about":[{"href":"https:\/\/agora.xtec.cat\/escolaandersen\/wp-json\/wp\/v2\/types\/page"}],"author":[{"embeddable":true,"href":"https:\/\/agora.xtec.cat\/escolaandersen\/wp-json\/wp\/v2\/users\/1"}],"replies":[{"embeddable":true,"href":"https:\/\/agora.xtec.cat\/escolaandersen\/wp-json\/wp\/v2\/comments?post=557"}],"version-history":[{"count":3,"href":"https:\/\/agora.xtec.cat\/escolaandersen\/wp-json\/wp\/v2\/pages\/557\/revisions"}],"predecessor-version":[{"id":704,"href":"https:\/\/agora.xtec.cat\/escolaandersen\/wp-json\/wp\/v2\/pages\/557\/revisions\/704"}],"up":[{"embeddable":true,"href":"https:\/\/agora.xtec.cat\/escolaandersen\/wp-json\/wp\/v2\/pages\/546"}],"wp:attachment":[{"href":"https:\/\/agora.xtec.cat\/escolaandersen\/wp-json\/wp\/v2\/media?parent=557"}],"curies":[{"name":"wp","href":"https:\/\/api.w.org\/{rel}","templated":true}]}}

<p><strong>ESPORT A L&#8217;ESCOLA</strong></p>
<p>El Pla Català d’Esport a l’Escola és el programa de la Generalitat de Catalunya que té com a objectiu principal posar a l’abast de tot l’alumnat dels centres educatius de Catalunya la pràctica d’activitats físiques i esportives fora de l’horari lectiu, per tal de lluitar contra el reduït índex de participació de l’alumnat en l’esport escolar i l’increment dels hàbits sedentaris i de l’obesitat -amb una incidència preocupant en la població infantil i juvenil i de fomentar la demanda social creixent en matèria de salut i benestar.</p>
<p>Dins del Pla Català de l’esport, hi ha l’Esport a l’escola, es fa una matinal a quart a nivell comarcal.</p>
<p><strong>PACK DE CULTURA CATALANA</strong></p>
<p>L’alumnat de 3r participa en aquest projecte anualment al llarg d’un trimestre. És un projecte iniciat per la ciutat de Vic i que ofereix als i les alumnes participants, conèixer i acostar-se a algunes de les manifestacions pròpies del patrimoni cultural català.<br />
Es tracta de 3 tallers diferents: gegants, sardanes i castells.</p>
<p>Objectius<br />
1. Acostar la cultura i les tradicions catalanes als nens i nenes de tercer.<br />
2. Afavorir el coneixement de la cultura i les tradicions com a element de cohesió i compromís amb l’entorn.<br />
3. Donar a conèixer algunes de les activitats més genuïnes de la cultura catalana.<br />
4. Practicar en grups els castells, els gegants i les sardanes per tal d’identificar-los i aprendre’ls.</p>
<p><strong>EDUCACIÓ VIÀRIA</strong></p>
<p><strong>CONGRÉS DE LA CIÈNCIA A LA UVIC</strong></p>
<p><strong>OLIMPIVIC</strong></p>
<p>L’Olimpivic és una trobada esportiva i lúdica de l’alumnat de 6è de primària de totes les escoles de la ciutat.</p>
<p><strong>CONSISTORI INFANTIL</strong></p>
<p>El Consistori Infantil és un òrgan consultiu i participatiu format per representants dels i les alumnes de sisè de primària de les diferents escoles de Vic, amb l’objectiu de donar a conèixer la institució de l’Ajuntament, les seves funcions, la seva organització i el seu funcionament als nens i nenes. La ciutat de Vic compta amb un Consistori Infantil, un òrgan consultiu i participatiu format per representants de l’alumnat de sisè de primària de totes les escoles de Vic (un representant de cada aula de les escoles de la ciutat).</p>

<p>ESPORT A L&#8217;ESCOLA<br />
El Pla Català d’Esport a l’Escola és el programa de la Generalitat de Catalunya que té com a objectiu principal posar a l’abast de tot l’alumnat dels centres educatius de Catalunya la pràctica d’activitats físiques i esportives fora de l’horari lectiu, per tal&hellip;  <a href="https://agora.xtec.cat/escolaandersen/projectes-i-plans-dinnovacio/treballem-en-xarxa/" title="Read &#8211; Treballem en xarxa">Llegeix més»</a></p>
