{"id":554,"date":"2023-08-01T13:21:54","date_gmt":"2023-08-01T11:21:54","guid":{"rendered":"https:\/\/agora.xtec.cat\/escolaandersen\/?page_id=554"},"modified":"2024-05-23T12:39:21","modified_gmt":"2024-05-23T10:39:21","slug":"escola-verda","status":"publish","type":"page","link":"https:\/\/agora.xtec.cat\/escolaandersen\/projectes-i-plans-dinnovacio\/escola-verda\/","title":{"rendered":"&#8211; Escola Verda"},"content":{"rendered":"<p>Com Escola Verda volem innovar, incloure, avan\u00e7ar, sistematitzar i organitzar accions educatives que tinguin la finalitat d&#8217;afrontar, des de l&#8217;educaci\u00f3, els nous reptes i valors de la sostenibilitat.<\/p>\n<p>I, per tant, es plantegen tres grans objectius:<\/p>\n<ul>\n<li>Incorporar els valors de l&#8217;educaci\u00f3 per a la sostenibilitat en tots els \u00e0mbits de la vida del centre (curr\u00edculum, gesti\u00f3, relacions amb l&#8217;entorn, etc.).<\/li>\n<li>Promoure la participaci\u00f3 i la implicaci\u00f3 activa de la comunitat educativa en la millora del seu entorn.<\/li>\n<li>Afavorir l&#8217;intercanvi entre els centres que comparteixen uns mateixos objectius.<\/li>\n<\/ul>\n<p>Aqu\u00ed podeu consultar el <a href=\"https:\/\/agora.xtec.cat\/escolaandersen\/wp-content\/uploads\/usu2380\/2023\/08\/pla-daccio-22-25.docx.pdf\">pla d&#8217;acci\u00f3 22-25.docx<\/a><\/p>\n<p><a href=\"https:\/\/agora.xtec.cat\/escolaandersen\/wp-content\/uploads\/usu2380\/2023\/08\/3.png\"><img loading=\"lazy\" decoding=\"async\" class=\"alignnone size-large wp-image-694\" src=\"https:\/\/agora.xtec.cat\/escolaandersen\/wp-content\/uploads\/usu2380\/2023\/08\/3-724x1024.png\" alt=\"\" width=\"724\" height=\"1024\" srcset=\"https:\/\/agora.xtec.cat\/escolaandersen\/wp-content\/uploads\/usu2380\/2023\/08\/3-724x1024.png 724w, https:\/\/agora.xtec.cat\/escolaandersen\/wp-content\/uploads\/usu2380\/2023\/08\/3-212x300.png 212w, https:\/\/agora.xtec.cat\/escolaandersen\/wp-content\/uploads\/usu2380\/2023\/08\/3-768x1086.png 768w, https:\/\/agora.xtec.cat\/escolaandersen\/wp-content\/uploads\/usu2380\/2023\/08\/3-1086x1536.png 1086w, https:\/\/agora.xtec.cat\/escolaandersen\/wp-content\/uploads\/usu2380\/2023\/08\/3.png 1414w\" sizes=\"auto, (max-width: 724px) 100vw, 724px\" \/><\/a><\/p>\n","protected":false},"excerpt":{"rendered":"<p>Com Escola Verda volem innovar, incloure, avan\u00e7ar, sistematitzar i organitzar accions educatives que tinguin la finalitat d&#8217;afrontar, des de l&#8217;educaci\u00f3, els nous reptes i valors de la sostenibilitat.<br \/>\nI, per tant, es plantegen tres grans objectius:<\/p>\n<ul>\n<li>Incorporar els valors de l&#8217;educaci\u00f3 per a la sostenibilitat en tots&hellip;  <a href=\"https:\/\/agora.xtec.cat\/escolaandersen\/projectes-i-plans-dinnovacio\/escola-verda\/\" title=\"Read &#8211; Escola Verda\">Llegeix m\u00e9s\u00bb<\/a><br \/>\n","protected":false},"author":1,"featured_media":0,"parent":546,"menu_order":0,"comment_status":"closed","ping_status":"closed","template":"","meta":{"_bbp_topic_count":0,"_bbp_reply_count":0,"_bbp_total_topic_count":0,"_bbp_total_reply_count":0,"_bbp_voice_count":0,"_bbp_anonymous_reply_count":0,"_bbp_topic_count_hidden":0,"_bbp_reply_count_hidden":0,"_bbp_forum_subforum_count":0,"footnotes":""},"class_list":["post-554","page","type-page","status-publish","hentry"],"post_mailing_queue_ids":[],"_links":{"self":[{"href":"https:\/\/agora.xtec.cat\/escolaandersen\/wp-json\/wp\/v2\/pages\/554","targetHints":{"allow":["GET"]}}],"collection":[{"href":"https:\/\/agora.xtec.cat\/escolaandersen\/wp-json\/wp\/v2\/pages"}],"about":[{"href":"https:\/\/agora.xtec.cat\/escolaandersen\/wp-json\/wp\/v2\/types\/page"}],"author":[{"embeddable":true,"href":"https:\/\/agora.xtec.cat\/escolaandersen\/wp-json\/wp\/v2\/users\/1"}],"replies":[{"embeddable":true,"href":"https:\/\/agora.xtec.cat\/escolaandersen\/wp-json\/wp\/v2\/comments?post=554"}],"version-history":[{"count":3,"href":"https:\/\/agora.xtec.cat\/escolaandersen\/wp-json\/wp\/v2\/pages\/554\/revisions"}],"predecessor-version":[{"id":695,"href":"https:\/\/agora.xtec.cat\/escolaandersen\/wp-json\/wp\/v2\/pages\/554\/revisions\/695"}],"up":[{"embeddable":true,"href":"https:\/\/agora.xtec.cat\/escolaandersen\/wp-json\/wp\/v2\/pages\/546"}],"wp:attachment":[{"href":"https:\/\/agora.xtec.cat\/escolaandersen\/wp-json\/wp\/v2\/media?parent=554"}],"curies":[{"name":"wp","href":"https:\/\/api.w.org\/{rel}","templated":true}]}}

<p>Com Escola Verda volem innovar, incloure, avançar, sistematitzar i organitzar accions educatives que tinguin la finalitat d&#8217;afrontar, des de l&#8217;educació, els nous reptes i valors de la sostenibilitat.</p>
<p>I, per tant, es plantegen tres grans objectius:</p>
<ul>
<li>Incorporar els valors de l&#8217;educació per a la sostenibilitat en tots els àmbits de la vida del centre (currículum, gestió, relacions amb l&#8217;entorn, etc.).</li>
<li>Promoure la participació i la implicació activa de la comunitat educativa en la millora del seu entorn.</li>
<li>Afavorir l&#8217;intercanvi entre els centres que comparteixen uns mateixos objectius.</li>
</ul>
<p>Aquí podeu consultar el <a href="https://agora.xtec.cat/escolaandersen/wp-content/uploads/usu2380/2023/08/pla-daccio-22-25.docx.pdf">pla d&#8217;acció 22-25.docx</a></p>
<p><a href="https://agora.xtec.cat/escolaandersen/wp-content/uploads/usu2380/2023/08/3.png"><img loading="lazy" decoding="async" class="alignnone size-large wp-image-694" src="https://agora.xtec.cat/escolaandersen/wp-content/uploads/usu2380/2023/08/3-724x1024.png" alt="" width="724" height="1024" srcset="https://agora.xtec.cat/escolaandersen/wp-content/uploads/usu2380/2023/08/3-724x1024.png 724w, https://agora.xtec.cat/escolaandersen/wp-content/uploads/usu2380/2023/08/3-212x300.png 212w, https://agora.xtec.cat/escolaandersen/wp-content/uploads/usu2380/2023/08/3-768x1086.png 768w, https://agora.xtec.cat/escolaandersen/wp-content/uploads/usu2380/2023/08/3-1086x1536.png 1086w, https://agora.xtec.cat/escolaandersen/wp-content/uploads/usu2380/2023/08/3.png 1414w" sizes="auto, (max-width: 724px) 100vw, 724px" /></a></p>

<p>Com Escola Verda volem innovar, incloure, avançar, sistematitzar i organitzar accions educatives que tinguin la finalitat d&#8217;afrontar, des de l&#8217;educació, els nous reptes i valors de la sostenibilitat.<br />
I, per tant, es plantegen tres grans objectius:</p>
<ul>
<li>Incorporar els valors de l&#8217;educació per a la sostenibilitat en tots&hellip;  <a href="https://agora.xtec.cat/escolaandersen/projectes-i-plans-dinnovacio/escola-verda/" title="Read &#8211; Escola Verda">Llegeix més»</a><br />
