{"id":32,"date":"2014-09-18T12:31:33","date_gmt":"2014-09-18T11:31:33","guid":{"rendered":"http:\/\/agora.xtec.cat\/escolaandersen\/?page_id=32"},"modified":"2025-11-26T08:39:43","modified_gmt":"2025-11-26T07:39:43","slug":"calendari-del-curs","status":"publish","type":"page","link":"https:\/\/agora.xtec.cat\/escolaandersen\/lescola\/calendari-del-curs\/","title":{"rendered":"Calendari del curs"},"content":{"rendered":"<h4><strong>Inici de curs:<\/strong><\/h4>\n<p>8 de setembre de 2025<\/p>\n<h4><strong>Vacances:<\/strong><\/h4>\n<p>Del 19 de desembre de 2025 al 8 de gener de 2026\u00a0 (ambd\u00f3s inclosos)<\/p>\n<p>Del 30 de mar\u00e7 al 6 d\u2019abril de 2026 (ambd\u00f3s inclosos)<\/p>\n<p>A partir del 19 de juny de 2026<\/p>\n<p><strong>Dies festius de lliure disposici\u00f3:<\/strong><\/p>\n<p>10 d&#8217;octubre de 2025<\/p>\n<p>3 de novembre de 2025<\/p>\n<p>5 de desembre 2025<\/p>\n<p>16 de febrer 2026<\/p>\n<p>30 d&#8217;abril de 2026<\/p>\n<h4><strong>Dies de festa local:<\/strong><\/h4>\n<p>25 de maig de 2026 (2\u00aa Pasqua)<\/p>\n<p>9 de juny (2a Pasqua)<\/p>\n<h4><strong>Jornada compactada:<\/strong><\/h4>\n<p>19 de desembre de 2025<\/p>\n<p>27 de mar\u00e7 de 2026<\/p>\n<p>Del 8 al 19 de juny de 2026 (ambd\u00f3s inclosos)<\/p>\n<p>L\u2019<b>horari lectiu<\/b> del centre \u00e9s de 8:30h a 12:30 h i de 15:00 a 17h per a tot l&#8217;alumnat del centre. Els infants d&#8217;educaci\u00f3 infantil tenen horari flexible de 8:30h a 8:45h i de 16:45h a 17h.<\/p>\n<p>Per als infants que inicien l\u2019escolaritzaci\u00f3 a I3 s\u2019organitza un breu per\u00edode d\u2019adaptaci\u00f3 que suposa una certa modificaci\u00f3 dels horaris dels primers dies de classe, i que es fa saber a les fam\u00edlies en les reunions pr\u00e8vies corresponents.<\/p>\n<p>El dia 19 de desembre de 2025; l&#8217;11 d&#8217;abril\u00a0 i del 10 al 20 de juny es realitza horari compactat de 9h a 12:30h. (L&#8217;alumnat que utilitza el servei de menjador surt a les 15:00h)<\/p>\n<p><a href=\"https:\/\/drive.google.com\/file\/d\/18201rSr6J8k8orLm2bpbmTsTce-xGWl5\/view?usp=sharing\" target=\"_blank\" rel=\"noopener\">Calendari curs 2025-2026<\/a><\/p>\n<p>&nbsp;<\/p>\n<p>&nbsp;<\/p>\n","protected":false},"excerpt":{"rendered":"<p>Inici de curs:<br \/>\n8 de setembre de 2025<br \/>\nVacances:<br \/>\nDel 19 de desembre de 2025 al 8 de gener de 2026\u00a0 (ambd\u00f3s inclosos)<br \/>\nDel 30 de mar\u00e7 al 6 d\u2019abril de 2026 (ambd\u00f3s inclosos)<br \/>\nA partir del 19 de juny de 2026<br \/>\nDies festius de lliure disposici\u00f3:<br \/>\n10 d&#8217;octubre de 2025<br \/>\n3 de&hellip;  <a href=\"https:\/\/agora.xtec.cat\/escolaandersen\/lescola\/calendari-del-curs\/\" title=\"Read Calendari del curs\">Llegeix m\u00e9s\u00bb<\/a><\/p>\n","protected":false},"author":1,"featured_media":0,"parent":22,"menu_order":50,"comment_status":"closed","ping_status":"closed","template":"page-templates\/side-menu.php","meta":{"_bbp_topic_count":0,"_bbp_reply_count":0,"_bbp_total_topic_count":0,"_bbp_total_reply_count":0,"_bbp_voice_count":0,"_bbp_anonymous_reply_count":0,"_bbp_topic_count_hidden":0,"_bbp_reply_count_hidden":0,"_bbp_forum_subforum_count":0,"footnotes":""},"class_list":["post-32","page","type-page","status-publish","hentry"],"post_mailing_queue_ids":[],"_links":{"self":[{"href":"https:\/\/agora.xtec.cat\/escolaandersen\/wp-json\/wp\/v2\/pages\/32","targetHints":{"allow":["GET"]}}],"collection":[{"href":"https:\/\/agora.xtec.cat\/escolaandersen\/wp-json\/wp\/v2\/pages"}],"about":[{"href":"https:\/\/agora.xtec.cat\/escolaandersen\/wp-json\/wp\/v2\/types\/page"}],"author":[{"embeddable":true,"href":"https:\/\/agora.xtec.cat\/escolaandersen\/wp-json\/wp\/v2\/users\/1"}],"replies":[{"embeddable":true,"href":"https:\/\/agora.xtec.cat\/escolaandersen\/wp-json\/wp\/v2\/comments?post=32"}],"version-history":[{"count":7,"href":"https:\/\/agora.xtec.cat\/escolaandersen\/wp-json\/wp\/v2\/pages\/32\/revisions"}],"predecessor-version":[{"id":2519,"href":"https:\/\/agora.xtec.cat\/escolaandersen\/wp-json\/wp\/v2\/pages\/32\/revisions\/2519"}],"up":[{"embeddable":true,"href":"https:\/\/agora.xtec.cat\/escolaandersen\/wp-json\/wp\/v2\/pages\/22"}],"wp:attachment":[{"href":"https:\/\/agora.xtec.cat\/escolaandersen\/wp-json\/wp\/v2\/media?parent=32"}],"curies":[{"name":"wp","href":"https:\/\/api.w.org\/{rel}","templated":true}]}}

<h4><strong>Inici de curs:</strong></h4>
<p>8 de setembre de 2025</p>
<h4><strong>Vacances:</strong></h4>
<p>Del 19 de desembre de 2025 al 8 de gener de 2026  (ambdós inclosos)</p>
<p>Del 30 de març al 6 d’abril de 2026 (ambdós inclosos)</p>
<p>A partir del 19 de juny de 2026</p>
<p><strong>Dies festius de lliure disposició:</strong></p>
<p>10 d&#8217;octubre de 2025</p>
<p>3 de novembre de 2025</p>
<p>5 de desembre 2025</p>
<p>16 de febrer 2026</p>
<p>30 d&#8217;abril de 2026</p>
<h4><strong>Dies de festa local:</strong></h4>
<p>25 de maig de 2026 (2ª Pasqua)</p>
<p>9 de juny (2a Pasqua)</p>
<h4><strong>Jornada compactada:</strong></h4>
<p>19 de desembre de 2025</p>
<p>27 de març de 2026</p>
<p>Del 8 al 19 de juny de 2026 (ambdós inclosos)</p>
<p>L’<b>horari lectiu</b> del centre és de 8:30h a 12:30 h i de 15:00 a 17h per a tot l&#8217;alumnat del centre. Els infants d&#8217;educació infantil tenen horari flexible de 8:30h a 8:45h i de 16:45h a 17h.</p>
<p>Per als infants que inicien l’escolarització a I3 s’organitza un breu període d’adaptació que suposa una certa modificació dels horaris dels primers dies de classe, i que es fa saber a les famílies en les reunions prèvies corresponents.</p>
<p>El dia 19 de desembre de 2025; l&#8217;11 d&#8217;abril  i del 10 al 20 de juny es realitza horari compactat de 9h a 12:30h. (L&#8217;alumnat que utilitza el servei de menjador surt a les 15:00h)</p>
<p><a href="https://drive.google.com/file/d/18201rSr6J8k8orLm2bpbmTsTce-xGWl5/view?usp=sharing" target="_blank" rel="noopener">Calendari curs 2025-2026</a></p>
<p>&nbsp;</p>
<p>&nbsp;</p>

<p>Inici de curs:<br />
8 de setembre de 2025<br />
Vacances:<br />
Del 19 de desembre de 2025 al 8 de gener de 2026  (ambdós inclosos)<br />
Del 30 de març al 6 d’abril de 2026 (ambdós inclosos)<br />
A partir del 19 de juny de 2026<br />
Dies festius de lliure disposició:<br />
10 d&#8217;octubre de 2025<br />
3 de&hellip;  <a href="https://agora.xtec.cat/escolaandersen/lescola/calendari-del-curs/" title="Read Calendari del curs">Llegeix més»</a></p>
