{"id":26,"date":"2014-09-18T12:24:32","date_gmt":"2014-09-18T11:24:32","guid":{"rendered":"http:\/\/agora.xtec.cat\/escolaandersen\/?page_id=26"},"modified":"2023-05-12T10:24:39","modified_gmt":"2023-05-12T08:24:39","slug":"historia","status":"publish","type":"page","link":"https:\/\/agora.xtec.cat\/escolaandersen\/lescola\/historia\/","title":{"rendered":"Hist\u00f2ria"},"content":{"rendered":"<p>La traject\u00f2ria de l\u2019escola s\u2019inicia l\u2019any\u00a0 1966. L\u2019escola comen\u00e7a com un projecte petit, impulsat per un grup de tres mestres i amb molt pocs alumnes. La seva intenci\u00f3 era oferir una alternativa a l\u2019escola franquista amb una nova oferta per a la ciutat de Vic: una escola mixta, catalana i laica.<\/p>\n<p><a href=\"https:\/\/agora.xtec.cat\/escolaandersen\/wp-content\/uploads\/usu2380\/2023\/05\/edifici-vell-768x512-1.jpg\"><img loading=\"lazy\" decoding=\"async\" class=\"wp-image-505 alignleft\" src=\"https:\/\/agora.xtec.cat\/escolaandersen\/wp-content\/uploads\/usu2380\/2023\/05\/edifici-vell-768x512-1.jpg\" alt=\"\" width=\"281\" height=\"187\" srcset=\"https:\/\/agora.xtec.cat\/escolaandersen\/wp-content\/uploads\/usu2380\/2023\/05\/edifici-vell-768x512-1.jpg 768w, https:\/\/agora.xtec.cat\/escolaandersen\/wp-content\/uploads\/usu2380\/2023\/05\/edifici-vell-768x512-1-300x200.jpg 300w\" sizes=\"auto, (max-width: 281px) 100vw, 281px\" \/><\/a><\/p>\n<p>Quan comen\u00e7a a fer-se gran es converteix en cooperativa i es compren terrenys per construir l\u2019edifici actual que s\u2019inaugura el 1977.<a href=\"https:\/\/agora.xtec.cat\/escolaandersen\/wp-content\/uploads\/usu2380\/2023\/05\/edifici-vell-768x512-1.jpg\"><\/p>\n<p><\/a><\/p>\n<p>Amb l\u2019acabament del franquisme i l&#8217;activaci\u00f3 de l\u2019escola p\u00fablica catalana, l\u2019escola s\u2019adhereix al Col\u00b7lectiu d\u2019Escoles per a l\u2019Escola P\u00fablica Catalana (CEPEPC) amb la intenci\u00f3 d\u2019esdevenir centre de titularitat p\u00fablica.<a href=\"https:\/\/agora.xtec.cat\/escolaandersen\/wp-content\/uploads\/usu2380\/2023\/05\/terrenys-768x512-1.jpg\"><img loading=\"lazy\" decoding=\"async\" class=\"wp-image-507 alignright\" src=\"https:\/\/agora.xtec.cat\/escolaandersen\/wp-content\/uploads\/usu2380\/2023\/05\/terrenys-768x512-1.jpg\" alt=\"\" width=\"282\" height=\"188\" srcset=\"https:\/\/agora.xtec.cat\/escolaandersen\/wp-content\/uploads\/usu2380\/2023\/05\/terrenys-768x512-1.jpg 768w, https:\/\/agora.xtec.cat\/escolaandersen\/wp-content\/uploads\/usu2380\/2023\/05\/terrenys-768x512-1-300x200.jpg 300w\" sizes=\"auto, (max-width: 282px) 100vw, 282px\" \/><\/a><\/p>\n<p>L&#8217;any 1988 s\u2019enceta el primer curs com a escola p\u00fablica, tot integrant els alumnes i mestres de l\u2019Escola Sant Albert que tamb\u00e9 forma part del CEPEPC.<\/p>\n<p>M\u00e9s endavant, l&#8217;any 2000 es completa el proc\u00e9s de la fusi\u00f3 amb l\u2019escola Balmes de Vic. Per tant, es tornen a ampliar les instal\u00b7lacions i augmenta considerablement el nombre d\u2019alumnes i docents.<\/p>\n<p>Des de llavors l\u2019escola ha anat creixent. S\u2019han ampliat espais (aules noves, aula de ci\u00e8ncies, menjador\u2026) s\u2019han fet obres de millora, s\u2019ha ampliat la plantilla de docents, personal administratiu i de serveis i ha augmentat considerablement el nombre de fam\u00edlies que opten per portar els seus fills a l\u2019Andersen.<\/p>\n<p><a href=\"https:\/\/agora.xtec.cat\/escolaandersen\/wp-content\/uploads\/usu2380\/2023\/05\/actual-768x565-1.jpg\"><img loading=\"lazy\" decoding=\"async\" class=\"wp-image-508 alignleft\" src=\"https:\/\/agora.xtec.cat\/escolaandersen\/wp-content\/uploads\/usu2380\/2023\/05\/actual-768x565-1.jpg\" alt=\"\" width=\"329\" height=\"242\" srcset=\"https:\/\/agora.xtec.cat\/escolaandersen\/wp-content\/uploads\/usu2380\/2023\/05\/actual-768x565-1.jpg 768w, https:\/\/agora.xtec.cat\/escolaandersen\/wp-content\/uploads\/usu2380\/2023\/05\/actual-768x565-1-300x221.jpg 300w\" sizes=\"auto, (max-width: 329px) 100vw, 329px\" \/><\/a>Els successius equips directius han treballat i treballen per mantenir la l\u00ednia encetada fa m\u00e9s de 50 anys, adaptant-se a les noves necessitats i tend\u00e8ncies educatives actuals.<\/p>\n","protected":false},"excerpt":{"rendered":"<p>La traject\u00f2ria de l\u2019escola s\u2019inicia l\u2019any\u00a0 1966. L\u2019escola comen\u00e7a com un projecte petit, impulsat per un grup de tres mestres i amb molt pocs alumnes. La seva intenci\u00f3 era oferir una alternativa a l\u2019escola franquista amb una nova oferta per a la ciutat de Vic:&hellip;  <a href=\"https:\/\/agora.xtec.cat\/escolaandersen\/lescola\/historia\/\" title=\"Read Hist\u00f2ria\">Llegeix m\u00e9s\u00bb<\/a><\/p>\n","protected":false},"author":1,"featured_media":0,"parent":22,"menu_order":20,"comment_status":"closed","ping_status":"closed","template":"page-templates\/side-menu.php","meta":{"_bbp_topic_count":0,"_bbp_reply_count":0,"_bbp_total_topic_count":0,"_bbp_total_reply_count":0,"_bbp_voice_count":0,"_bbp_anonymous_reply_count":0,"_bbp_topic_count_hidden":0,"_bbp_reply_count_hidden":0,"_bbp_forum_subforum_count":0,"footnotes":""},"class_list":["post-26","page","type-page","status-publish","hentry"],"post_mailing_queue_ids":[],"_links":{"self":[{"href":"https:\/\/agora.xtec.cat\/escolaandersen\/wp-json\/wp\/v2\/pages\/26","targetHints":{"allow":["GET"]}}],"collection":[{"href":"https:\/\/agora.xtec.cat\/escolaandersen\/wp-json\/wp\/v2\/pages"}],"about":[{"href":"https:\/\/agora.xtec.cat\/escolaandersen\/wp-json\/wp\/v2\/types\/page"}],"author":[{"embeddable":true,"href":"https:\/\/agora.xtec.cat\/escolaandersen\/wp-json\/wp\/v2\/users\/1"}],"replies":[{"embeddable":true,"href":"https:\/\/agora.xtec.cat\/escolaandersen\/wp-json\/wp\/v2\/comments?post=26"}],"version-history":[{"count":2,"href":"https:\/\/agora.xtec.cat\/escolaandersen\/wp-json\/wp\/v2\/pages\/26\/revisions"}],"predecessor-version":[{"id":509,"href":"https:\/\/agora.xtec.cat\/escolaandersen\/wp-json\/wp\/v2\/pages\/26\/revisions\/509"}],"up":[{"embeddable":true,"href":"https:\/\/agora.xtec.cat\/escolaandersen\/wp-json\/wp\/v2\/pages\/22"}],"wp:attachment":[{"href":"https:\/\/agora.xtec.cat\/escolaandersen\/wp-json\/wp\/v2\/media?parent=26"}],"curies":[{"name":"wp","href":"https:\/\/api.w.org\/{rel}","templated":true}]}}

Història

<p>La trajectòria de l’escola s’inicia l’any  1966. L’escola comença com un projecte petit, impulsat per un grup de tres mestres i amb molt pocs alumnes. La seva intenció era oferir una alternativa a l’escola franquista amb una nova oferta per a la ciutat de Vic: una escola mixta, catalana i laica.</p>
<p><a href="https://agora.xtec.cat/escolaandersen/wp-content/uploads/usu2380/2023/05/edifici-vell-768x512-1.jpg"><img loading="lazy" decoding="async" class="wp-image-505 alignleft" src="https://agora.xtec.cat/escolaandersen/wp-content/uploads/usu2380/2023/05/edifici-vell-768x512-1.jpg" alt="" width="281" height="187" srcset="https://agora.xtec.cat/escolaandersen/wp-content/uploads/usu2380/2023/05/edifici-vell-768x512-1.jpg 768w, https://agora.xtec.cat/escolaandersen/wp-content/uploads/usu2380/2023/05/edifici-vell-768x512-1-300x200.jpg 300w" sizes="auto, (max-width: 281px) 100vw, 281px" /></a></p>
<p>Quan comença a fer-se gran es converteix en cooperativa i es compren terrenys per construir l’edifici actual que s’inaugura el 1977.<a href="https://agora.xtec.cat/escolaandersen/wp-content/uploads/usu2380/2023/05/edifici-vell-768x512-1.jpg"></p>
<p></a></p>
<p>Amb l’acabament del franquisme i l&#8217;activació de l’escola pública catalana, l’escola s’adhereix al Col·lectiu d’Escoles per a l’Escola Pública Catalana (CEPEPC) amb la intenció d’esdevenir centre de titularitat pública.<a href="https://agora.xtec.cat/escolaandersen/wp-content/uploads/usu2380/2023/05/terrenys-768x512-1.jpg"><img loading="lazy" decoding="async" class="wp-image-507 alignright" src="https://agora.xtec.cat/escolaandersen/wp-content/uploads/usu2380/2023/05/terrenys-768x512-1.jpg" alt="" width="282" height="188" srcset="https://agora.xtec.cat/escolaandersen/wp-content/uploads/usu2380/2023/05/terrenys-768x512-1.jpg 768w, https://agora.xtec.cat/escolaandersen/wp-content/uploads/usu2380/2023/05/terrenys-768x512-1-300x200.jpg 300w" sizes="auto, (max-width: 282px) 100vw, 282px" /></a></p>
<p>L&#8217;any 1988 s’enceta el primer curs com a escola pública, tot integrant els alumnes i mestres de l’Escola Sant Albert que també forma part del CEPEPC.</p>
<p>Més endavant, l&#8217;any 2000 es completa el procés de la fusió amb l’escola Balmes de Vic. Per tant, es tornen a ampliar les instal·lacions i augmenta considerablement el nombre d’alumnes i docents.</p>
<p>Des de llavors l’escola ha anat creixent. S’han ampliat espais (aules noves, aula de ciències, menjador…) s’han fet obres de millora, s’ha ampliat la plantilla de docents, personal administratiu i de serveis i ha augmentat considerablement el nombre de famílies que opten per portar els seus fills a l’Andersen.</p>
<p><a href="https://agora.xtec.cat/escolaandersen/wp-content/uploads/usu2380/2023/05/actual-768x565-1.jpg"><img loading="lazy" decoding="async" class="wp-image-508 alignleft" src="https://agora.xtec.cat/escolaandersen/wp-content/uploads/usu2380/2023/05/actual-768x565-1.jpg" alt="" width="329" height="242" srcset="https://agora.xtec.cat/escolaandersen/wp-content/uploads/usu2380/2023/05/actual-768x565-1.jpg 768w, https://agora.xtec.cat/escolaandersen/wp-content/uploads/usu2380/2023/05/actual-768x565-1-300x221.jpg 300w" sizes="auto, (max-width: 329px) 100vw, 329px" /></a>Els successius equips directius han treballat i treballen per mantenir la línia encetada fa més de 50 anys, adaptant-se a les noves necessitats i tendències educatives actuals.</p>

<p>La trajectòria de l’escola s’inicia l’any  1966. L’escola comença com un projecte petit, impulsat per un grup de tres mestres i amb molt pocs alumnes. La seva intenció era oferir una alternativa a l’escola franquista amb una nova oferta per a la ciutat de Vic:&hellip;  <a href="https://agora.xtec.cat/escolaandersen/lescola/historia/" title="Read Història">Llegeix més»</a></p>
