{"id":2479,"date":"2025-11-02T15:54:41","date_gmt":"2025-11-02T14:54:41","guid":{"rendered":"https:\/\/agora.xtec.cat\/escolaandersen\/?page_id=2479"},"modified":"2025-11-02T15:54:41","modified_gmt":"2025-11-02T14:54:41","slug":"edc","status":"publish","type":"page","link":"https:\/\/agora.xtec.cat\/escolaandersen\/documents-de-centre\/edc\/","title":{"rendered":"EDC"},"content":{"rendered":"<p><span class=\"C9DxTc \">L\u2019Estrat\u00e8gia Digital de Centre (EDC)<\/span><span class=\"C9DxTc \">\u00a0recull totes les accions que es realitzen a l&#8217;<\/span><a class=\"XqQF9c\" href=\"https:\/\/andersen.cat\/\" target=\"_blank\" rel=\"noopener\"><span class=\"C9DxTc aw5Odc \">Escola Andersen<\/span><\/a><span class=\"C9DxTc \">, i les que es realitzaran a mitj\u00e0 termini, per aconseguir la m\u00e0xima compet\u00e8ncia digital de l\u2019alumnat, del professorat i del centre educatiu. D&#8217;acord amb el\u00a0<\/span><span class=\"C9DxTc \">Pla d\u2019educaci\u00f3 digital de Catalunya (PEDC)<\/span><span class=\"C9DxTc \">, assumim la necessitat d\u2019assolir la fita d\u2019una societat digitalment competent, fent \u00e8mfasi en l\u2019equitat i tenint en compte l\u2019evoluci\u00f3 del context social i tecnol\u00f2gic.\u00a0<\/span><\/p>\n<p><a href=\"https:\/\/sites.google.com\/andersen.cat\/edcescolaandersen\/presentaci%C3%B3-edc\">https:\/\/sites.google.com\/andersen.cat\/edcescolaandersen\/presentaci%C3%B3-edc<\/a><\/p>\n<p>&nbsp;<\/p>\n","protected":false},"excerpt":{"rendered":"<p>L\u2019Estrat\u00e8gia Digital de Centre (EDC)\u00a0recull totes les accions que es realitzen a l&#8217;<a class=\"XqQF9c\" href=\"https:\/\/andersen.cat\/\" target=\"_blank\" rel=\"noopener\">Escola Andersen<\/a>, i les que es realitzaran a mitj\u00e0 termini, per aconseguir la m\u00e0xima compet\u00e8ncia digital de l\u2019alumnat, del professorat i del centre educatiu. D&#8217;acord amb el\u00a0Pla d\u2019educaci\u00f3 digital&hellip;  <a href=\"https:\/\/agora.xtec.cat\/escolaandersen\/documents-de-centre\/edc\/\" title=\"Read EDC\">Llegeix m\u00e9s\u00bb<\/a><\/p>\n","protected":false},"author":7,"featured_media":0,"parent":544,"menu_order":0,"comment_status":"closed","ping_status":"closed","template":"page-templates\/side-menu.php","meta":{"_bbp_topic_count":0,"_bbp_reply_count":0,"_bbp_total_topic_count":0,"_bbp_total_reply_count":0,"_bbp_voice_count":0,"_bbp_anonymous_reply_count":0,"_bbp_topic_count_hidden":0,"_bbp_reply_count_hidden":0,"_bbp_forum_subforum_count":0,"footnotes":""},"class_list":["post-2479","page","type-page","status-publish","hentry"],"post_mailing_queue_ids":[],"_links":{"self":[{"href":"https:\/\/agora.xtec.cat\/escolaandersen\/wp-json\/wp\/v2\/pages\/2479","targetHints":{"allow":["GET"]}}],"collection":[{"href":"https:\/\/agora.xtec.cat\/escolaandersen\/wp-json\/wp\/v2\/pages"}],"about":[{"href":"https:\/\/agora.xtec.cat\/escolaandersen\/wp-json\/wp\/v2\/types\/page"}],"author":[{"embeddable":true,"href":"https:\/\/agora.xtec.cat\/escolaandersen\/wp-json\/wp\/v2\/users\/7"}],"replies":[{"embeddable":true,"href":"https:\/\/agora.xtec.cat\/escolaandersen\/wp-json\/wp\/v2\/comments?post=2479"}],"version-history":[{"count":2,"href":"https:\/\/agora.xtec.cat\/escolaandersen\/wp-json\/wp\/v2\/pages\/2479\/revisions"}],"predecessor-version":[{"id":2481,"href":"https:\/\/agora.xtec.cat\/escolaandersen\/wp-json\/wp\/v2\/pages\/2479\/revisions\/2481"}],"up":[{"embeddable":true,"href":"https:\/\/agora.xtec.cat\/escolaandersen\/wp-json\/wp\/v2\/pages\/544"}],"wp:attachment":[{"href":"https:\/\/agora.xtec.cat\/escolaandersen\/wp-json\/wp\/v2\/media?parent=2479"}],"curies":[{"name":"wp","href":"https:\/\/api.w.org\/{rel}","templated":true}]}}

<p><span class="C9DxTc ">L’Estratègia Digital de Centre (EDC)</span><span class="C9DxTc "> recull totes les accions que es realitzen a l&#8217;</span><a class="XqQF9c" href="https://andersen.cat/" target="_blank" rel="noopener"><span class="C9DxTc aw5Odc ">Escola Andersen</span></a><span class="C9DxTc ">, i les que es realitzaran a mitjà termini, per aconseguir la màxima competència digital de l’alumnat, del professorat i del centre educatiu. D&#8217;acord amb el </span><span class="C9DxTc ">Pla d’educació digital de Catalunya (PEDC)</span><span class="C9DxTc ">, assumim la necessitat d’assolir la fita d’una societat digitalment competent, fent èmfasi en l’equitat i tenint en compte l’evolució del context social i tecnològic. </span></p>
<p><a href="https://sites.google.com/andersen.cat/edcescolaandersen/presentaci%C3%B3-edc">https://sites.google.com/andersen.cat/edcescolaandersen/presentaci%C3%B3-edc</a></p>
<p>&nbsp;</p>

<p>L’Estratègia Digital de Centre (EDC) recull totes les accions que es realitzen a l&#8217;<a class="XqQF9c" href="https://andersen.cat/" target="_blank" rel="noopener">Escola Andersen</a>, i les que es realitzaran a mitjà termini, per aconseguir la màxima competència digital de l’alumnat, del professorat i del centre educatiu. D&#8217;acord amb el Pla d’educació digital&hellip;  <a href="https://agora.xtec.cat/escolaandersen/documents-de-centre/edc/" title="Read EDC">Llegeix més»</a></p>
